{"id":10,"date":"2015-04-08T11:14:27","date_gmt":"2015-04-08T09:14:27","guid":{"rendered":"http:\/\/people.unipi.it\/cloner\/?page_id=10"},"modified":"2025-12-13T08:13:58","modified_gmt":"2025-12-13T07:13:58","slug":"ricerca","status":"publish","type":"page","link":"https:\/\/people.unipi.it\/simone_marinai\/ricerca\/","title":{"rendered":"Ricerca"},"content":{"rendered":"<ul>\n<li>PRIN 2001, Confine orientale e rapporti di vicinato dell\u2019Italia dopo la dissoluzione della Iugoslavia. Coordinatore: Prof. N. Ronzitti (LUISS); altre Unit\u00e0 di ricerca: Universit\u00e0 di Pisa (resp. Prof. Calamia), Universit\u00e0 degli Studi di Modena e Reggio Emilia (resp. Prof. Gestri), Universit\u00e0 degli Studi di Milano (resp. Prof.ssa Lupone). Risultati della ricerca pubblicati in Ronzitti (a cura di), I rapporti di vicinato dell\u2019Italia con Croazia, Serbia-Montenegro e Slovenia, LUP-Giuffr\u00e8, 2005, pp. 379-413;<\/li>\n<li>PRIN 2002, Crimini internazionali e \u201ctransitional justice\u201d. Coordinatore: Prof. P. Benvenuti e poi Prof. A. Cassese (Universit\u00e0 degli Studi di Firenze); altre Unit\u00e0 di ricerca: Universit\u00e0 di Pisa (resp. Prof. Calamia). Risultati della ricerca pubblicati nella rivista Diritto Pubblico Comparato ed Europeo, 2007, pp. 165-185;<\/li>\n<li>PRIN 2004, Patrimonio pubblico: prospettive nazionali e internazionali. Gestione, valorizzazione, limiti alla circolazione, dismissione. Coordinatrice: Prof.ssa G. Colombini; altre Unit\u00e0 di ricerca: Universit\u00e0 degli Studi di Roma \u201cTor Vergata\u201d (resp. Prof. Police), Lib. Univ. Studi \u201cS. Pio V\u201d Roma (resp. Prof. Zaccaria). Risultati della ricerca pubblicati in Colombini (a cura di), La nozione flessibile di propriet\u00e0 pubblica. Spunti di riflessione di diritto interno ed internazionale, Giuffr\u00e8, 2008, pp. 527-594;<\/li>\n<li>2005-2006: Hacia la supresi\u00f3n del exequ\u00e1tur en el espacio judicial europeo: el t\u00edtulo ejecutivo europeo (JLS\/2005\/FPC\/017). Progetto di cooperazione universitaria finanziato dalla Commissione europea nel Programma europeo su Cooperazione giudiziaria in materia civile (2002-2006). Coordinato da Univ. Siviglia; altre Unit\u00e0 di ricerca: Univ. Pisa, Univ. Tecnica Lisbona, Univ. Helsinki, Univ. Aarhus. Risultati pubblicati in Campuzano D\u00edaz (et al.), Hacia la supresi\u00f3n del exequ\u00e1tur en el espacio judicial europeo: el t\u00edtulo esecutivo europeo, Sevilla, 2006, pp. 131-143;<\/li>\n<li>2007-2008: Hacia un derecho conflictual europeo (JLS\/2006\/FPC\/24). Progetto di cooperazione universitaria finanziato dalla Commissione europea nel Programma europeo su Cooperazione giudiziaria in materia civile (2002-2006). Coordinato da Univ. Siviglia; altre Unit\u00e0 di ricerca: Univ. Pisa, Univ. Tecnica Lisbona, Univ. Aarhus, Univ. Malta. Risultati pubblicati in Campuzano D\u00edaz (et al.), Hacia un derecho conflictual europo: realizaciones y perspectivas, Sevilla, 2008, pp. 181-193;<\/li>\n<li>2009-2010: Le organizzazioni regionali tra modello comunitario e metodo intergovernativo: i casi dell\u2019Unione europea e del Mercosur. Progetto di ricerca finanziato dall\u2019Universit\u00e0 di Pisa nell\u2019ambito delle azioni di sostegno alla cooperazione accademica internazionale. Coordinato da Univ. Pisa; altra Unit\u00e0 di ricerca: Universidad del Salvador di Buenos Aires (Argentina). Risultati pubblicati in Di Filippo (a cura di), Organizzazioni regionali, modello sovranazionale e metodo intergovernativo: i casi dell\u2019Unione europea e del Mercosur (etc.), Giappichelli, 2012, pp. 1-37;<\/li>\n<li>2010-2011: The New Civil Procedure Law of the EU (JLS\/2008\/JCIV\/AG1073). Progetto di cooperazione universitaria finanziato dalla Commissione europea nel Programma europeo \u201cCivil Justice\u201d (2007-2013). Coordinato da Univ. Siviglia; altre Unit\u00e0 di ricerca: Univ. Pisa, Univ. Lione, Univ. Malta, Univ. Jagiellonian di Cracovia. Risultati esposti nel seminario tenuto a Sevilla (21-22 ottobre 2010) \u201cCuestiones pr\u00e1cticas en el Espacio Judicial Europeo: familia, sucesiones, insolvencia y tramitaci\u00f3n procesal\u201d;<\/li>\n<li>PRIN 2008, Diritto del mare e nuovi interessi della comunit\u00e0 internazionale. Coordinatrice: Prof.ssa Del Vecchio (LUISS); altre Unit\u00e0 di ricerca: Univ. Sannio, Univ. Pisa, Univ. Roma \u201cTor Vergata\u201d, Seconda Univ. Napoli. Risultati esposti nel seminario tenuto a Santa Maria Salina, Messina (29-30 settembre 2011), \u201cDiritto del mare e nuovi interessi della comunit\u00e0 internazionale\u201d e raccolti in Del Vecchio (ed.), International Law of the Sea: Current Trends and Controversial Issues, Eleven International Publishing, 2013, pp. 29-58;<\/li>\n<li>2014-2016, Responsabile dell\u2019Unit\u00e0 di ricerca del Dipartimento di Giurisprudenza dell\u2019Universit\u00e0 di Pisa nell\u2019ambito del Progetto promosso dall\u2019Universit\u00e0 di Siviglia e finanziato dal Ministerio de Econom\u00eda y Competitividad spagnolo sul tema \u201cLa Implementaci\u00f3n de los Principios Rectores de las Naciones Unidas sobre Empresas y Derechos Humanos por la Uni\u00f3n Europea y sus Estados Miembros\u201d, (Plan Estatal 2013-2016 Excelencia, Ref. DER2013-41956-P). Responsabili del progetto: Prof. Inmaculada Vivas Tes\u00f3n e Prof. Mar\u00eda del Carmen M\u00e1rquez Carrasco;<\/li>\n<li>2015-2016: PRA 2016, L\u2019abuso del diritto nell\u2019UE: principi, giurisprudenza e regole, tra livello europeo e diritto statale, Progetto di ricerca d\u2019Ateneo finanziato dall\u2019Universit\u00e0 di Pisa, Responsabile scientifico: Prof. Calamia. Risultati esposti nella Convegno \u201cL\u2019abuso del diritto nell\u2019ordinamento dell\u2019Unione europea: principi, giurisprudenza e regole, tra livello europeo e diritto statale\u201d tenuto presso l\u2019Universit\u00e0 di Pisa in data 16 febbraio 2017 e pubblicati nella rivista <em style=\"font-size: inherit\">Il Diritto dell\u2019Unione europea<\/em><span style=\"font-size: inherit\">, 2017, pp. 485-529;<\/span><\/li>\n<li>2018-2020: PRA 2018-2019, Diritto senza politica. Le forme della produzione giuridica nell\u2019epoca transnazionale, Progetto di ricerca d\u2019Ateneo finanziato dall\u2019Universit\u00e0 di Pisa, Responsabile scientifico: Prof. Tarchi. Risultati esposti nei seminari tenuti presso l\u2019Universit\u00e0 di Pisa in data 16 maggio 2019 sul tema \u201cL\u2019Unione europea e le violazioni della <em style=\"font-size: inherit\">rule of law<\/em><span style=\"font-size: inherit\">: strumenti di controllo politico e rimedi giurisdizionali a confronto\u201d ed in data 27 novembre 2020 sul tema \u201cLa (in)visibilit\u00e0 della produzione normativa in ambito internazionale e sovranazionale\u201d; la ricerca ha condotto a pubblicazioni nelle seguenti riviste di fascia A: <\/span><em style=\"font-size: inherit\">Lo Stato<\/em><span style=\"font-size: inherit\">, 2020, p. 389-405; <\/span><em style=\"font-size: inherit\">Studi sull\u2019integrazione europea<\/em><span style=\"font-size: inherit\">, 2020, pp. 69-88; <\/span><em style=\"font-size: inherit\">Ordine internazionale e diritti umani<\/em><span style=\"font-size: inherit\">, 2021, pp. 63-81;<\/span><\/li>\n<li>2018-2020: Responsabile scientifico, per conto del Dipartimento di Giurisprudenza dell\u2019Universit\u00e0 di Pisa, della ricerca condotta nell\u2019ambito della Convenzione dallo stesso Dipartimento stipulata con l\u2019Istituto Nazionale di Fisica Nucleare in data 31 luglio 2018 \u201cper attivit\u00e0 di studio e consulenza conto terzi nell\u2019ambito del progetto KM3NET-ITALIA\u201d. In particolare, obiettivo della ricerca era quello di studiare i profili di diritto internazionale e dell\u2019Unione europea attinenti alla gestione, all\u2019utilizzo ed allo sfruttamento degli spazi marittimi internazionali interessati dall\u2019infrastruttura, in corso di costruzione a largo di Capo Passero (SR), che ospita un osservatorio sottomarino per la rivelazione di neutrini astrofisici e ricerche multidisciplinari nell\u2019ambito della collaborazione internazionale di ricerca denominata KM3NeT e condotta anche mediante finanziamenti europei. I risultati interinali della ricerca sono stati discussi nell\u2019ambito del workshop \u201cLegal aspects of INFN-LNS Subsea Research Infrastructure off the Sicilian Coast\u201d, organizzato sotto la direzione scientifica del sottoscritto presso la sede di INFN Laboratori Nazionali del Sud di Catania in data 6 settembre 2019;<\/li>\n<li>membro del gruppo di ricerca del Centro di Eccellenza Jean Monnet <em style=\"font-size: inherit\">Immigraci\u00f3n y Derechos Humanos en las Fronteras Exteriores Europeas<\/em><span style=\"font-size: inherit\"> dell\u2019Universidad de C\u00e1diz (Spagna) sul tema \u201cMigration and Human Rights in Europe\u2019s Southern External Borders\u201d, finanziata dalla Commissione europea per il periodo 2017-2021 (Decisione n. 2017 \u2013 2256\/001, n. 587177-EPP-1-2017-1-ES-EPPJMO-CoE);<\/span><\/li>\n<li>dal 1\u00b0 Maggio 2020: collaboratore del gruppo di ricerca \u201cCentros de Estudios Internacionales y Europeos del \u00c1rea del Estrecho\u201d della Facultad de Derecho de la Universidad de C\u00e1diz (Spagna);<\/li>\n<li>2021-2024: membro del gruppo di ricerca coordinato dall\u2019Universidad de Cadiz (Spagna) nell\u2019ambito del \u201cProyecto de I+D+i\u201d finanziato dal Ministero della Scienza e dell\u2019Innovazione spagnolo sul tema \u201cInmigraci\u00f3n mar\u00edtima, estrategias de seguridad y protecci\u00f3n de valores europeos en la region del Estrecho de Gibraltar\u201d (PID2020-114923RB-I00);<\/li>\n<li>2022-2024: PRA 2022-2023_68, Morte, Discendenza, Eredit\u00e0. Una storia umana tra natura, cultura e diritto, Progetto di ricerca d\u2019Ateneo finanziato dall\u2019Universit\u00e0 di Pisa (delibera CdA del 23.9.2022), Responsabile scientifico: Prof. Cassarino;<\/li>\n<li>2023: membro del gruppo di ricerca (di cui \u00e8 stato responsabile il dott. Della Pia) finanziato sul tema \u201cOccupational health in the EU: an interdisciplinary analysis of health inequities within the labour market\u201d nell\u2019ambito del \u201cSeed Funding Scheme\u201d del Circle U. AISBL (Alleanza universitaria europea tra l\u2019Universit\u00e0 di Aarhus, l\u2019Universit\u00e0 di Belgrado, l\u2019Universit\u00e0 Humboldt di Berlino, il King\u2019s College di Londra, l\u2019Universit\u00e0 di Louvain, l\u2019Universit\u00e0 di Oslo, l\u2019Universit\u00e0 Paris Cit\u00e9, l\u2019Universit\u00e0 di Pisa e l\u2019Universit\u00e0 di Vienna);<\/li>\n<li>2024-2027: membro del Key Teaching Staff del Modulo Jean Monnet \u201cEU Space Policy, International Law and Sustaiability\u201d (EUSPIL) di cui \u00e8 titolare la Prof.ssa C. Cinelli presso il Dipartimento di Scienze Politiche dell\u2019Universit\u00e0 di Pisa;<\/li>\n<li>2025-2027, componente del gruppo del progetto di ricerca \u201cLa llegada masiva de inmigrantes a la fronteras meridionales exteriores europeas: estudio comparativo Espa\u00f1a, Italia y Malta desde la perspectiva del derecho internacional y de la UE\u201d, finanziato nell\u2019ambito del Programa Operativo FEDER Andaluc\u00eda 2021-2027 (Plan Propio de Apoyo y Est\u00edmulo a la Investigaci\u00f3n y la Transferencia) e coordinato dalla Prof.ssa \u00c1. Jim\u00e9nez Garc\u00eda-Carriazo (Universidad de Cadiz, Spagna);<\/li>\n<li>2025-2028, Coordinatore del Modulo Jean Monnet \u201cMechanisms of Accountability in the Application of the EU Pact on Migration and Asylum\u201d (MAC-EUPACT) finanziato dalla Commissione europea nell\u2019ambito della Call ERASMUS-JMO-2025-HEI-TCH-RSCH, Project n. 101238329.<\/li>\n<\/ul>\n","protected":false},"excerpt":{"rendered":"<p>PRIN 2001, Confine orientale e rapporti di vicinato dell\u2019Italia dopo la dissoluzione della Iugoslavia. Coordinatore: Prof. N. Ronzitti (LUISS); altre&hellip;<\/p>\n<p><a class=\"btn btn-dark btn-sm unipi-read-more-link\" href=\"https:\/\/people.unipi.it\/simone_marinai\/ricerca\/\">Leggi tutto&#8230;<\/a><\/p>\n","protected":false},"author":1,"featured_media":0,"parent":0,"menu_order":0,"comment_status":"closed","ping_status":"closed","template":"","meta":{"_acf_changed":false,"footnotes":""},"class_list":["post-10","page","type-page","status-publish","hentry"],"acf":[],"featured_image_src":null,"yoast_head":"<!-- This site is optimized with the Yoast SEO plugin v27.5 - https:\/\/yoast.com\/product\/yoast-seo-wordpress\/ -->\n<title>Ricerca - Simone Marinai<\/title>\n<meta name=\"robots\" content=\"index, follow, max-snippet:-1, max-image-preview:large, max-video-preview:-1\" \/>\n<link rel=\"canonical\" href=\"https:\/\/people.unipi.it\/simone_marinai\/ricerca\/\" \/>\n<meta property=\"og:locale\" content=\"it_IT\" \/>\n<meta property=\"og:type\" content=\"article\" \/>\n<meta property=\"og:title\" content=\"Ricerca - Simone Marinai\" \/>\n<meta property=\"og:description\" content=\"PRIN 2001, Confine orientale e rapporti di vicinato dell\u2019Italia dopo la dissoluzione della Iugoslavia. Coordinatore: Prof. N. Ronzitti (LUISS); altre&hellip;Leggi tutto...\" \/>\n<meta property=\"og:url\" content=\"https:\/\/people.unipi.it\/simone_marinai\/ricerca\/\" \/>\n<meta property=\"og:site_name\" content=\"Simone Marinai\" \/>\n<meta property=\"article:modified_time\" content=\"2025-12-13T07:13:58+00:00\" \/>\n<meta name=\"twitter:card\" content=\"summary_large_image\" \/>\n<meta name=\"twitter:label1\" content=\"Tempo di lettura stimato\" \/>\n\t<meta name=\"twitter:data1\" content=\"7 minuti\" \/>\n<script type=\"application\/ld+json\" class=\"yoast-schema-graph\">{\"@context\":\"https:\\\/\\\/schema.org\",\"@graph\":[{\"@type\":\"WebPage\",\"@id\":\"https:\\\/\\\/people.unipi.it\\\/simone_marinai\\\/ricerca\\\/\",\"url\":\"https:\\\/\\\/people.unipi.it\\\/simone_marinai\\\/ricerca\\\/\",\"name\":\"Ricerca - Simone Marinai\",\"isPartOf\":{\"@id\":\"https:\\\/\\\/people.unipi.it\\\/simone_marinai\\\/#website\"},\"datePublished\":\"2015-04-08T09:14:27+00:00\",\"dateModified\":\"2025-12-13T07:13:58+00:00\",\"breadcrumb\":{\"@id\":\"https:\\\/\\\/people.unipi.it\\\/simone_marinai\\\/ricerca\\\/#breadcrumb\"},\"inLanguage\":\"it-IT\",\"potentialAction\":[{\"@type\":\"ReadAction\",\"target\":[\"https:\\\/\\\/people.unipi.it\\\/simone_marinai\\\/ricerca\\\/\"]}]},{\"@type\":\"BreadcrumbList\",\"@id\":\"https:\\\/\\\/people.unipi.it\\\/simone_marinai\\\/ricerca\\\/#breadcrumb\",\"itemListElement\":[{\"@type\":\"ListItem\",\"position\":1,\"name\":\"Home\",\"item\":\"https:\\\/\\\/people.unipi.it\\\/simone_marinai\\\/\"},{\"@type\":\"ListItem\",\"position\":2,\"name\":\"Ricerca\"}]},{\"@type\":\"WebSite\",\"@id\":\"https:\\\/\\\/people.unipi.it\\\/simone_marinai\\\/#website\",\"url\":\"https:\\\/\\\/people.unipi.it\\\/simone_marinai\\\/\",\"name\":\"Simone Marinai\",\"description\":\"Universit\u00e0 di Pisa\",\"potentialAction\":[{\"@type\":\"SearchAction\",\"target\":{\"@type\":\"EntryPoint\",\"urlTemplate\":\"https:\\\/\\\/people.unipi.it\\\/simone_marinai\\\/?s={search_term_string}\"},\"query-input\":{\"@type\":\"PropertyValueSpecification\",\"valueRequired\":true,\"valueName\":\"search_term_string\"}}],\"inLanguage\":\"it-IT\"}]}<\/script>\n<!-- \/ Yoast SEO plugin. -->","yoast_head_json":{"title":"Ricerca - Simone Marinai","robots":{"index":"index","follow":"follow","max-snippet":"max-snippet:-1","max-image-preview":"max-image-preview:large","max-video-preview":"max-video-preview:-1"},"canonical":"https:\/\/people.unipi.it\/simone_marinai\/ricerca\/","og_locale":"it_IT","og_type":"article","og_title":"Ricerca - Simone Marinai","og_description":"PRIN 2001, Confine orientale e rapporti di vicinato dell\u2019Italia dopo la dissoluzione della Iugoslavia. Coordinatore: Prof. N. Ronzitti (LUISS); altre&hellip;Leggi tutto...","og_url":"https:\/\/people.unipi.it\/simone_marinai\/ricerca\/","og_site_name":"Simone Marinai","article_modified_time":"2025-12-13T07:13:58+00:00","twitter_card":"summary_large_image","twitter_misc":{"Tempo di lettura stimato":"7 minuti"},"schema":{"@context":"https:\/\/schema.org","@graph":[{"@type":"WebPage","@id":"https:\/\/people.unipi.it\/simone_marinai\/ricerca\/","url":"https:\/\/people.unipi.it\/simone_marinai\/ricerca\/","name":"Ricerca - Simone Marinai","isPartOf":{"@id":"https:\/\/people.unipi.it\/simone_marinai\/#website"},"datePublished":"2015-04-08T09:14:27+00:00","dateModified":"2025-12-13T07:13:58+00:00","breadcrumb":{"@id":"https:\/\/people.unipi.it\/simone_marinai\/ricerca\/#breadcrumb"},"inLanguage":"it-IT","potentialAction":[{"@type":"ReadAction","target":["https:\/\/people.unipi.it\/simone_marinai\/ricerca\/"]}]},{"@type":"BreadcrumbList","@id":"https:\/\/people.unipi.it\/simone_marinai\/ricerca\/#breadcrumb","itemListElement":[{"@type":"ListItem","position":1,"name":"Home","item":"https:\/\/people.unipi.it\/simone_marinai\/"},{"@type":"ListItem","position":2,"name":"Ricerca"}]},{"@type":"WebSite","@id":"https:\/\/people.unipi.it\/simone_marinai\/#website","url":"https:\/\/people.unipi.it\/simone_marinai\/","name":"Simone Marinai","description":"Universit\u00e0 di Pisa","potentialAction":[{"@type":"SearchAction","target":{"@type":"EntryPoint","urlTemplate":"https:\/\/people.unipi.it\/simone_marinai\/?s={search_term_string}"},"query-input":{"@type":"PropertyValueSpecification","valueRequired":true,"valueName":"search_term_string"}}],"inLanguage":"it-IT"}]}},"_links":{"self":[{"href":"https:\/\/people.unipi.it\/simone_marinai\/wp-json\/wp\/v2\/pages\/10","targetHints":{"allow":["GET"]}}],"collection":[{"href":"https:\/\/people.unipi.it\/simone_marinai\/wp-json\/wp\/v2\/pages"}],"about":[{"href":"https:\/\/people.unipi.it\/simone_marinai\/wp-json\/wp\/v2\/types\/page"}],"author":[{"embeddable":true,"href":"https:\/\/people.unipi.it\/simone_marinai\/wp-json\/wp\/v2\/users\/1"}],"replies":[{"embeddable":true,"href":"https:\/\/people.unipi.it\/simone_marinai\/wp-json\/wp\/v2\/comments?post=10"}],"version-history":[{"count":7,"href":"https:\/\/people.unipi.it\/simone_marinai\/wp-json\/wp\/v2\/pages\/10\/revisions"}],"predecessor-version":[{"id":217,"href":"https:\/\/people.unipi.it\/simone_marinai\/wp-json\/wp\/v2\/pages\/10\/revisions\/217"}],"wp:attachment":[{"href":"https:\/\/people.unipi.it\/simone_marinai\/wp-json\/wp\/v2\/media?parent=10"}],"curies":[{"name":"wp","href":"https:\/\/api.w.org\/{rel}","templated":true}]}}