{"id":68,"date":"2022-02-09T15:22:37","date_gmt":"2022-02-09T14:22:37","guid":{"rendered":"https:\/\/people.unipi.it\/roberto_dirienzo\/?page_id=68"},"modified":"2022-02-24T20:14:39","modified_gmt":"2022-02-24T19:14:39","slug":"meccatronica-dalla-teoria-alla-pratica","status":"publish","type":"page","link":"https:\/\/people.unipi.it\/roberto_dirienzo\/meccatronica-dalla-teoria-alla-pratica\/","title":{"rendered":"Meccatronica: dalla teoria alla pratica"},"content":{"rendered":"<p>La meccatronica sta assumendo sempre pi\u00f9 un ruolo fondamentale nel tessuto industriale, valorizzando l\u2019interazione tra meccanica, informatica ed elettronica. Data la sua natura, nell\u2019insegnamento di questa disciplina \u00e8 indispensabile una parte sperimentale in cui gli studenti possano assimilare i paradigmi utilizzati. Questo progetto si propone di dare la possibilit\u00e0 agli studenti di poter applicare i concetti teorici, nella progettazione, realizzazione e verifica di sistemi meccatronici.<\/p>\n\n\n<div class=\"wp-block-columns is-layout-flex wp-container-core-columns-is-layout-9d6595d7 wp-block-columns-is-layout-flex\">\n<div class=\"wp-block-column is-layout-flow wp-block-column-is-layout-flow\">\n<h2 class=\"has-black-color has-text-color wp-block-heading\">Descrizione del progetto<\/h2>\n\n\n\n<p>Il progetto si propone di dare la possibilit\u00e0 a tutti gli studenti, che frequenteranno il corso di \u201cProgettazione di Sistemi Meccatronici\u201d del corso di laurea magistrale in ingegneria elettronica, di poter applicare i concetti teorici studiati nel corso nella realizzazione di un progettino che preveder\u00e0 la progettazione, realizzazione e verifica di un prototipo di un sistema meccatronico.<\/p>\n\n\n\n<div class=\"wp-block-buttons is-layout-flex wp-block-buttons-is-layout-flex\">\n<div class=\"wp-block-button has-custom-width wp-block-button__width-50 is-style-outline is-style-outline--1\"><a class=\"wp-block-button__link has-black-color has-white-background-color has-text-color has-background\" href=\"https:\/\/people.unipi.it\/roberto_dirienzo\/meccatronica-dalla-teoria-alla-pratica\/meccatronica-obiettivi\/\"><strong>Continua &#8230;<\/strong><\/a><\/div>\n<\/div>\n<\/div>\n\n\n\n<div class=\"wp-block-column is-layout-flow wp-block-column-is-layout-flow\">\n<h2 class=\"has-black-color has-text-color wp-block-heading\">Definizione di prototipo<\/h2>\n\n\n\n<p>I prototipi potranno essere: sistema meccatronici semplici, sistemi in scala, o l\u2019elettronica di controllo del sistema. In quest\u2019ultimo caso verr\u00e0 seguito un approccio di Hardware-In-the-loop che prevede la possibilit\u00e0 di sviluppare parte del sistema, ad esempio la parte meccanica, in appositi Software di simulazione che comunicano con delle schede elettroniche con cui viene sviluppata l\u2019elettronica di controllo.<\/p>\n\n\n\n<div class=\"wp-block-buttons is-layout-flex wp-block-buttons-is-layout-flex\">\n<div class=\"wp-block-button has-custom-width wp-block-button__width-50 is-style-outline is-style-outline--2\"><a class=\"wp-block-button__link has-black-color has-white-background-color has-text-color has-background\" href=\"https:\/\/people.unipi.it\/roberto_dirienzo\/meccatronica-dalla-teoria-alla-pratica\/prototipo\/\"><strong>Continua &#8230;<\/strong><\/a><\/div>\n<\/div>\n<\/div>\n<\/div>\n\n\n\n<hr class=\"wp-block-separator\" \/>\n\n\n\n<h1 class=\"has-black-color has-text-color wp-block-heading\">Progetti:<\/h1>\n\n\n\n<h2 class=\"has-black-color has-text-color wp-block-heading\">Sistema per ispezione visiva PCB tramite microscopio<\/h2>\n\n\n\n<div class=\"wp-block-columns is-layout-flex wp-container-core-columns-is-layout-9d6595d7 wp-block-columns-is-layout-flex\">\n<div class=\"wp-block-column is-layout-flow wp-block-column-is-layout-flow\" style=\"flex-basis:33.33%\">\n<figure class=\"wp-block-image size-large\"><a href=\"https:\/\/people.unipi.it\/roberto_dirienzo\/wp-content\/uploads\/sites\/605\/2022\/02\/3.jpeg\"><img loading=\"lazy\" decoding=\"async\" width=\"1024\" height=\"766\" src=\"https:\/\/people.unipi.it\/roberto_dirienzo\/wp-content\/uploads\/sites\/605\/2022\/02\/3-1024x766.jpeg\" alt=\"\" class=\"wp-image-119\" srcset=\"https:\/\/people.unipi.it\/roberto_dirienzo\/wp-content\/uploads\/sites\/605\/2022\/02\/3-1024x766.jpeg 1024w, https:\/\/people.unipi.it\/roberto_dirienzo\/wp-content\/uploads\/sites\/605\/2022\/02\/3-300x224.jpeg 300w, https:\/\/people.unipi.it\/roberto_dirienzo\/wp-content\/uploads\/sites\/605\/2022\/02\/3-768x575.jpeg 768w, https:\/\/people.unipi.it\/roberto_dirienzo\/wp-content\/uploads\/sites\/605\/2022\/02\/3-1536x1149.jpeg 1536w, https:\/\/people.unipi.it\/roberto_dirienzo\/wp-content\/uploads\/sites\/605\/2022\/02\/3.jpeg 2048w\" sizes=\"auto, (max-width: 1024px) 100vw, 1024px\" \/><\/a><\/figure>\n<\/div>\n\n\n\n<div class=\"wp-block-column is-vertically-aligned-center is-layout-flow wp-block-column-is-layout-flow\" style=\"flex-basis:66.66%\">\n<p>Lo scopo del progetto \u00e8 realizzare un sistema di acquisizione immagini tramite microscopio digitale, per poter controllare la qualit\u00e0 delle saldature sulle PCB. Verr\u00e0 bypassata la scheda non pi\u00f9 funzionante della stampante 3D Makerbot, pilotando i motori direttamente dal microcontrollore NXP. <\/p>\n\n\n\n<div class=\"wp-block-buttons is-content-justification-center is-layout-flex wp-block-buttons-is-layout-flex\">\n<div class=\"wp-block-button has-custom-width wp-block-button__width-50 is-style-outline is-style-outline--3\"><a class=\"wp-block-button__link has-black-color has-white-background-color has-text-color has-background\" href=\"https:\/\/people.unipi.it\/roberto_dirienzo\/meccatronica-dalla-teoria-alla-pratica\/sistema-per-ispezione-visiva-pcb-tramite-microscopio\/\"><strong>Continua &#8230;<\/strong><\/a><\/div>\n<\/div>\n<\/div>\n<\/div>\n\n\n\n<h2 class=\"has-black-color has-text-color wp-block-heading\">Auto driving car<\/h2>\n\n\n\n<div class=\"wp-block-columns is-layout-flex wp-container-core-columns-is-layout-9d6595d7 wp-block-columns-is-layout-flex\">\n<div class=\"wp-block-column is-layout-flow wp-block-column-is-layout-flow\" style=\"flex-basis:66.66%\">\n<p>L\u2019obiettivo di questo progetto \u00e8 l\u2019implementazione un veicolo 4WD autoguidato all\u2019interno di un labirinto rappresentato con una mappa sviluppata su una matrice 5&#215;5. Il veicolo dovr\u00e0 essere capace di analizzare i propri dintorni attraverso scansioni SONAR.<\/p>\n\n\n\n<div class=\"wp-block-buttons is-content-justification-center is-layout-flex wp-block-buttons-is-layout-flex\">\n<div class=\"wp-block-button has-custom-width wp-block-button__width-50 is-style-outline is-style-outline--4\"><a class=\"wp-block-button__link has-black-color has-white-background-color has-text-color has-background\" href=\"https:\/\/people.unipi.it\/roberto_dirienzo\/meccatronica-dalla-teoria-alla-pratica\/auto-driving-car\/\"><strong>Continua &#8230;<\/strong><\/a><\/div>\n<\/div>\n<\/div>\n\n\n\n<div class=\"wp-block-column is-layout-flow wp-block-column-is-layout-flow\" style=\"flex-basis:33.33%\">\n<figure class=\"wp-block-image size-full is-resized\"><a href=\"https:\/\/people.unipi.it\/roberto_dirienzo\/wp-content\/uploads\/sites\/605\/2022\/02\/image-5.png\"><img loading=\"lazy\" decoding=\"async\" src=\"https:\/\/people.unipi.it\/roberto_dirienzo\/wp-content\/uploads\/sites\/605\/2022\/02\/image-5.png\" alt=\"\" class=\"wp-image-153\" width=\"260\" height=\"159\" srcset=\"https:\/\/people.unipi.it\/roberto_dirienzo\/wp-content\/uploads\/sites\/605\/2022\/02\/image-5.png 827w, https:\/\/people.unipi.it\/roberto_dirienzo\/wp-content\/uploads\/sites\/605\/2022\/02\/image-5-300x184.png 300w, https:\/\/people.unipi.it\/roberto_dirienzo\/wp-content\/uploads\/sites\/605\/2022\/02\/image-5-768x470.png 768w\" sizes=\"auto, (max-width: 260px) 100vw, 260px\" \/><\/a><\/figure>\n<\/div>\n<\/div>\n\n\n\n<h2 class=\"has-black-color has-text-color wp-block-heading\">Drawing machine<\/h2>\n\n\n\n<div class=\"wp-block-columns is-layout-flex wp-container-core-columns-is-layout-9d6595d7 wp-block-columns-is-layout-flex\">\n<div class=\"wp-block-column is-layout-flow wp-block-column-is-layout-flow\" style=\"flex-basis:33.33%\">\n<div class=\"wp-block-image\"><figure class=\"aligncenter size-full is-resized\"><a href=\"https:\/\/people.unipi.it\/roberto_dirienzo\/wp-content\/uploads\/sites\/605\/2022\/02\/1645211850464-Copia-1.jpg\"><img loading=\"lazy\" decoding=\"async\" src=\"https:\/\/people.unipi.it\/roberto_dirienzo\/wp-content\/uploads\/sites\/605\/2022\/02\/1645211850464-Copia-1.jpg\" alt=\"\" class=\"wp-image-158\" width=\"281\" height=\"224\" srcset=\"https:\/\/people.unipi.it\/roberto_dirienzo\/wp-content\/uploads\/sites\/605\/2022\/02\/1645211850464-Copia-1.jpg 868w, https:\/\/people.unipi.it\/roberto_dirienzo\/wp-content\/uploads\/sites\/605\/2022\/02\/1645211850464-Copia-1-300x240.jpg 300w, https:\/\/people.unipi.it\/roberto_dirienzo\/wp-content\/uploads\/sites\/605\/2022\/02\/1645211850464-Copia-1-768x614.jpg 768w\" sizes=\"auto, (max-width: 281px) 100vw, 281px\" \/><\/a><\/figure><\/div>\n<\/div>\n\n\n\n<div class=\"wp-block-column is-layout-flow wp-block-column-is-layout-flow\" style=\"flex-basis:66.66%\">\n<p>Il progetto consiste nella realizzazione di un plotter 2d a partire da un incisore cnc 3018, i cui motori stepper sono pilotati dalla scheda NXP tramite uno shield arduino dedicato.  Il sistema interpreta file Gcode generati automaticamente da dei plugin per InkScape dedicati alle incisioni laser.<\/p>\n\n\n\n<div class=\"wp-block-buttons is-content-justification-center is-layout-flex wp-block-buttons-is-layout-flex\">\n<div class=\"wp-block-button has-custom-width wp-block-button__width-50 is-style-outline is-style-outline--5\"><a class=\"wp-block-button__link has-black-color has-white-background-color has-text-color has-background\" href=\"https:\/\/people.unipi.it\/roberto_dirienzo\/?page_id=160\"><strong>Continua &#8230;<\/strong><\/a><\/div>\n<\/div>\n<\/div>\n<\/div>\n\n\n\n<h2 class=\"has-black-color has-text-color wp-block-heading\">Line follower and obstacle avoiding robot<\/h2>\n\n\n\n<div class=\"wp-block-columns is-layout-flex wp-container-core-columns-is-layout-9d6595d7 wp-block-columns-is-layout-flex\">\n<div class=\"wp-block-column is-layout-flow wp-block-column-is-layout-flow\" style=\"flex-basis:33.33%\">\n<figure class=\"wp-block-image size-large is-resized\"><a href=\"https:\/\/people.unipi.it\/roberto_dirienzo\/wp-content\/uploads\/sites\/605\/2022\/02\/WhatsApp-Image-2022-02-05-at-11.02.57.jpeg\"><img loading=\"lazy\" decoding=\"async\" src=\"https:\/\/people.unipi.it\/roberto_dirienzo\/wp-content\/uploads\/sites\/605\/2022\/02\/WhatsApp-Image-2022-02-05-at-11.02.57-768x1024.jpeg\" alt=\"\" class=\"wp-image-70\" width=\"204\" height=\"271\" srcset=\"https:\/\/people.unipi.it\/roberto_dirienzo\/wp-content\/uploads\/sites\/605\/2022\/02\/WhatsApp-Image-2022-02-05-at-11.02.57-768x1024.jpeg 768w, https:\/\/people.unipi.it\/roberto_dirienzo\/wp-content\/uploads\/sites\/605\/2022\/02\/WhatsApp-Image-2022-02-05-at-11.02.57-225x300.jpeg 225w, https:\/\/people.unipi.it\/roberto_dirienzo\/wp-content\/uploads\/sites\/605\/2022\/02\/WhatsApp-Image-2022-02-05-at-11.02.57-1152x1536.jpeg 1152w, https:\/\/people.unipi.it\/roberto_dirienzo\/wp-content\/uploads\/sites\/605\/2022\/02\/WhatsApp-Image-2022-02-05-at-11.02.57.jpeg 1200w\" sizes=\"auto, (max-width: 204px) 100vw, 204px\" \/><\/a><\/figure>\n<\/div>\n\n\n\n<div class=\"wp-block-column is-vertically-aligned-center is-layout-flow wp-block-column-is-layout-flow\" style=\"flex-basis:66.66%\">\n<p class=\"has-normal-font-size\">L\u2019obiettivo del nostro lavoro \u00e8 stato quello di progettare e implementare, attraverso l\u2019ambiente di sviluppo MATLAB\/Simulink, un piccolo veicolo in grado di seguire un percorso tracciato ed evitare eventuali ostacoli.<\/p>\n\n\n\n<div class=\"wp-block-buttons is-layout-flex wp-block-buttons-is-layout-flex\">\n<div class=\"wp-block-button has-custom-width wp-block-button__width-50 is-style-outline is-style-outline--6\"><a class=\"wp-block-button__link has-black-color has-white-background-color has-text-color has-background\" href=\"https:\/\/people.unipi.it\/roberto_dirienzo\/line-follower\/\"><strong>Continua &#8230;<\/strong><\/a><\/div>\n<\/div>\n<\/div>\n<\/div>\n\n\n\n<hr class=\"wp-block-separator\" \/>\n\n\n\n<h4 class=\"has-text-align-center has-black-color has-text-color wp-block-heading\">Progetto sviluppato nell&#8217;ambito del bando<br>&#8220;<a href=\"https:\/\/www.unipi.it\/index.php\/documenti-ateneo\/itemlist\/category\/1795-progetti-speciali-per-la-didattica\" data-type=\"URL\" data-id=\"https:\/\/www.unipi.it\/index.php\/documenti-ateneo\/itemlist\/category\/1795-progetti-speciali-per-la-didattica\" target=\"_blank\" rel=\"noreferrer noopener\">Progetti speciali per la didattica 2021\/2022<\/a>&#8221; dell&#8217;Universit\u00e0 di Pisa<\/h4>\n\n\n\n<hr class=\"wp-block-separator\" \/>\n\n\n\n<h1 class=\"has-black-color has-text-color wp-block-heading\">Contatti:<\/h1>\n\n\n<p style=\"text-align: left\">Prof. Roberto Roncella&nbsp; &nbsp; &nbsp; &nbsp;roberto.roncella@unipi.it&nbsp; &nbsp; &nbsp;(titolare del corso)<br>Prof. Federico Baronti&nbsp; &nbsp; &nbsp; &nbsp; federico.baronti@unipi.it<br>Ing. Roberto Di Rienzo&nbsp; &nbsp; &nbsp; &nbsp;roberto.dirienzo@unipi.it<\/p>","protected":false},"excerpt":{"rendered":"<p>La meccatronica sta assumendo sempre pi\u00f9 un ruolo fondamentale nel tessuto industriale, valorizzando l\u2019interazione tra meccanica, informatica ed elettronica. Data&hellip;<\/p>\n<p><a class=\"btn btn-dark btn-sm unipi-read-more-link\" href=\"https:\/\/people.unipi.it\/roberto_dirienzo\/meccatronica-dalla-teoria-alla-pratica\/\">Leggi tutto&#8230;<\/a><\/p>\n","protected":false},"author":638,"featured_media":0,"parent":0,"menu_order":0,"comment_status":"closed","ping_status":"closed","template":"","meta":{"_acf_changed":false,"footnotes":""},"class_list":["post-68","page","type-page","status-publish","hentry"],"acf":[],"featured_image_src":null,"yoast_head":"<!-- This site is optimized with the Yoast SEO plugin v27.5 - https:\/\/yoast.com\/product\/yoast-seo-wordpress\/ -->\n<title>Meccatronica: dalla teoria alla pratica - Roberto Di Rienzo<\/title>\n<meta name=\"robots\" content=\"index, follow, max-snippet:-1, max-image-preview:large, max-video-preview:-1\" \/>\n<link rel=\"canonical\" href=\"https:\/\/people.unipi.it\/roberto_dirienzo\/meccatronica-dalla-teoria-alla-pratica\/\" \/>\n<meta property=\"og:locale\" content=\"it_IT\" \/>\n<meta property=\"og:type\" content=\"article\" \/>\n<meta property=\"og:title\" content=\"Meccatronica: dalla teoria alla pratica - Roberto Di Rienzo\" \/>\n<meta property=\"og:description\" content=\"La meccatronica sta assumendo sempre pi\u00f9 un ruolo fondamentale nel tessuto industriale, valorizzando l\u2019interazione tra meccanica, informatica ed elettronica. Data&hellip;Leggi tutto...\" \/>\n<meta property=\"og:url\" content=\"https:\/\/people.unipi.it\/roberto_dirienzo\/meccatronica-dalla-teoria-alla-pratica\/\" \/>\n<meta property=\"og:site_name\" content=\"Roberto Di Rienzo\" \/>\n<meta property=\"article:modified_time\" content=\"2022-02-24T19:14:39+00:00\" \/>\n<meta property=\"og:image\" content=\"https:\/\/people.unipi.it\/roberto_dirienzo\/wp-content\/uploads\/sites\/605\/2022\/02\/3-1024x766.jpeg\" \/>\n<meta name=\"twitter:card\" content=\"summary_large_image\" \/>\n<meta name=\"twitter:label1\" content=\"Tempo di lettura stimato\" \/>\n\t<meta name=\"twitter:data1\" content=\"2 minuti\" \/>\n<script type=\"application\/ld+json\" class=\"yoast-schema-graph\">{\"@context\":\"https:\\\/\\\/schema.org\",\"@graph\":[{\"@type\":\"WebPage\",\"@id\":\"https:\\\/\\\/people.unipi.it\\\/roberto_dirienzo\\\/meccatronica-dalla-teoria-alla-pratica\\\/\",\"url\":\"https:\\\/\\\/people.unipi.it\\\/roberto_dirienzo\\\/meccatronica-dalla-teoria-alla-pratica\\\/\",\"name\":\"Meccatronica: dalla teoria alla pratica - Roberto Di Rienzo\",\"isPartOf\":{\"@id\":\"https:\\\/\\\/people.unipi.it\\\/roberto_dirienzo\\\/#website\"},\"primaryImageOfPage\":{\"@id\":\"https:\\\/\\\/people.unipi.it\\\/roberto_dirienzo\\\/meccatronica-dalla-teoria-alla-pratica\\\/#primaryimage\"},\"image\":{\"@id\":\"https:\\\/\\\/people.unipi.it\\\/roberto_dirienzo\\\/meccatronica-dalla-teoria-alla-pratica\\\/#primaryimage\"},\"thumbnailUrl\":\"https:\\\/\\\/people.unipi.it\\\/roberto_dirienzo\\\/wp-content\\\/uploads\\\/sites\\\/605\\\/2022\\\/02\\\/3-1024x766.jpeg\",\"datePublished\":\"2022-02-09T14:22:37+00:00\",\"dateModified\":\"2022-02-24T19:14:39+00:00\",\"breadcrumb\":{\"@id\":\"https:\\\/\\\/people.unipi.it\\\/roberto_dirienzo\\\/meccatronica-dalla-teoria-alla-pratica\\\/#breadcrumb\"},\"inLanguage\":\"it-IT\",\"potentialAction\":[{\"@type\":\"ReadAction\",\"target\":[\"https:\\\/\\\/people.unipi.it\\\/roberto_dirienzo\\\/meccatronica-dalla-teoria-alla-pratica\\\/\"]}]},{\"@type\":\"ImageObject\",\"inLanguage\":\"it-IT\",\"@id\":\"https:\\\/\\\/people.unipi.it\\\/roberto_dirienzo\\\/meccatronica-dalla-teoria-alla-pratica\\\/#primaryimage\",\"url\":\"https:\\\/\\\/people.unipi.it\\\/roberto_dirienzo\\\/wp-content\\\/uploads\\\/sites\\\/605\\\/2022\\\/02\\\/3-1024x766.jpeg\",\"contentUrl\":\"https:\\\/\\\/people.unipi.it\\\/roberto_dirienzo\\\/wp-content\\\/uploads\\\/sites\\\/605\\\/2022\\\/02\\\/3-1024x766.jpeg\"},{\"@type\":\"BreadcrumbList\",\"@id\":\"https:\\\/\\\/people.unipi.it\\\/roberto_dirienzo\\\/meccatronica-dalla-teoria-alla-pratica\\\/#breadcrumb\",\"itemListElement\":[{\"@type\":\"ListItem\",\"position\":1,\"name\":\"Home\",\"item\":\"https:\\\/\\\/people.unipi.it\\\/roberto_dirienzo\\\/\"},{\"@type\":\"ListItem\",\"position\":2,\"name\":\"Meccatronica: dalla teoria alla pratica\"}]},{\"@type\":\"WebSite\",\"@id\":\"https:\\\/\\\/people.unipi.it\\\/roberto_dirienzo\\\/#website\",\"url\":\"https:\\\/\\\/people.unipi.it\\\/roberto_dirienzo\\\/\",\"name\":\"Roberto Di Rienzo\",\"description\":\"\",\"potentialAction\":[{\"@type\":\"SearchAction\",\"target\":{\"@type\":\"EntryPoint\",\"urlTemplate\":\"https:\\\/\\\/people.unipi.it\\\/roberto_dirienzo\\\/?s={search_term_string}\"},\"query-input\":{\"@type\":\"PropertyValueSpecification\",\"valueRequired\":true,\"valueName\":\"search_term_string\"}}],\"inLanguage\":\"it-IT\"}]}<\/script>\n<!-- \/ Yoast SEO plugin. -->","yoast_head_json":{"title":"Meccatronica: dalla teoria alla pratica - Roberto Di Rienzo","robots":{"index":"index","follow":"follow","max-snippet":"max-snippet:-1","max-image-preview":"max-image-preview:large","max-video-preview":"max-video-preview:-1"},"canonical":"https:\/\/people.unipi.it\/roberto_dirienzo\/meccatronica-dalla-teoria-alla-pratica\/","og_locale":"it_IT","og_type":"article","og_title":"Meccatronica: dalla teoria alla pratica - Roberto Di Rienzo","og_description":"La meccatronica sta assumendo sempre pi\u00f9 un ruolo fondamentale nel tessuto industriale, valorizzando l\u2019interazione tra meccanica, informatica ed elettronica. Data&hellip;Leggi tutto...","og_url":"https:\/\/people.unipi.it\/roberto_dirienzo\/meccatronica-dalla-teoria-alla-pratica\/","og_site_name":"Roberto Di Rienzo","article_modified_time":"2022-02-24T19:14:39+00:00","og_image":[{"url":"https:\/\/people.unipi.it\/roberto_dirienzo\/wp-content\/uploads\/sites\/605\/2022\/02\/3-1024x766.jpeg","type":"","width":"","height":""}],"twitter_card":"summary_large_image","twitter_misc":{"Tempo di lettura stimato":"2 minuti"},"schema":{"@context":"https:\/\/schema.org","@graph":[{"@type":"WebPage","@id":"https:\/\/people.unipi.it\/roberto_dirienzo\/meccatronica-dalla-teoria-alla-pratica\/","url":"https:\/\/people.unipi.it\/roberto_dirienzo\/meccatronica-dalla-teoria-alla-pratica\/","name":"Meccatronica: dalla teoria alla pratica - Roberto Di Rienzo","isPartOf":{"@id":"https:\/\/people.unipi.it\/roberto_dirienzo\/#website"},"primaryImageOfPage":{"@id":"https:\/\/people.unipi.it\/roberto_dirienzo\/meccatronica-dalla-teoria-alla-pratica\/#primaryimage"},"image":{"@id":"https:\/\/people.unipi.it\/roberto_dirienzo\/meccatronica-dalla-teoria-alla-pratica\/#primaryimage"},"thumbnailUrl":"https:\/\/people.unipi.it\/roberto_dirienzo\/wp-content\/uploads\/sites\/605\/2022\/02\/3-1024x766.jpeg","datePublished":"2022-02-09T14:22:37+00:00","dateModified":"2022-02-24T19:14:39+00:00","breadcrumb":{"@id":"https:\/\/people.unipi.it\/roberto_dirienzo\/meccatronica-dalla-teoria-alla-pratica\/#breadcrumb"},"inLanguage":"it-IT","potentialAction":[{"@type":"ReadAction","target":["https:\/\/people.unipi.it\/roberto_dirienzo\/meccatronica-dalla-teoria-alla-pratica\/"]}]},{"@type":"ImageObject","inLanguage":"it-IT","@id":"https:\/\/people.unipi.it\/roberto_dirienzo\/meccatronica-dalla-teoria-alla-pratica\/#primaryimage","url":"https:\/\/people.unipi.it\/roberto_dirienzo\/wp-content\/uploads\/sites\/605\/2022\/02\/3-1024x766.jpeg","contentUrl":"https:\/\/people.unipi.it\/roberto_dirienzo\/wp-content\/uploads\/sites\/605\/2022\/02\/3-1024x766.jpeg"},{"@type":"BreadcrumbList","@id":"https:\/\/people.unipi.it\/roberto_dirienzo\/meccatronica-dalla-teoria-alla-pratica\/#breadcrumb","itemListElement":[{"@type":"ListItem","position":1,"name":"Home","item":"https:\/\/people.unipi.it\/roberto_dirienzo\/"},{"@type":"ListItem","position":2,"name":"Meccatronica: dalla teoria alla pratica"}]},{"@type":"WebSite","@id":"https:\/\/people.unipi.it\/roberto_dirienzo\/#website","url":"https:\/\/people.unipi.it\/roberto_dirienzo\/","name":"Roberto Di Rienzo","description":"","potentialAction":[{"@type":"SearchAction","target":{"@type":"EntryPoint","urlTemplate":"https:\/\/people.unipi.it\/roberto_dirienzo\/?s={search_term_string}"},"query-input":{"@type":"PropertyValueSpecification","valueRequired":true,"valueName":"search_term_string"}}],"inLanguage":"it-IT"}]}},"_links":{"self":[{"href":"https:\/\/people.unipi.it\/roberto_dirienzo\/wp-json\/wp\/v2\/pages\/68","targetHints":{"allow":["GET"]}}],"collection":[{"href":"https:\/\/people.unipi.it\/roberto_dirienzo\/wp-json\/wp\/v2\/pages"}],"about":[{"href":"https:\/\/people.unipi.it\/roberto_dirienzo\/wp-json\/wp\/v2\/types\/page"}],"author":[{"embeddable":true,"href":"https:\/\/people.unipi.it\/roberto_dirienzo\/wp-json\/wp\/v2\/users\/638"}],"replies":[{"embeddable":true,"href":"https:\/\/people.unipi.it\/roberto_dirienzo\/wp-json\/wp\/v2\/comments?post=68"}],"version-history":[{"count":28,"href":"https:\/\/people.unipi.it\/roberto_dirienzo\/wp-json\/wp\/v2\/pages\/68\/revisions"}],"predecessor-version":[{"id":172,"href":"https:\/\/people.unipi.it\/roberto_dirienzo\/wp-json\/wp\/v2\/pages\/68\/revisions\/172"}],"wp:attachment":[{"href":"https:\/\/people.unipi.it\/roberto_dirienzo\/wp-json\/wp\/v2\/media?parent=68"}],"curies":[{"name":"wp","href":"https:\/\/api.w.org\/{rel}","templated":true}]}}