{"id":8,"date":"2015-04-08T11:14:00","date_gmt":"2015-04-08T09:14:00","guid":{"rendered":"http:\/\/people.unipi.it\/cloner\/?page_id=8"},"modified":"2026-03-24T12:18:02","modified_gmt":"2026-03-24T11:18:02","slug":"pubblicazioni","status":"publish","type":"page","link":"https:\/\/people.unipi.it\/nico_defedericis\/pubblicazioni\/","title":{"rendered":"Pubblicazioni \/ Selected Publications"},"content":{"rendered":"<p style=\"text-align: left\"><strong>Volumi \/ Books<\/strong><\/p>\n<hr \/>\n<p><a href=\"https:\/\/www.edizioniets.com\/scheda.asp?n=9788846764508\"><strong>I due volti della modernit\u00e0. Concetti e figure della filosofia politica<\/strong><\/a>, Pisa, Ets, 2022<\/p>\n<p><strong><a href=\"http:\/\/www.liguori.it\/schedanew.asp?isbn=4139&amp;vedi=testoebook\">Storicit\u00e0 del diritto, dignit\u00e0 dell&#8217;uomo, ideale cosmopolitico<\/a><\/strong>. Atti della giornata di studi in memoria di Giuliano Marini, a cura di C. Palazzolo e N. De Federicis, Napoli, Liguori, 2008<\/p>\n<p>G. Marini, <strong><a href=\"http:\/\/archiviomarini.sp.unipi.it\/101\/\">La filosofia cosmopolitica di Kant<\/a><\/strong>, a cura di N. De Federicis e M.C. Pievatolo, Roma-Bari, Laterza, 2007<\/p>\n<p><strong><a href=\"http:\/\/bfp.sp.unipi.it\/ebooks\/defedericis.html\">Gli imperativi del diritto pubblico. Rousseau, Kant e i diritti dell&#8217;uomo<\/a><\/strong>, Pisa, Plus, 2005<\/p>\n<p><strong><a href=\"http:\/\/www.edizioniesi.it\/en\/publications\/books\/filosofia_storia_della_filosofia_religione_teologia_-_1\/filosofia_e_storia_della_filosofia_-_1_-_02\/Moralita_ed_eticita_nella_filosofia_politica_di_Hegel.html\">Moralit\u00e0 ed eticit\u00e0 nella filosofia politica di Hegel<\/a><\/strong>, Napoli, Esi, 2001<\/p>\n<hr \/>\n<p style=\"text-align: left\"><strong>Articoli e capitoli \/ Articles and Chapters<br \/>\n<\/strong><\/p>\n<hr \/>\n<p><strong>Rivoluzione e giudizio politico in Arendt<\/strong>, in <em>La filosofia politica di Arendt<\/em>, a cura di G. M. Chiodi e V. Sorrentino, Milano, FrancoAngeli, 2025, pp. 104-114<\/p>\n<p><strong><a href=\"https:\/\/journals.openedition.org\/tp\/4756\">Il pensiero politico di Norberto Bobbio e il paradigma della filosofia politica moderna<\/a><\/strong>, &#8220;Teoria Politica&#8221;, XIV (2024), pp. 247-277<\/p>\n<p><strong>Kant e il repubblicanesimo mondiale<\/strong>, in <em>La societ\u00e0 del genere umano<\/em>, &#8220;Politica e Religione&#8221; (2019\/20), pp. 85-112 (2022)<\/p>\n<p><strong>Kantian Institutionalism<\/strong>, in <em>Potere, autorit\u00e0 e libert\u00e0<\/em>, a cura di S. Petrucciani, Milano, Mimesis, 2021, pp. 71-80<\/p>\n<p><strong>I\u2019ve seen the Salvation of the World: Kant\u2019s Reappraisal of French Revolution<\/strong>, in <em>The Court of Reason. Akten des XIII. Internationalen Kant-Kongresses 2019<\/em>, hrsg, v. Camilla Serck-Hanssen et alii, Vol. 3, Berlin-New York, W. de Gruyter, 2021, pp. 1737-1746<\/p>\n<p><strong>Modelli di etica e conflitto tra valori in Max Weber<\/strong>, in <em>La filosofia politica di Weber<\/em>, a cura di G. M. Chiodi, R. Gatti, V. Sorrentino, Milano, FrancoAngeli, 2021, pp. 33-52<\/p>\n<p><strong>Rousseau e il contrattualismo<\/strong>, in <em>Filosofia politica<\/em>, a cura di B. Henry, A. Loretoni, A. Pirni, M. Solinas, Milano, Mondadori, 2020, pp. 91-106<\/p>\n<p><strong>Chi \u00e8 il cittadino tedesco? Cittadinanza e appartenenza politica negli anni di Weimar<\/strong>, in <em>Le vie della cittadinanza sociale in Europa (1848-1948)<\/em>, a cura di C. Calabr\u00f2, Roma, Edizioni di Storia e Letteratura, 2020, pp. 17-50<\/p>\n<p style=\"text-align: left\"><a href=\"https:\/\/arpi.unipi.it\/retrieve\/e0d6c92b-446d-fcf8-e053-d805fe0aa794\/KantsTheoriederDemokratie.pdf\"><strong>Kants Theorie der Demokratie<\/strong><\/a>, in <em> Natur und Freiheit. Akten des XII. Internationalen Kant-Kongresses 2015<\/em>, hrsg. v. V. L. Waibel, M. Ruffing et al., Bd. 4, Berlin-New York, W. de Gruyter, 2018, pp. 2532-2538<\/p>\n<p style=\"text-align: left\"><strong><a href=\"https:\/\/www.pdcnet.org\/wcp23\/content\/wcp23_2018_0069_0099_0104\">Kant and Political Philosophy<\/a><\/strong>, in <em>Proceedings of the XXIII World Congress of Philosophy (Athens, Greece &#8211; 2013)<\/em>, ed. by K. Boudouris, World Congress of Philosophy Collection, Vol. 69, Political Philosophy, Charlottesville, VA, Philosophy Documentation Center, 2018, pp. 99-104<\/p>\n<p style=\"text-align: left\"><strong>Normativit\u00e0 cosmopolitica: Kant e la teoria non ideale<\/strong>, &#8220;Ragion pratica&#8221;, 50 (2018), n. 1, pp. 253-288<\/p>\n<p style=\"text-align: left\"><strong>Populismo, plebiscitarismo e crisi della democrazia<\/strong>, &#8220;Teoria Politica&#8221;, VII (2017), pp. 155-179<\/p>\n<p style=\"text-align: left\"><strong><a href=\"https:\/\/btfp.sp.unipi.it\/it\/2017\/12\/hegel-marini\/\">Giuliano Marini traduttore dei &#8220;Lineamenti di filosofia del diritto&#8221; di Hegel<\/a><\/strong>, &#8220;Bollettino telematico di filosofia politica&#8221;, 2017 (online)<\/p>\n<p style=\"text-align: left\"><strong>Morale, moralit\u00e0, moralismo. Sul valore politico del lessico deontologico in due classici della filosofia politica<\/strong>, in <em>Il potere delle passioni, la passione per il potere. Studi di filosofia politica<\/em>, a cura di V. Sorrentino, Passignano s. T., Aguaplano, 2017, pp. 163-173<\/p>\n<p style=\"text-align: left\"><strong><a href=\"https:\/\/arpi.unipi.it\/retrieve\/e0d6c929-0462-fcf8-e053-d805fe0aa794\/Problemi_prospettive_ndf.pdf\">Problemi e prospettive della cittadinanza oltre lo stato<\/a><\/strong>, in <em>Cittadinanze nella storia dello Stato contemporaneo<\/em>, a cura di M. Aglietti e C. Calabr\u00f2, Milano, FrancoAngeli, 2017, pp. 151-165<\/p>\n<p style=\"text-align: left\"><strong><a href=\"https:\/\/www.cosmopolisonline.it\/articolo.php?numero=XI22014&amp;id=11\">Politica e tradizione<\/a><\/strong>, &#8220;Cosmopolis&#8221;, XI (2014) n. 2 (online 2015)<\/p>\n<p style=\"text-align: left\"><strong>Machiavelli nello specchio degli interpreti contemporanei<\/strong>, in <em>La filosofia politica di Machiavelli<\/em>, a cura di G.M. Chiodi e R. Gatti, Milano, FrancoAngeli, 2014, pp. 236-244<\/p>\n<p style=\"text-align: left\"><strong>Hegel in Italy (1922-1931): The Dispute on the Ethical State<\/strong>, in <em>Hegel&#8217;s Thought in Europe. Currents, Crosscurrents and Undercurrents<\/em>, ed. by L. Herzog, London, Palgrave\/Macmillan, 2013, pp. 223-238<\/p>\n<p style=\"text-align: left\"><strong>Kant&#8217;s Defense of a World Republic between 1793 and 1795<\/strong>, in <em>Kant und die Philosophie in weltb\u00fcrgerlicher Absicht. Akten des XI. Kant-Kongresses 2010<\/em>, hrsg. v. S. Bacin, A. Ferrarin, C. La Rocca, M. Ruffing, Bd. 4, Berlin, W. de Gruyter, 2013, pp. 613-624<\/p>\n<p style=\"text-align: left\"><strong>Democracy, Liberalism and the Prophets of a New Italy. Giovanni Gentile&#8217;s Elaboration of the Political Thought of Mazzini and Gioberti<\/strong>, in <em>Democracy and Risorgimento<\/em>, a cura di M. Lenci e C. Calabr\u00f2, Pisa, ETS, 2012, pp. 219-230<\/p>\n<p style=\"text-align: left\"><strong>Rousseau e Kant. Il repubblicanesimo tra diritto, politica e storia<\/strong>, in <em>La filosofia politica di Rousseau<\/em>, a cura di G.M. Chiodi e R. Gatti, Milano, FrancoAngeli, 2012, pp. 139-150<\/p>\n<p style=\"text-align: left\"><strong>Il secolarismo: una &#8220;tragedia&#8221; nell&#8217;ethos moderno?<\/strong>, &#8220;SiFP- Rivista della Societ\u00e0 italiana di filosofia politica&#8221; (2011)<\/p>\n<p style=\"text-align: left\"><strong>Hobbes, Kant e il &#8216;fatto&#8217; del Politico<\/strong>, in <em>La filosofia politica di Hobbes<\/em>, a cura di G.M. Chiodi e R. Gatti, Milano, FrancoAngeli, 2009, pp. 197-210<\/p>\n<p style=\"text-align: left\"><strong>Secolarismo: appunti per una riflessione<\/strong>, in <em>Laicit\u00e0 e principio di non discriminazione<\/em>, a cura di B. Henry, A. Loretoni, A. Pirni, Soveria Mannelli, Rubbettino, 2009, pp. 83-94<\/p>\n<p style=\"text-align: left\"><strong>Giuliano Marini interprete di Kant<\/strong>, &#8220;Studi kantiani&#8221;, XXI, 2008, pp. 109-120<\/p>\n<p style=\"text-align: left\"><strong><a href=\"http:\/\/www.sifp.it\/articoli.php?idTem=3&amp;idMess=592\">Platone, le forme e la crisi della democrazia<\/a><\/strong>, in <em>La filosofia politica di Platone<\/em>, a cura di G.M. Chiodi e R. Gatti, Milano, FrancoAngeli, 2008, pp. 133-145<\/p>\n<p style=\"text-align: left\"><strong>L&#8217;anima kantiana dell&#8217;America. Una conversazione con Ermanno Bencivenga<\/strong>, &#8220;Ragion pratica&#8221;, 2005, n. 2, pp. 555-569<\/p>\n<p style=\"text-align: left\"><strong>Il modello lockiano della societ\u00e0 civile e la critica di Kant alla \u2018costituzione\u2019 inglese<\/strong>, in <em>La filosofia politica di Locke<\/em>, a cura di G.M. Chiodi e R. Gatti, Milano, FrancoAngeli, 2005, pp. 103-112<\/p>\n<p style=\"text-align: left\"><strong>Filosofia della pratica e lavoro a Jena. Su un recente volume hegeliano<\/strong>, &#8220;Verifiche&#8221;, XXXIII (2004), n. 1-2, pp. 123-153<\/p>\n<p style=\"text-align: left\"><strong>&#8216;Scopo finale&#8217; e &#8216;scopo ultimo&#8217; nella filosofia politica hegeliana<\/strong>, in <em>La filosofia politica di Hegel<\/em>, a cura di G. Marini, G.M. Chiodi, R. Gatti, Milano, FrancoAngeli, 2003, pp. 95-104<\/p>\n<p style=\"text-align: left\"><strong>Modernit\u00e0 e globalizzazione nella teoria critica di Anthony Giddens<\/strong>, &#8220;Ragion pratica&#8221;, 2003, n. 1, pp. 253-272<\/p>\n<p style=\"text-align: left\"><strong><a href=\"http:\/\/bfp.sp.unipi.it\/rec\/europa\/sieden.html\">Libert\u00e0, democrazia e costituzione in Europa<\/a><\/strong>. Note a Larry Siedentop, \u2018La democrazia in Europa\u2019 \u201cBollettino telematico di filosofia politica\u201d, 2002 (online)<\/p>\n<p style=\"text-align: left\"><strong>Condizioni di coerenza pragmatica e trascendentalit\u00e0 in Kant<\/strong>, &#8220;Rivista internazionale di filosofia del diritto&#8221;, Serie V \u2013 LXXIX (2002), n. 3, pp. 425-444<\/p>\n<p style=\"text-align: left\"><strong>La presenza di Hegel nella filosofia politica di Gentile e Schmitt<\/strong>, &#8220;Filosofia politica&#8221;, XIV (2000), n. 3, pp. 465-488<\/p>\n<p style=\"text-align: left\"><strong>La teoria dell\u2019azione nella filosofia del diritto di Hegel<\/strong>, &#8220;Rivista internazionale di filosofia del diritto&#8221;, LXXVII (2000), n. 1, pp. 3-29<\/p>\n<p style=\"text-align: left\"><strong>Alcune interpretazioni della filosofia pratica di Hegel<\/strong>, &#8220;Archivio di storia della cultura&#8221;, XI (1998), pp. 145-170<\/p>\n<p style=\"text-align: left\"><strong>Lo stato contemporaneo tra democrazia e liberalismo<\/strong>, &#8220;Il politico&#8221;, LXII (1997), n. 3, pp. 381-401<\/p>\n<hr \/>\n<p style=\"text-align: left\"><strong>Recensioni \/ Reviews<\/strong><\/p>\n<hr \/>\n<p>F. Gallo, <strong>Hegel and Italian Political Thought. The Practice of Ideas. 1832-1900<\/strong> (C.U.P., 2024), \u201cHistory of Political Thought\u201d, Vol 46 (2025) n. 3, pp. 582-585<\/p>\n<p style=\"text-align: left\">I. Kant, <strong>Lezioni sul diritto naturale (Naturrecht Feyerabend)<\/strong>, a cura di N. Hinske e G. Sadun Bordoni (Bompiani, 2016), \u201cStudi kantiani\u201d, XXXI (2018), pp. 175-180<\/p>\n<p style=\"text-align: left\">K. Flikschuh, L. Ypi (ed. by), <strong>Kant and Colonialism. Historical and Critical Perspectives<\/strong> (O.U.P., 2014), \u201cStudi kantiani\u201d, XXVIII (2015), pp. 197-203<\/p>\n<p style=\"text-align: left\">A. Oksenberg Rorty, J. Schmidt (ed. by), <strong>Kant&#8217;s Idea for a Universal History with a Cosmopolitan Aim. A Critical Guide<\/strong> (C.U.P., 2009), \u201cStudi kantiani\u201d, XXIV (2011), pp. 171-176<\/p>\n<p style=\"text-align: left\">M. Mori, <strong>La pace e la ragione. Kant e le relazioni internazionali: diritto, politica e storia<\/strong> (il Mulino, 2008), \u201cStudi kantiani\u201d, XXIII (2010), pp. 97-102<\/p>\n<p style=\"text-align: left\">C. Sabbatini, <strong>Una cittadinanza razionale<\/strong> (Giappichelli, 2007), \u201cStudi kantiani\u201d, XXII (2009), pp. 123-126<\/p>\n<p style=\"text-align: left\">B. Puri, H. Sievers (ed. by), <strong>Terror, Peace and Universalism. Essays on the Philosophy of Immanuel Kant<\/strong> (O.U.P., 2007), \u201cStudi kantiani\u201d, XXI (2008), pp. 147-152<\/p>\n<p style=\"text-align: left\">M.A. Cattaneo (a cura di), <strong>Kant e la filosofia del diritto<\/strong> (Esi, 2005), \u201cStudi kantiani\u201d, XX (2007), pp. 177-180<\/p>\n<p style=\"text-align: left\">F.M. Cacciatore, <strong>Protestantesimo e filosofia in Hegel<\/strong> (Rubbettino, 2003), \u201cHegel-Studien\u201d, Bd. 41, 2006, pp. 264-266<\/p>\n<p style=\"text-align: left\">M.A. Pranteda, <strong>Il legno storto. I significati del male in Kant<\/strong> (Olschki, 2002), &#8220;Studi kantiani&#8221;, XVIII (2005), pp. 221-224<\/p>\n<p style=\"text-align: left\">M. Timmons (ed. by), <strong><a href=\"http:\/\/purl.org\/hj\/bfp\/118\">Kant&#8217;s Metaphysics of Morals<\/a><\/strong> (O.U.P., 2002), \u201cBollettino telematico di filosofia politica\u201d, 2006.<\/p>\n<p style=\"text-align: left\">L. Lugarini, <strong>Tempo e concetto in Hegel<\/strong> (Esi 2004), &#8220;Hegel-Studien&#8221;, Bd. 39\/40, 2004\/05, pp. 275-279<\/p>\n<p style=\"text-align: left\">L. Scaravelli, <strong>Lezioni su Leibniz (1953-54)<\/strong>, a cura di G. Brazzini (Rubbettino, 2000), &#8220;Journal of the History of Philosophy&#8221;, vol. 40, 2002, n. 3, pp. 401-402<\/p>\n<p style=\"text-align: left\">E. Cafagna, <strong>La libert\u00e0 nel mondo. Etica e scienza dello Stato nei \u201cLineamenti di filosofia del diritto\u201d di Hegel<\/strong> (il Mulino, 1998), \u201cQuaderni fiorentini\u201d, 28, 1999, pp. 1081-1087<\/p>\n<hr \/>\n<p style=\"text-align: left\"><strong><a href=\"https:\/\/arpi.unipi.it\/browse?type=author&amp;order=ASC&amp;rpp=30&amp;authority=rp17474#.VsN2c0uK1wE\">Lista completa (IRIS-ARPI)<\/a><br \/>\n<\/strong><\/p>\n<p style=\"text-align: left\"><strong><a href=\"https:\/\/arpi.unipi.it\/browse?type=author&amp;order=ASC&amp;rpp=30&amp;authority=rp17474#.VsN2c0uK1wE\">Full List (Research Archive of University of Pisa)<\/a><br \/>\n<\/strong><\/p>\n","protected":false},"excerpt":{"rendered":"<p>Volumi \/ Books I due volti della modernit\u00e0. Concetti e figure della filosofia politica, Pisa, Ets, 2022 Storicit\u00e0 del diritto, dignit\u00e0 dell&#8217;uomo, ideale cosmopolitico. Atti della giornata di studi in memoria di Giuliano Marini, a cura di C. Palazzolo e N. De Federicis, Napoli, Liguori, 2008 G. Marini, La filosofia cosmopolitica di Kant, a cura [&hellip;]<\/p>\n","protected":false},"author":1,"featured_media":0,"parent":0,"menu_order":0,"comment_status":"closed","ping_status":"closed","template":"","meta":{"_acf_changed":false,"footnotes":""},"class_list":["post-8","page","type-page","status-publish","hentry"],"acf":[],"featured_image_src":null,"yoast_head":"<!-- This site is optimized with the Yoast SEO plugin v27.6 - https:\/\/yoast.com\/product\/yoast-seo-wordpress\/ -->\n<title>Pubblicazioni \/ Selected Publications - nico de federicis<\/title>\n<meta name=\"robots\" content=\"index, follow, max-snippet:-1, max-image-preview:large, max-video-preview:-1\" \/>\n<link rel=\"canonical\" href=\"https:\/\/people.unipi.it\/nico_defedericis\/pubblicazioni\/\" \/>\n<meta property=\"og:locale\" content=\"it_IT\" \/>\n<meta property=\"og:type\" content=\"article\" \/>\n<meta property=\"og:title\" content=\"Pubblicazioni \/ Selected Publications - nico de federicis\" \/>\n<meta property=\"og:description\" content=\"Volumi \/ Books I due volti della modernit\u00e0. Concetti e figure della filosofia politica, Pisa, Ets, 2022 Storicit\u00e0 del diritto, dignit\u00e0 dell&#8217;uomo, ideale cosmopolitico. Atti della giornata di studi in memoria di Giuliano Marini, a cura di C. Palazzolo e N. De Federicis, Napoli, Liguori, 2008 G. Marini, La filosofia cosmopolitica di Kant, a cura [&hellip;]\" \/>\n<meta property=\"og:url\" content=\"https:\/\/people.unipi.it\/nico_defedericis\/pubblicazioni\/\" \/>\n<meta property=\"og:site_name\" content=\"nico de federicis\" \/>\n<meta property=\"article:modified_time\" content=\"2026-03-24T11:18:02+00:00\" \/>\n<meta name=\"twitter:card\" content=\"summary_large_image\" \/>\n<meta name=\"twitter:label1\" content=\"Tempo di lettura stimato\" \/>\n\t<meta name=\"twitter:data1\" content=\"7 minuti\" \/>\n<script type=\"application\/ld+json\" class=\"yoast-schema-graph\">{\"@context\":\"https:\\\/\\\/schema.org\",\"@graph\":[{\"@type\":\"WebPage\",\"@id\":\"https:\\\/\\\/people.unipi.it\\\/nico_defedericis\\\/pubblicazioni\\\/\",\"url\":\"https:\\\/\\\/people.unipi.it\\\/nico_defedericis\\\/pubblicazioni\\\/\",\"name\":\"Pubblicazioni \\\/ Selected Publications - nico de federicis\",\"isPartOf\":{\"@id\":\"https:\\\/\\\/people.unipi.it\\\/nico_defedericis\\\/#website\"},\"datePublished\":\"2015-04-08T09:14:00+00:00\",\"dateModified\":\"2026-03-24T11:18:02+00:00\",\"breadcrumb\":{\"@id\":\"https:\\\/\\\/people.unipi.it\\\/nico_defedericis\\\/pubblicazioni\\\/#breadcrumb\"},\"inLanguage\":\"it-IT\",\"potentialAction\":[{\"@type\":\"ReadAction\",\"target\":[\"https:\\\/\\\/people.unipi.it\\\/nico_defedericis\\\/pubblicazioni\\\/\"]}]},{\"@type\":\"BreadcrumbList\",\"@id\":\"https:\\\/\\\/people.unipi.it\\\/nico_defedericis\\\/pubblicazioni\\\/#breadcrumb\",\"itemListElement\":[{\"@type\":\"ListItem\",\"position\":1,\"name\":\"Home\",\"item\":\"https:\\\/\\\/people.unipi.it\\\/nico_defedericis\\\/\"},{\"@type\":\"ListItem\",\"position\":2,\"name\":\"Pubblicazioni \\\/ Selected Publications\"}]},{\"@type\":\"WebSite\",\"@id\":\"https:\\\/\\\/people.unipi.it\\\/nico_defedericis\\\/#website\",\"url\":\"https:\\\/\\\/people.unipi.it\\\/nico_defedericis\\\/\",\"name\":\"nico de federicis\",\"description\":\"\",\"potentialAction\":[{\"@type\":\"SearchAction\",\"target\":{\"@type\":\"EntryPoint\",\"urlTemplate\":\"https:\\\/\\\/people.unipi.it\\\/nico_defedericis\\\/?s={search_term_string}\"},\"query-input\":{\"@type\":\"PropertyValueSpecification\",\"valueRequired\":true,\"valueName\":\"search_term_string\"}}],\"inLanguage\":\"it-IT\"}]}<\/script>\n<!-- \/ Yoast SEO plugin. -->","yoast_head_json":{"title":"Pubblicazioni \/ Selected Publications - nico de federicis","robots":{"index":"index","follow":"follow","max-snippet":"max-snippet:-1","max-image-preview":"max-image-preview:large","max-video-preview":"max-video-preview:-1"},"canonical":"https:\/\/people.unipi.it\/nico_defedericis\/pubblicazioni\/","og_locale":"it_IT","og_type":"article","og_title":"Pubblicazioni \/ Selected Publications - nico de federicis","og_description":"Volumi \/ Books I due volti della modernit\u00e0. Concetti e figure della filosofia politica, Pisa, Ets, 2022 Storicit\u00e0 del diritto, dignit\u00e0 dell&#8217;uomo, ideale cosmopolitico. Atti della giornata di studi in memoria di Giuliano Marini, a cura di C. Palazzolo e N. De Federicis, Napoli, Liguori, 2008 G. Marini, La filosofia cosmopolitica di Kant, a cura [&hellip;]","og_url":"https:\/\/people.unipi.it\/nico_defedericis\/pubblicazioni\/","og_site_name":"nico de federicis","article_modified_time":"2026-03-24T11:18:02+00:00","twitter_card":"summary_large_image","twitter_misc":{"Tempo di lettura stimato":"7 minuti"},"schema":{"@context":"https:\/\/schema.org","@graph":[{"@type":"WebPage","@id":"https:\/\/people.unipi.it\/nico_defedericis\/pubblicazioni\/","url":"https:\/\/people.unipi.it\/nico_defedericis\/pubblicazioni\/","name":"Pubblicazioni \/ Selected Publications - nico de federicis","isPartOf":{"@id":"https:\/\/people.unipi.it\/nico_defedericis\/#website"},"datePublished":"2015-04-08T09:14:00+00:00","dateModified":"2026-03-24T11:18:02+00:00","breadcrumb":{"@id":"https:\/\/people.unipi.it\/nico_defedericis\/pubblicazioni\/#breadcrumb"},"inLanguage":"it-IT","potentialAction":[{"@type":"ReadAction","target":["https:\/\/people.unipi.it\/nico_defedericis\/pubblicazioni\/"]}]},{"@type":"BreadcrumbList","@id":"https:\/\/people.unipi.it\/nico_defedericis\/pubblicazioni\/#breadcrumb","itemListElement":[{"@type":"ListItem","position":1,"name":"Home","item":"https:\/\/people.unipi.it\/nico_defedericis\/"},{"@type":"ListItem","position":2,"name":"Pubblicazioni \/ Selected Publications"}]},{"@type":"WebSite","@id":"https:\/\/people.unipi.it\/nico_defedericis\/#website","url":"https:\/\/people.unipi.it\/nico_defedericis\/","name":"nico de federicis","description":"","potentialAction":[{"@type":"SearchAction","target":{"@type":"EntryPoint","urlTemplate":"https:\/\/people.unipi.it\/nico_defedericis\/?s={search_term_string}"},"query-input":{"@type":"PropertyValueSpecification","valueRequired":true,"valueName":"search_term_string"}}],"inLanguage":"it-IT"}]}},"_links":{"self":[{"href":"https:\/\/people.unipi.it\/nico_defedericis\/wp-json\/wp\/v2\/pages\/8","targetHints":{"allow":["GET"]}}],"collection":[{"href":"https:\/\/people.unipi.it\/nico_defedericis\/wp-json\/wp\/v2\/pages"}],"about":[{"href":"https:\/\/people.unipi.it\/nico_defedericis\/wp-json\/wp\/v2\/types\/page"}],"author":[{"embeddable":true,"href":"https:\/\/people.unipi.it\/nico_defedericis\/wp-json\/wp\/v2\/users\/1"}],"replies":[{"embeddable":true,"href":"https:\/\/people.unipi.it\/nico_defedericis\/wp-json\/wp\/v2\/comments?post=8"}],"version-history":[{"count":45,"href":"https:\/\/people.unipi.it\/nico_defedericis\/wp-json\/wp\/v2\/pages\/8\/revisions"}],"predecessor-version":[{"id":531,"href":"https:\/\/people.unipi.it\/nico_defedericis\/wp-json\/wp\/v2\/pages\/8\/revisions\/531"}],"wp:attachment":[{"href":"https:\/\/people.unipi.it\/nico_defedericis\/wp-json\/wp\/v2\/media?parent=8"}],"curies":[{"name":"wp","href":"https:\/\/api.w.org\/{rel}","templated":true}]}}