{"id":167,"date":"2016-07-27T08:32:52","date_gmt":"2016-07-27T06:32:52","guid":{"rendered":"http:\/\/people.unipi.it\/marianne_hepp\/?page_id=167"},"modified":"2024-08-09T05:08:25","modified_gmt":"2024-08-09T03:08:25","slug":"ricerca","status":"publish","type":"page","link":"https:\/\/people.unipi.it\/marianne_hepp\/ricerca\/","title":{"rendered":"Collaborazione a progetti di ricerca"},"content":{"rendered":"<p><strong>Collaborazione a progetti di ricerca<\/strong><\/p>\n<p>2022-2025\u00a0\u00a0\u00a0 Progetto trinazionale DIGIWISS \u2013 Digitale Wissenschaftskommunikation in der Germanistischen Forschung und Lehre. Universit\u00e0 di Gie\u00dfen, Montpellier e Pisa<\/p>\n<p>2023-2024\u00a0\u00a0\u00a0 Progetto interdisciplinare <em>Mappatura digitale del lessico politico-religioso di Lutero nel contesto europeo<\/em>. Istituto Italiano di Studi Germanici, Roma<\/p>\n<p>2020-2022\u00a0 \u00a0 Partecipazione al progetto PRA 2020, <em>Declinazioni europee del lessico religioso-politico di Lutero: Germania e Baltico, Francia e Russia<\/em>. Universit\u00e0 di Pisa<\/p>\n<p>2017-2019\u00a0\u00a0\u00a0 Partecipazione al progetto PRA 2017, <em>Interlinguistica, plurilinguismo e pensiero linguistico dall&#8217;antichit\u00e0 al rinascimento. <\/em>Universit\u00e0 di Pisa<\/p>\n<p>2015-2016\u00a0\u00a0\u00a0 Partecipazione al progetto PRA 2015, <em>La circolazione dell&#8217;economia politica in Europa. &#8216;7-800: le Traduzioni del &#8220;T\u00e9l\u00e9maque&#8221; di F\u00e9nelon. <\/em>Universit\u00e0 di Pisa<\/p>\n<p>2012-2018\u00a0\u00a0\u00a0 Responsabile scientifico (insieme a M. Nied) del Progetto di ricerca <em>Lingua terza e intercomprensione nel contesto del plurilinguismo nella Unione Europea e nel Mediterraneo<\/em>. Progetto premiale D.M.949,12.2012\/Ricerca premiale 2012, Istituto Italiano di Studi Germanici, Roma.<\/p>\n<p>2012-2018\u00a0\u00a0\u00a0 Progetto internazionale <em>Tempus<\/em> della Commissione europea <em>Consortium for Modern Language Teacher Education<\/em> \u2013 COMOLTE. Coordinazione: Ludwig-Maximilians-Universit\u00e4t M\u00fcnchen.<\/p>\n<p>2012-2018\u00a0\u00a0\u00a0 Progetto europeo <em>Styles of persuasion in Europe: Appearance, text models and linguistic features of commentaries in newspapers, radio, and on TV.<\/em> Coordinazione: University of Helsinki.<\/p>\n<p>2009-2011\u00a0\u00a0\u00a0 Progetto europeo <em>Language associations and collaborative support<\/em> \/ LACS del European Centre for Modern Languages \/ ECML Graz. Coordinazione: University of Westminster.<\/p>\n<p><strong>Attivit\u00e0 redazionale<\/strong><\/p>\n<p>2013-oggi\u00a0\u00a0\u00a0\u00a0 Membro del comitato scientifico della rivista \u00bbAnnales UMCS Sectio Educatio nova\u00ab, Universit\u00e0 Maria Curie-Sk\u0142odowska, Lublino<\/p>\n<p>2011-oggi\u00a0\u00a0\u00a0\u00a0 Membro del comitato scientifico della rivista \u00bbPosener Beitr\u00e4ge zur Angewandten Linguistik\u00ab, Universit\u00e0 Adam Mickiewickz, Pozna\u0144<\/p>\n<p>2014-2020\u00a0\u00a0\u00a0 Membro del comitato scientifico della rivista \u00bbGermanistik in der Ukraine\u00ab, Universit\u00e0 di Kiev \/ Ukraine Higher School Germanists\u2019 Union<\/p>\n<p>2014-2018\u00a0\u00a0\u00a0 Membro del comitato di redazione della rivista \u00bbStudi Germanici\u00ab, Istituto Italiano di Studi Germanici, Roma<\/p>\n<p>1993-2000\u00a0\u00a0\u00a0 Membro di redazione della rivista \u00bbJacques e i suoi quaderni\u00ab, Universit\u00e0 di Pisa.<\/p>\n","protected":false},"excerpt":{"rendered":"<p>Collaborazione a progetti di ricerca 2022-2025\u00a0\u00a0\u00a0 Progetto trinazionale DIGIWISS \u2013 Digitale Wissenschaftskommunikation in der Germanistischen Forschung und Lehre. Universit\u00e0 di Gie\u00dfen, Montpellier e Pisa 2023-2024\u00a0\u00a0\u00a0 Progetto interdisciplinare Mappatura digitale del lessico politico-religioso di Lutero nel contesto europeo. Istituto Italiano di Studi Germanici, Roma 2020-2022\u00a0 \u00a0 Partecipazione al progetto PRA 2020, Declinazioni europee del lessico religioso-politico [&hellip;]<\/p>\n","protected":false},"author":285,"featured_media":0,"parent":0,"menu_order":0,"comment_status":"closed","ping_status":"closed","template":"","meta":{"_acf_changed":false,"footnotes":""},"class_list":["post-167","page","type-page","status-publish","hentry"],"acf":[],"featured_image_src":null,"yoast_head":"<!-- This site is optimized with the Yoast SEO plugin v27.6 - https:\/\/yoast.com\/product\/yoast-seo-wordpress\/ -->\n<title>Collaborazione a progetti di ricerca - MARIANNE HEPP<\/title>\n<meta name=\"robots\" content=\"index, follow, max-snippet:-1, max-image-preview:large, max-video-preview:-1\" \/>\n<link rel=\"canonical\" href=\"https:\/\/people.unipi.it\/marianne_hepp\/ricerca\/\" \/>\n<meta property=\"og:locale\" content=\"it_IT\" \/>\n<meta property=\"og:type\" content=\"article\" \/>\n<meta property=\"og:title\" content=\"Collaborazione a progetti di ricerca - MARIANNE HEPP\" \/>\n<meta property=\"og:description\" content=\"Collaborazione a progetti di ricerca 2022-2025\u00a0\u00a0\u00a0 Progetto trinazionale DIGIWISS \u2013 Digitale Wissenschaftskommunikation in der Germanistischen Forschung und Lehre. Universit\u00e0 di Gie\u00dfen, Montpellier e Pisa 2023-2024\u00a0\u00a0\u00a0 Progetto interdisciplinare Mappatura digitale del lessico politico-religioso di Lutero nel contesto europeo. Istituto Italiano di Studi Germanici, Roma 2020-2022\u00a0 \u00a0 Partecipazione al progetto PRA 2020, Declinazioni europee del lessico religioso-politico [&hellip;]\" \/>\n<meta property=\"og:url\" content=\"https:\/\/people.unipi.it\/marianne_hepp\/ricerca\/\" \/>\n<meta property=\"og:site_name\" content=\"MARIANNE HEPP\" \/>\n<meta property=\"article:modified_time\" content=\"2024-08-09T03:08:25+00:00\" \/>\n<meta name=\"twitter:card\" content=\"summary_large_image\" \/>\n<meta name=\"twitter:label1\" content=\"Tempo di lettura stimato\" \/>\n\t<meta name=\"twitter:data1\" content=\"1 minuto\" \/>\n<script type=\"application\/ld+json\" class=\"yoast-schema-graph\">{\"@context\":\"https:\\\/\\\/schema.org\",\"@graph\":[{\"@type\":\"WebPage\",\"@id\":\"https:\\\/\\\/people.unipi.it\\\/marianne_hepp\\\/ricerca\\\/\",\"url\":\"https:\\\/\\\/people.unipi.it\\\/marianne_hepp\\\/ricerca\\\/\",\"name\":\"Collaborazione a progetti di ricerca - MARIANNE HEPP\",\"isPartOf\":{\"@id\":\"https:\\\/\\\/people.unipi.it\\\/marianne_hepp\\\/#website\"},\"datePublished\":\"2016-07-27T06:32:52+00:00\",\"dateModified\":\"2024-08-09T03:08:25+00:00\",\"breadcrumb\":{\"@id\":\"https:\\\/\\\/people.unipi.it\\\/marianne_hepp\\\/ricerca\\\/#breadcrumb\"},\"inLanguage\":\"it-IT\",\"potentialAction\":[{\"@type\":\"ReadAction\",\"target\":[\"https:\\\/\\\/people.unipi.it\\\/marianne_hepp\\\/ricerca\\\/\"]}]},{\"@type\":\"BreadcrumbList\",\"@id\":\"https:\\\/\\\/people.unipi.it\\\/marianne_hepp\\\/ricerca\\\/#breadcrumb\",\"itemListElement\":[{\"@type\":\"ListItem\",\"position\":1,\"name\":\"Home\",\"item\":\"https:\\\/\\\/people.unipi.it\\\/marianne_hepp\\\/\"},{\"@type\":\"ListItem\",\"position\":2,\"name\":\"Collaborazione a progetti di ricerca\"}]},{\"@type\":\"WebSite\",\"@id\":\"https:\\\/\\\/people.unipi.it\\\/marianne_hepp\\\/#website\",\"url\":\"https:\\\/\\\/people.unipi.it\\\/marianne_hepp\\\/\",\"name\":\"MARIANNE HEPP\",\"description\":\"\",\"potentialAction\":[{\"@type\":\"SearchAction\",\"target\":{\"@type\":\"EntryPoint\",\"urlTemplate\":\"https:\\\/\\\/people.unipi.it\\\/marianne_hepp\\\/?s={search_term_string}\"},\"query-input\":{\"@type\":\"PropertyValueSpecification\",\"valueRequired\":true,\"valueName\":\"search_term_string\"}}],\"inLanguage\":\"it-IT\"}]}<\/script>\n<!-- \/ Yoast SEO plugin. -->","yoast_head_json":{"title":"Collaborazione a progetti di ricerca - MARIANNE HEPP","robots":{"index":"index","follow":"follow","max-snippet":"max-snippet:-1","max-image-preview":"max-image-preview:large","max-video-preview":"max-video-preview:-1"},"canonical":"https:\/\/people.unipi.it\/marianne_hepp\/ricerca\/","og_locale":"it_IT","og_type":"article","og_title":"Collaborazione a progetti di ricerca - MARIANNE HEPP","og_description":"Collaborazione a progetti di ricerca 2022-2025\u00a0\u00a0\u00a0 Progetto trinazionale DIGIWISS \u2013 Digitale Wissenschaftskommunikation in der Germanistischen Forschung und Lehre. Universit\u00e0 di Gie\u00dfen, Montpellier e Pisa 2023-2024\u00a0\u00a0\u00a0 Progetto interdisciplinare Mappatura digitale del lessico politico-religioso di Lutero nel contesto europeo. Istituto Italiano di Studi Germanici, Roma 2020-2022\u00a0 \u00a0 Partecipazione al progetto PRA 2020, Declinazioni europee del lessico religioso-politico [&hellip;]","og_url":"https:\/\/people.unipi.it\/marianne_hepp\/ricerca\/","og_site_name":"MARIANNE HEPP","article_modified_time":"2024-08-09T03:08:25+00:00","twitter_card":"summary_large_image","twitter_misc":{"Tempo di lettura stimato":"1 minuto"},"schema":{"@context":"https:\/\/schema.org","@graph":[{"@type":"WebPage","@id":"https:\/\/people.unipi.it\/marianne_hepp\/ricerca\/","url":"https:\/\/people.unipi.it\/marianne_hepp\/ricerca\/","name":"Collaborazione a progetti di ricerca - MARIANNE HEPP","isPartOf":{"@id":"https:\/\/people.unipi.it\/marianne_hepp\/#website"},"datePublished":"2016-07-27T06:32:52+00:00","dateModified":"2024-08-09T03:08:25+00:00","breadcrumb":{"@id":"https:\/\/people.unipi.it\/marianne_hepp\/ricerca\/#breadcrumb"},"inLanguage":"it-IT","potentialAction":[{"@type":"ReadAction","target":["https:\/\/people.unipi.it\/marianne_hepp\/ricerca\/"]}]},{"@type":"BreadcrumbList","@id":"https:\/\/people.unipi.it\/marianne_hepp\/ricerca\/#breadcrumb","itemListElement":[{"@type":"ListItem","position":1,"name":"Home","item":"https:\/\/people.unipi.it\/marianne_hepp\/"},{"@type":"ListItem","position":2,"name":"Collaborazione a progetti di ricerca"}]},{"@type":"WebSite","@id":"https:\/\/people.unipi.it\/marianne_hepp\/#website","url":"https:\/\/people.unipi.it\/marianne_hepp\/","name":"MARIANNE HEPP","description":"","potentialAction":[{"@type":"SearchAction","target":{"@type":"EntryPoint","urlTemplate":"https:\/\/people.unipi.it\/marianne_hepp\/?s={search_term_string}"},"query-input":{"@type":"PropertyValueSpecification","valueRequired":true,"valueName":"search_term_string"}}],"inLanguage":"it-IT"}]}},"_links":{"self":[{"href":"https:\/\/people.unipi.it\/marianne_hepp\/wp-json\/wp\/v2\/pages\/167","targetHints":{"allow":["GET"]}}],"collection":[{"href":"https:\/\/people.unipi.it\/marianne_hepp\/wp-json\/wp\/v2\/pages"}],"about":[{"href":"https:\/\/people.unipi.it\/marianne_hepp\/wp-json\/wp\/v2\/types\/page"}],"author":[{"embeddable":true,"href":"https:\/\/people.unipi.it\/marianne_hepp\/wp-json\/wp\/v2\/users\/285"}],"replies":[{"embeddable":true,"href":"https:\/\/people.unipi.it\/marianne_hepp\/wp-json\/wp\/v2\/comments?post=167"}],"version-history":[{"count":8,"href":"https:\/\/people.unipi.it\/marianne_hepp\/wp-json\/wp\/v2\/pages\/167\/revisions"}],"predecessor-version":[{"id":410,"href":"https:\/\/people.unipi.it\/marianne_hepp\/wp-json\/wp\/v2\/pages\/167\/revisions\/410"}],"wp:attachment":[{"href":"https:\/\/people.unipi.it\/marianne_hepp\/wp-json\/wp\/v2\/media?parent=167"}],"curies":[{"name":"wp","href":"https:\/\/api.w.org\/{rel}","templated":true}]}}