{"id":6,"date":"2015-04-08T11:11:35","date_gmt":"2015-04-08T09:11:35","guid":{"rendered":"http:\/\/people.unipi.it\/cloner\/?page_id=6"},"modified":"2026-02-18T13:12:31","modified_gmt":"2026-02-18T12:12:31","slug":"tesi-tirocinio","status":"publish","type":"page","link":"https:\/\/people.unipi.it\/giovanni_rallo\/tesi-tirocinio\/","title":{"rendered":"Elaborato-Tesi-Tirocinio"},"content":{"rendered":"\n<p><strong>ELABORATI FINALI<\/strong><\/p>\n\n\n\n<p>L&#8217;elaborato finale deve evidenziare la capacit\u00e0 e l&#8217;originalit\u00e0 dello studente nello studio dettagliato di un argomento innovativo per il contesto idraulico agrario e\/o agroidrologico dell&#8217;azienda agraria, nonch\u00e9 nel reperimento, nella catalogazione e nell&#8217;interpretazione dei materiali bibliografici relativi a tale argomento. Inoltre, il Tutor valuta la capacit\u00e0 redazionale di una relazione sintetica (lunghezza compresa tra i 30.000 e i 40.000 caratteri, spazi inclusi) scritta con spirito critico ed efficace. Infine, lo studente imposter\u00e0 una discussione orale della suddetta relazione, che consentir\u00e0 di valutare le capacit\u00e0 critiche e l\u2019attitudine a ragionare in una prospettiva multidisciplinare e professionale (abilit\u00e0 tecnica nella progettazione, competenze metodologiche e metriche).<\/p>\n\n\n\n<p><strong>TESI DI LAUREA<\/strong><\/p>\n\n\n\n<p>Con riferimento alle Tesi di Laurea Magistrale, in accordo agli insegnamenti di <em>Monitoraggio<br>e Gestione Della Risorsa Idrica in Agricoltura<\/em> (CdLM in SAS), <em>Monitoraggio e controllo avanzato degli stress delle colture<\/em> (CdLM in SAS) e <em>Laboratorio di precision farming<\/em> (CdLM in SAS), lo studente pu\u00f2 scegliere tra i seguenti argomenti:<\/p>\n\n\n\n<ol class=\"wp-block-list\">\n<li>Applicazione della modellistica e\/o della sensoristica AgroIdrologica per la gestione esperta dell\u2019irrigazione di sistemi colturali sparsi:\n<ul class=\"wp-block-list\">\n<li><em><a aria-label=\"Agrohydrological sensing and modeling for feed-forward and\/or feed-back control irrigation scheduling in Heterogenous crop system (apre in una nuova scheda)\" href=\"https:\/\/agrhysmo.agr.unipi.it\/upgrade-fao-56-paper\/\" target=\"_blank\" rel=\"noreferrer noopener\">Agrohydrological sensing and modeling for feed-forward and\/or feed-back control irrigation scheduling in Heterogenous crop system<\/a><\/em>); <\/li>\n\n\n\n<li><a href=\"https:\/\/agrhysmo.agr.unipi.it\/swatmo-kcb\/\" data-type=\"link\" data-id=\"https:\/\/agrhysmo.agr.unipi.it\/swatmo-kcb\/\">SWATMO-Kcb. A 4G\/5G&nbsp;expert irrigation management system with a&nbsp;<strong>high screening capacity<\/strong>&nbsp;of primary agrohydrological;<\/a><\/li>\n\n\n\n<li><a href=\"https:\/\/agrhysmo.agr.unipi.it\/upgrade-fao-56-paper\/\">ENHANCED FAO-56 SIMPLIFIED MODEL FOR FEED-FORWARD CONTROL IRRIGATION SCHEDULING IN HETEROGENOUS CROP SYSTEM<\/a>;<\/li>\n\n\n\n<li><a href=\"https:\/\/agrhysmo.agr.unipi.it\/wsn-drought\/\">TT OF PROPERTY&nbsp;WIRELESS SENSOR NETWORK (WSN) FOR DROUGHT ANALYSIS AND MITIGATION ACTION<\/a><\/li>\n\n\n\n<li><a href=\"https:\/\/www.agr.unipi.it\/proposte-di-tesi-per-paga-e-progevup\/\">Monitoraggio avanzato degli scambi idrici e gassosi in sistemi agrosilvopastorali.\u00a0<em>Advanced monitoring of water and GHG fluxes in agroforestry systems<\/em><\/a><\/li>\n<\/ul>\n<\/li>\n\n\n\n<li>Applicazione della spettroscopia da campo per la parametrizzazione della curva P-V e la stima delle componenti del potenziale idrico fogliare:\n<ul class=\"wp-block-list\">\n<li><em><a aria-label=\"Field Spectroscopy-Parameterization of olive leaf P-V curve and estimation of water potential components (apre in una nuova scheda)\" href=\"https:\/\/agrhysmo.agr.unipi.it\/field-spectroscopy-parameterization-of-olive-leaf-p-v-curve-and-estimation-of-water-potential-components\/\" target=\"_blank\" rel=\"noreferrer noopener\">Field Spectroscopy-Parameterization of olive leaf P-V curve and estimation of water potential components<\/a><\/em><\/li>\n<\/ul>\n<\/li>\n\n\n\n<li>Modellizzazione macroscopica delle funzioni di stress idrico attraverso l\u2019uso di sistemi HTS ed ERT:\n<ul class=\"wp-block-list\">\n<li><em><a aria-label=\"Macroscopic crop water\/salinity stress modeling using High-Throughput Screening, HTS, system (apre in una nuova scheda)\" href=\"https:\/\/agrhysmo.agr.unipi.it\/agrohydrology\/\" target=\"_blank\" rel=\"noreferrer noopener\">Macroscopic crop water\/salinity stress modelling<\/a><\/em> using High-Throughput Screening (<em><a aria-label=\"Macroscopic crop water\/salinity stress modeling using High-Throughput Screening, HTS, system (apre in una nuova scheda)\" href=\"https:\/\/agrhysmo.agr.unipi.it\/agrohydrology\/\" target=\"_blank\" rel=\"noreferrer noopener\">HTS) \u00ecsystem<\/a><\/em><\/li>\n<\/ul>\n<\/li>\n\n\n\n<li>Verifica di un protocollo semplificato per la calibrazione di sensori per la misura dell\u2019umidit\u00e0 del suolo<em><a aria-label=\"Testing of a simplified calibration procedure for soil moisture sensors (apre in una nuova scheda)\" href=\"https:\/\/agrhysmo.agr.unipi.it\/tdr-probe\/\" target=\"_blank\" rel=\"noreferrer noopener\">:<\/a><\/em>\n<ul class=\"wp-block-list\">\n<li><em><a aria-label=\"Testing of a simplified calibration procedure for soil moisture sensors (apre in una nuova scheda)\" href=\"https:\/\/agrhysmo.agr.unipi.it\/tdr-probe\/\" target=\"_blank\" rel=\"noreferrer noopener\">Testing of a simplified calibration procedure for soil moisture sensors<\/a><\/em><\/li>\n<\/ul>\n<\/li>\n<\/ol>\n\n\n\n<p>Scelto\nl\u2019argomento di suo interesse, lo studente potr\u00e0 affrontare il percorso seguendo\nuna delle due soluzioni:<\/p>\n\n\n\n<ol class=\"wp-block-list\">\n<li>Tesi tematica compilativa: indicata per lo studente con poco tempo da dedicare alla tesi. La soluzione \u00e8 aperta a tutti gli studenti e richiede un importante impegno nel reperimento, nella catalogazione e nell&#8217;interpretazione del materiale bibliografico. Impegno temporale minimo di 3 mesi.<\/li>\n\n\n\n<li>Tesi elaborativa: la soluzione \u00e8 consigliata agli studenti che intendono svolgere attivit\u00e0 progettuale o integrarsi nella ricerca scientifica. Allo scopo, lo studente affronter\u00e0 attivit\u00e0 di campionamento e<br>misurazione in campo\/laboratorio, di elaborazione ed interpretazione dei risultati.<br>Impegno temporale minimo di 6 mesi.<\/li>\n<\/ol>\n\n\n\n<p><\/p>\n\n\n\n<p><strong>TIROCINIO CURRICULARE<\/strong><\/p>\n\n\n\n<p>Il tirocinio prevede la stesura di un elaborato tecnico su una tematica di rilevanza applicativa e incentrata sullo studio territoriale dei consumi idrici potenziali all&#8217;interno del bacino del Tevere. Le attivit\u00e0 saranno finalizzate alla redazione di strumenti di studio come mappe tematiche e\/o database concernenti le variabili agroidrologiche, utili nella fase di programmazione delle risorse idriche di un territorio.<\/p>\n\n\n\n<p>Nello specifico, il programma delle attivit\u00e0 prevede:<\/p>\n\n\n\n<ul class=\"wp-block-list\">\n<li>Attivit\u00e0 I \u2013 40% \u2013<br>implementazione database dati agro-meteorologici ed agroidrologici per le 10<br>stazioni strumentate del SIR (Servizio Informativo Territoriale Regionale)<br>ricadenti all&#8217;interno del bacino in oggetto<\/li>\n\n\n\n<li>Attivit\u00e0 II \u2013 10%<br>\u2013 implementazione database con dati scaricati dal servizio NASA-POWER<\/li>\n\n\n\n<li>Attivit\u00e0 III \u2013 10%<br>\u2013 confronto e analisi critica tra le fonti di dati agrometeorologici:<br>NASA-POWER vs SIR<\/li>\n\n\n\n<li>Attivit\u00e0 IV \u2013 10%<br>\u2013 calcolo dell&#8217;evapotraspirazione di riferimento e e simulazione di scenari di<br>consumo idrico potenziale<\/li>\n\n\n\n<li>Attivit\u00e0 V \u2013 30% \u2013<br>redazione della relazione di dettaglio<\/li>\n<\/ul>\n\n\n\n<p>Per\nla metrica e la metodica di analisi saranno utilizzate le linee guida previste\ndall\u2019art. 3 del DM MIPAAF 31 LUGLIO 2015, indirizzate a suggerire la buona\nprassi per la quantificazione dei volumi irrigui sia alla scala aziendale sia a\nquella territoriale.<\/p>\n","protected":false},"excerpt":{"rendered":"<p>ELABORATI FINALI L&#8217;elaborato finale deve evidenziare la capacit\u00e0 e l&#8217;originalit\u00e0 dello studente nello studio dettagliato di un argomento innovativo per&hellip;<\/p>\n<p><a class=\"btn btn-dark btn-sm unipi-read-more-link\" href=\"https:\/\/people.unipi.it\/giovanni_rallo\/tesi-tirocinio\/\">Leggi tutto&#8230;<\/a><\/p>\n","protected":false},"author":1,"featured_media":0,"parent":0,"menu_order":0,"comment_status":"closed","ping_status":"closed","template":"","meta":{"_acf_changed":false,"footnotes":""},"class_list":["post-6","page","type-page","status-publish","hentry"],"acf":[],"featured_image_src":null,"yoast_head":"<!-- This site is optimized with the Yoast SEO plugin v27.6 - https:\/\/yoast.com\/product\/yoast-seo-wordpress\/ -->\n<title>Elaborato-Tesi-Tirocinio - GIOVANNI RALLO<\/title>\n<meta name=\"robots\" content=\"index, follow, max-snippet:-1, max-image-preview:large, max-video-preview:-1\" \/>\n<link rel=\"canonical\" href=\"https:\/\/people.unipi.it\/giovanni_rallo\/tesi-tirocinio\/\" \/>\n<meta property=\"og:locale\" content=\"it_IT\" \/>\n<meta property=\"og:type\" content=\"article\" \/>\n<meta property=\"og:title\" content=\"Elaborato-Tesi-Tirocinio - GIOVANNI RALLO\" \/>\n<meta property=\"og:description\" content=\"ELABORATI FINALI L&#8217;elaborato finale deve evidenziare la capacit\u00e0 e l&#8217;originalit\u00e0 dello studente nello studio dettagliato di un argomento innovativo per&hellip;Leggi tutto...\" \/>\n<meta property=\"og:url\" content=\"https:\/\/people.unipi.it\/giovanni_rallo\/tesi-tirocinio\/\" \/>\n<meta property=\"og:site_name\" content=\"GIOVANNI RALLO\" \/>\n<meta property=\"article:modified_time\" content=\"2026-02-18T12:12:31+00:00\" \/>\n<meta name=\"twitter:card\" content=\"summary_large_image\" \/>\n<meta name=\"twitter:label1\" content=\"Tempo di lettura stimato\" \/>\n\t<meta name=\"twitter:data1\" content=\"4 minuti\" \/>\n<script type=\"application\/ld+json\" class=\"yoast-schema-graph\">{\"@context\":\"https:\\\/\\\/schema.org\",\"@graph\":[{\"@type\":\"WebPage\",\"@id\":\"https:\\\/\\\/people.unipi.it\\\/giovanni_rallo\\\/tesi-tirocinio\\\/\",\"url\":\"https:\\\/\\\/people.unipi.it\\\/giovanni_rallo\\\/tesi-tirocinio\\\/\",\"name\":\"Elaborato-Tesi-Tirocinio - GIOVANNI RALLO\",\"isPartOf\":{\"@id\":\"https:\\\/\\\/people.unipi.it\\\/giovanni_rallo\\\/#website\"},\"datePublished\":\"2015-04-08T09:11:35+00:00\",\"dateModified\":\"2026-02-18T12:12:31+00:00\",\"breadcrumb\":{\"@id\":\"https:\\\/\\\/people.unipi.it\\\/giovanni_rallo\\\/tesi-tirocinio\\\/#breadcrumb\"},\"inLanguage\":\"it-IT\",\"potentialAction\":[{\"@type\":\"ReadAction\",\"target\":[\"https:\\\/\\\/people.unipi.it\\\/giovanni_rallo\\\/tesi-tirocinio\\\/\"]}]},{\"@type\":\"BreadcrumbList\",\"@id\":\"https:\\\/\\\/people.unipi.it\\\/giovanni_rallo\\\/tesi-tirocinio\\\/#breadcrumb\",\"itemListElement\":[{\"@type\":\"ListItem\",\"position\":1,\"name\":\"Home\",\"item\":\"https:\\\/\\\/people.unipi.it\\\/giovanni_rallo\\\/\"},{\"@type\":\"ListItem\",\"position\":2,\"name\":\"Elaborato-Tesi-Tirocinio\"}]},{\"@type\":\"WebSite\",\"@id\":\"https:\\\/\\\/people.unipi.it\\\/giovanni_rallo\\\/#website\",\"url\":\"https:\\\/\\\/people.unipi.it\\\/giovanni_rallo\\\/\",\"name\":\"GIOVANNI RALLO\",\"description\":\"\",\"potentialAction\":[{\"@type\":\"SearchAction\",\"target\":{\"@type\":\"EntryPoint\",\"urlTemplate\":\"https:\\\/\\\/people.unipi.it\\\/giovanni_rallo\\\/?s={search_term_string}\"},\"query-input\":{\"@type\":\"PropertyValueSpecification\",\"valueRequired\":true,\"valueName\":\"search_term_string\"}}],\"inLanguage\":\"it-IT\"}]}<\/script>\n<!-- \/ Yoast SEO plugin. -->","yoast_head_json":{"title":"Elaborato-Tesi-Tirocinio - GIOVANNI RALLO","robots":{"index":"index","follow":"follow","max-snippet":"max-snippet:-1","max-image-preview":"max-image-preview:large","max-video-preview":"max-video-preview:-1"},"canonical":"https:\/\/people.unipi.it\/giovanni_rallo\/tesi-tirocinio\/","og_locale":"it_IT","og_type":"article","og_title":"Elaborato-Tesi-Tirocinio - GIOVANNI RALLO","og_description":"ELABORATI FINALI L&#8217;elaborato finale deve evidenziare la capacit\u00e0 e l&#8217;originalit\u00e0 dello studente nello studio dettagliato di un argomento innovativo per&hellip;Leggi tutto...","og_url":"https:\/\/people.unipi.it\/giovanni_rallo\/tesi-tirocinio\/","og_site_name":"GIOVANNI RALLO","article_modified_time":"2026-02-18T12:12:31+00:00","twitter_card":"summary_large_image","twitter_misc":{"Tempo di lettura stimato":"4 minuti"},"schema":{"@context":"https:\/\/schema.org","@graph":[{"@type":"WebPage","@id":"https:\/\/people.unipi.it\/giovanni_rallo\/tesi-tirocinio\/","url":"https:\/\/people.unipi.it\/giovanni_rallo\/tesi-tirocinio\/","name":"Elaborato-Tesi-Tirocinio - GIOVANNI RALLO","isPartOf":{"@id":"https:\/\/people.unipi.it\/giovanni_rallo\/#website"},"datePublished":"2015-04-08T09:11:35+00:00","dateModified":"2026-02-18T12:12:31+00:00","breadcrumb":{"@id":"https:\/\/people.unipi.it\/giovanni_rallo\/tesi-tirocinio\/#breadcrumb"},"inLanguage":"it-IT","potentialAction":[{"@type":"ReadAction","target":["https:\/\/people.unipi.it\/giovanni_rallo\/tesi-tirocinio\/"]}]},{"@type":"BreadcrumbList","@id":"https:\/\/people.unipi.it\/giovanni_rallo\/tesi-tirocinio\/#breadcrumb","itemListElement":[{"@type":"ListItem","position":1,"name":"Home","item":"https:\/\/people.unipi.it\/giovanni_rallo\/"},{"@type":"ListItem","position":2,"name":"Elaborato-Tesi-Tirocinio"}]},{"@type":"WebSite","@id":"https:\/\/people.unipi.it\/giovanni_rallo\/#website","url":"https:\/\/people.unipi.it\/giovanni_rallo\/","name":"GIOVANNI RALLO","description":"","potentialAction":[{"@type":"SearchAction","target":{"@type":"EntryPoint","urlTemplate":"https:\/\/people.unipi.it\/giovanni_rallo\/?s={search_term_string}"},"query-input":{"@type":"PropertyValueSpecification","valueRequired":true,"valueName":"search_term_string"}}],"inLanguage":"it-IT"}]}},"_links":{"self":[{"href":"https:\/\/people.unipi.it\/giovanni_rallo\/wp-json\/wp\/v2\/pages\/6","targetHints":{"allow":["GET"]}}],"collection":[{"href":"https:\/\/people.unipi.it\/giovanni_rallo\/wp-json\/wp\/v2\/pages"}],"about":[{"href":"https:\/\/people.unipi.it\/giovanni_rallo\/wp-json\/wp\/v2\/types\/page"}],"author":[{"embeddable":true,"href":"https:\/\/people.unipi.it\/giovanni_rallo\/wp-json\/wp\/v2\/users\/1"}],"replies":[{"embeddable":true,"href":"https:\/\/people.unipi.it\/giovanni_rallo\/wp-json\/wp\/v2\/comments?post=6"}],"version-history":[{"count":11,"href":"https:\/\/people.unipi.it\/giovanni_rallo\/wp-json\/wp\/v2\/pages\/6\/revisions"}],"predecessor-version":[{"id":132,"href":"https:\/\/people.unipi.it\/giovanni_rallo\/wp-json\/wp\/v2\/pages\/6\/revisions\/132"}],"wp:attachment":[{"href":"https:\/\/people.unipi.it\/giovanni_rallo\/wp-json\/wp\/v2\/media?parent=6"}],"curies":[{"name":"wp","href":"https:\/\/api.w.org\/{rel}","templated":true}]}}