{"id":2,"date":"2015-04-08T09:07:42","date_gmt":"2015-04-08T09:07:42","guid":{"rendered":"http:\/\/people.unipi.it\/cloner\/?page_id=2"},"modified":"2024-02-19T11:24:21","modified_gmt":"2024-02-19T10:24:21","slug":"home","status":"publish","type":"page","link":"https:\/\/people.unipi.it\/gianmarco_vignozzi\/","title":{"rendered":"Home"},"content":{"rendered":"<div class=\"page\" title=\"Page 1\">\n<div class=\"layoutArea\">\n<div class=\"column\">\n<p style=\"text-align: left\"><a href=\"http:\/\/people.unipi.it\/gianmarco_vignozzi\/wp-content\/uploads\/sites\/545\/2020\/11\/image001-scaled.jpg\"><img loading=\"lazy\" decoding=\"async\" class=\"alignleft size-medium wp-image-56\" src=\"http:\/\/people.unipi.it\/gianmarco_vignozzi\/wp-content\/uploads\/sites\/545\/2020\/11\/image001-225x300.jpg\" alt=\"\" width=\"225\" height=\"300\" srcset=\"https:\/\/people.unipi.it\/gianmarco_vignozzi\/wp-content\/uploads\/sites\/545\/2020\/11\/image001-225x300.jpg 225w, https:\/\/people.unipi.it\/gianmarco_vignozzi\/wp-content\/uploads\/sites\/545\/2020\/11\/image001-768x1024.jpg 768w, https:\/\/people.unipi.it\/gianmarco_vignozzi\/wp-content\/uploads\/sites\/545\/2020\/11\/image001-1152x1536.jpg 1152w, https:\/\/people.unipi.it\/gianmarco_vignozzi\/wp-content\/uploads\/sites\/545\/2020\/11\/image001-1536x2048.jpg 1536w, https:\/\/people.unipi.it\/gianmarco_vignozzi\/wp-content\/uploads\/sites\/545\/2020\/11\/image001-scaled.jpg 1920w\" sizes=\"auto, (max-width: 225px) 100vw, 225px\" \/><\/a><\/p>\n<p style=\"text-align: left\">Gianmarco Vignozzi \u00e8 Ricercatore Senior (RtdB) in Lingua e Traduzione Inglese (L-LIN\/12) presso il Dipartimento di Filologia, Letteratura e Linguistica dell\u2019 Universit\u00e0 di Pisa.<\/p>\n<p>Dopo essersi laureato con lode in Lingue e Letterature straniere (2012) alla Facolt\u00e0 di Lingue e Letterature Straniere dell&#8217;Universit\u00e0 di Pisa, ha proseguito il suo percorso di studi presso lo stesso Ateneo conseguendo con lode la Laurea Magistrale in Lingue e Letterature Moderne Euroamericane (2015). Si \u00e8 poi specializzato in Lingua e Traduzione Inglese (L-Lin\/12) ottenendo il titolo di Dottore di Ricerca (Ph.D.) in Filologia, Letteratura e Linguistica &#8211; Curriculum in Linguistica delle Lingue moderne (2019) dall&#8217;Universit\u00e0 di Pisa. Durante tutti e tre i\u00a0cicli di studio ha svolto soggiorni di studio e ricerca all&#8217;estero. Il primo nell&#8217;a.a. 2010-2011 presso il Dipartimento di Lingue Moderne dell&#8217;Universit\u00e0 di Manchester (Inghilterra), il secondo nell&#8217;a.a. 2012-2013 presso di Dipartimento di Studi Europei dell&#8217;Universit\u00e0 di Cardiff (Galles) e il terzo nell&#8217;a.a. 2017-2018 al Dipartimento di Linguistica dell&#8217;Universit\u00e0 di Sydney (Australia).\u00a0<span style=\"font-size: inherit\">Il percorso di ricerca \u00e8 continuato presso lo stesso Ateneo, con un Assegno di ricerca (2019-2020) sulle potenzialit\u00e0 dei testi multimodali per l&#8217;insegnamento dell&#8217;inglese specialistico. \u00a0Dal 2021 al 2023 \u00e8 stato Ricercatore Junior (RtdA) presso il medesimo ateneo.<\/span><\/p>\n<\/div>\n<div class=\"column\">\n<p>I suoi ambiti di ricerca spaziano dall&#8217;analisi corpus-assisted dell&#8217;inglese in ambito specialistico (ESP), specialmente nel settore politico e giuridico, alla traduzione audiovisiva e all&#8217;analisi del testo multimodale. Su questi temi ha pubblicato diversi articoli su riviste scientifiche e due monografie (Cambridge Scholars (2019) sul linguaggio delle interviste politiche e Odoya (2019) sul linguaggio formulare nei cartoni animati Disney.<\/p>\n<\/div>\n<\/div>\n<\/div>\n","protected":false},"excerpt":{"rendered":"<p>Gianmarco Vignozzi \u00e8 Ricercatore Senior (RtdB) in Lingua e Traduzione Inglese (L-LIN\/12) presso il Dipartimento di Filologia, Letteratura e Linguistica dell\u2019 Universit\u00e0 di Pisa. Dopo essersi laureato con lode in Lingue e Letterature straniere (2012) alla Facolt\u00e0 di Lingue e Letterature Straniere dell&#8217;Universit\u00e0 di Pisa, ha proseguito il suo percorso di studi presso lo stesso [&hellip;]<\/p>\n","protected":false},"author":1,"featured_media":0,"parent":0,"menu_order":0,"comment_status":"closed","ping_status":"closed","template":"","meta":{"_acf_changed":false,"footnotes":""},"class_list":["post-2","page","type-page","status-publish","hentry"],"acf":[],"featured_image_src":null,"yoast_head":"<!-- This site is optimized with the Yoast SEO plugin v27.5 - https:\/\/yoast.com\/product\/yoast-seo-wordpress\/ -->\n<title>Home - GIANMARCO VIGNOZZI<\/title>\n<meta name=\"robots\" content=\"index, follow, max-snippet:-1, max-image-preview:large, max-video-preview:-1\" \/>\n<link rel=\"canonical\" href=\"https:\/\/people.unipi.it\/gianmarco_vignozzi\/\" \/>\n<meta property=\"og:locale\" content=\"it_IT\" \/>\n<meta property=\"og:type\" content=\"article\" \/>\n<meta property=\"og:title\" content=\"Home - GIANMARCO VIGNOZZI\" \/>\n<meta property=\"og:description\" content=\"Gianmarco Vignozzi \u00e8 Ricercatore Senior (RtdB) in Lingua e Traduzione Inglese (L-LIN\/12) presso il Dipartimento di Filologia, Letteratura e Linguistica dell\u2019 Universit\u00e0 di Pisa. Dopo essersi laureato con lode in Lingue e Letterature straniere (2012) alla Facolt\u00e0 di Lingue e Letterature Straniere dell&#8217;Universit\u00e0 di Pisa, ha proseguito il suo percorso di studi presso lo stesso [&hellip;]\" \/>\n<meta property=\"og:url\" content=\"https:\/\/people.unipi.it\/gianmarco_vignozzi\/\" \/>\n<meta property=\"og:site_name\" content=\"GIANMARCO VIGNOZZI\" \/>\n<meta property=\"article:modified_time\" content=\"2024-02-19T10:24:21+00:00\" \/>\n<meta property=\"og:image\" content=\"http:\/\/people.unipi.it\/gianmarco_vignozzi\/wp-content\/uploads\/sites\/545\/2020\/11\/image001-225x300.jpg\" \/>\n<meta name=\"twitter:card\" content=\"summary_large_image\" \/>\n<meta name=\"twitter:label1\" content=\"Tempo di lettura stimato\" \/>\n\t<meta name=\"twitter:data1\" content=\"1 minuto\" \/>\n<script type=\"application\/ld+json\" class=\"yoast-schema-graph\">{\"@context\":\"https:\\\/\\\/schema.org\",\"@graph\":[{\"@type\":\"WebPage\",\"@id\":\"https:\\\/\\\/people.unipi.it\\\/gianmarco_vignozzi\\\/\",\"url\":\"https:\\\/\\\/people.unipi.it\\\/gianmarco_vignozzi\\\/\",\"name\":\"Home - GIANMARCO VIGNOZZI\",\"isPartOf\":{\"@id\":\"https:\\\/\\\/people.unipi.it\\\/gianmarco_vignozzi\\\/#website\"},\"primaryImageOfPage\":{\"@id\":\"https:\\\/\\\/people.unipi.it\\\/gianmarco_vignozzi\\\/#primaryimage\"},\"image\":{\"@id\":\"https:\\\/\\\/people.unipi.it\\\/gianmarco_vignozzi\\\/#primaryimage\"},\"thumbnailUrl\":\"http:\\\/\\\/people.unipi.it\\\/gianmarco_vignozzi\\\/wp-content\\\/uploads\\\/sites\\\/545\\\/2020\\\/11\\\/image001-225x300.jpg\",\"datePublished\":\"2015-04-08T09:07:42+00:00\",\"dateModified\":\"2024-02-19T10:24:21+00:00\",\"breadcrumb\":{\"@id\":\"https:\\\/\\\/people.unipi.it\\\/gianmarco_vignozzi\\\/#breadcrumb\"},\"inLanguage\":\"it-IT\",\"potentialAction\":[{\"@type\":\"ReadAction\",\"target\":[\"https:\\\/\\\/people.unipi.it\\\/gianmarco_vignozzi\\\/\"]}]},{\"@type\":\"ImageObject\",\"inLanguage\":\"it-IT\",\"@id\":\"https:\\\/\\\/people.unipi.it\\\/gianmarco_vignozzi\\\/#primaryimage\",\"url\":\"https:\\\/\\\/people.unipi.it\\\/gianmarco_vignozzi\\\/wp-content\\\/uploads\\\/sites\\\/545\\\/2020\\\/11\\\/image001-scaled.jpg\",\"contentUrl\":\"https:\\\/\\\/people.unipi.it\\\/gianmarco_vignozzi\\\/wp-content\\\/uploads\\\/sites\\\/545\\\/2020\\\/11\\\/image001-scaled.jpg\",\"width\":1920,\"height\":2560},{\"@type\":\"BreadcrumbList\",\"@id\":\"https:\\\/\\\/people.unipi.it\\\/gianmarco_vignozzi\\\/#breadcrumb\",\"itemListElement\":[{\"@type\":\"ListItem\",\"position\":1,\"name\":\"Home\",\"item\":\"https:\\\/\\\/people.unipi.it\\\/gianmarco_vignozzi\\\/\"},{\"@type\":\"ListItem\",\"position\":2,\"name\":\"Home\"}]},{\"@type\":\"WebSite\",\"@id\":\"https:\\\/\\\/people.unipi.it\\\/gianmarco_vignozzi\\\/#website\",\"url\":\"https:\\\/\\\/people.unipi.it\\\/gianmarco_vignozzi\\\/\",\"name\":\"GIANMARCO VIGNOZZI\",\"description\":\"\",\"potentialAction\":[{\"@type\":\"SearchAction\",\"target\":{\"@type\":\"EntryPoint\",\"urlTemplate\":\"https:\\\/\\\/people.unipi.it\\\/gianmarco_vignozzi\\\/?s={search_term_string}\"},\"query-input\":{\"@type\":\"PropertyValueSpecification\",\"valueRequired\":true,\"valueName\":\"search_term_string\"}}],\"inLanguage\":\"it-IT\"}]}<\/script>\n<!-- \/ Yoast SEO plugin. -->","yoast_head_json":{"title":"Home - GIANMARCO VIGNOZZI","robots":{"index":"index","follow":"follow","max-snippet":"max-snippet:-1","max-image-preview":"max-image-preview:large","max-video-preview":"max-video-preview:-1"},"canonical":"https:\/\/people.unipi.it\/gianmarco_vignozzi\/","og_locale":"it_IT","og_type":"article","og_title":"Home - GIANMARCO VIGNOZZI","og_description":"Gianmarco Vignozzi \u00e8 Ricercatore Senior (RtdB) in Lingua e Traduzione Inglese (L-LIN\/12) presso il Dipartimento di Filologia, Letteratura e Linguistica dell\u2019 Universit\u00e0 di Pisa. Dopo essersi laureato con lode in Lingue e Letterature straniere (2012) alla Facolt\u00e0 di Lingue e Letterature Straniere dell&#8217;Universit\u00e0 di Pisa, ha proseguito il suo percorso di studi presso lo stesso [&hellip;]","og_url":"https:\/\/people.unipi.it\/gianmarco_vignozzi\/","og_site_name":"GIANMARCO VIGNOZZI","article_modified_time":"2024-02-19T10:24:21+00:00","og_image":[{"url":"http:\/\/people.unipi.it\/gianmarco_vignozzi\/wp-content\/uploads\/sites\/545\/2020\/11\/image001-225x300.jpg","type":"","width":"","height":""}],"twitter_card":"summary_large_image","twitter_misc":{"Tempo di lettura stimato":"1 minuto"},"schema":{"@context":"https:\/\/schema.org","@graph":[{"@type":"WebPage","@id":"https:\/\/people.unipi.it\/gianmarco_vignozzi\/","url":"https:\/\/people.unipi.it\/gianmarco_vignozzi\/","name":"Home - GIANMARCO VIGNOZZI","isPartOf":{"@id":"https:\/\/people.unipi.it\/gianmarco_vignozzi\/#website"},"primaryImageOfPage":{"@id":"https:\/\/people.unipi.it\/gianmarco_vignozzi\/#primaryimage"},"image":{"@id":"https:\/\/people.unipi.it\/gianmarco_vignozzi\/#primaryimage"},"thumbnailUrl":"http:\/\/people.unipi.it\/gianmarco_vignozzi\/wp-content\/uploads\/sites\/545\/2020\/11\/image001-225x300.jpg","datePublished":"2015-04-08T09:07:42+00:00","dateModified":"2024-02-19T10:24:21+00:00","breadcrumb":{"@id":"https:\/\/people.unipi.it\/gianmarco_vignozzi\/#breadcrumb"},"inLanguage":"it-IT","potentialAction":[{"@type":"ReadAction","target":["https:\/\/people.unipi.it\/gianmarco_vignozzi\/"]}]},{"@type":"ImageObject","inLanguage":"it-IT","@id":"https:\/\/people.unipi.it\/gianmarco_vignozzi\/#primaryimage","url":"https:\/\/people.unipi.it\/gianmarco_vignozzi\/wp-content\/uploads\/sites\/545\/2020\/11\/image001-scaled.jpg","contentUrl":"https:\/\/people.unipi.it\/gianmarco_vignozzi\/wp-content\/uploads\/sites\/545\/2020\/11\/image001-scaled.jpg","width":1920,"height":2560},{"@type":"BreadcrumbList","@id":"https:\/\/people.unipi.it\/gianmarco_vignozzi\/#breadcrumb","itemListElement":[{"@type":"ListItem","position":1,"name":"Home","item":"https:\/\/people.unipi.it\/gianmarco_vignozzi\/"},{"@type":"ListItem","position":2,"name":"Home"}]},{"@type":"WebSite","@id":"https:\/\/people.unipi.it\/gianmarco_vignozzi\/#website","url":"https:\/\/people.unipi.it\/gianmarco_vignozzi\/","name":"GIANMARCO VIGNOZZI","description":"","potentialAction":[{"@type":"SearchAction","target":{"@type":"EntryPoint","urlTemplate":"https:\/\/people.unipi.it\/gianmarco_vignozzi\/?s={search_term_string}"},"query-input":{"@type":"PropertyValueSpecification","valueRequired":true,"valueName":"search_term_string"}}],"inLanguage":"it-IT"}]}},"_links":{"self":[{"href":"https:\/\/people.unipi.it\/gianmarco_vignozzi\/wp-json\/wp\/v2\/pages\/2","targetHints":{"allow":["GET"]}}],"collection":[{"href":"https:\/\/people.unipi.it\/gianmarco_vignozzi\/wp-json\/wp\/v2\/pages"}],"about":[{"href":"https:\/\/people.unipi.it\/gianmarco_vignozzi\/wp-json\/wp\/v2\/types\/page"}],"author":[{"embeddable":true,"href":"https:\/\/people.unipi.it\/gianmarco_vignozzi\/wp-json\/wp\/v2\/users\/1"}],"replies":[{"embeddable":true,"href":"https:\/\/people.unipi.it\/gianmarco_vignozzi\/wp-json\/wp\/v2\/comments?post=2"}],"version-history":[{"count":24,"href":"https:\/\/people.unipi.it\/gianmarco_vignozzi\/wp-json\/wp\/v2\/pages\/2\/revisions"}],"predecessor-version":[{"id":99,"href":"https:\/\/people.unipi.it\/gianmarco_vignozzi\/wp-json\/wp\/v2\/pages\/2\/revisions\/99"}],"wp:attachment":[{"href":"https:\/\/people.unipi.it\/gianmarco_vignozzi\/wp-json\/wp\/v2\/media?parent=2"}],"curies":[{"name":"wp","href":"https:\/\/api.w.org\/{rel}","templated":true}]}}