{"id":6,"date":"2015-04-08T11:11:35","date_gmt":"2015-04-08T09:11:35","guid":{"rendered":"http:\/\/people.unipi.it\/cloner\/?page_id=6"},"modified":"2020-11-13T10:28:47","modified_gmt":"2020-11-13T09:28:47","slug":"curriculum","status":"publish","type":"page","link":"https:\/\/people.unipi.it\/francesca_daldegan\/curriculum\/","title":{"rendered":"Curriculum"},"content":{"rendered":"<p style=\"text-align: center\">\n<p><strong>Education<\/strong><\/p>\n<p><strong>Abilitazione scientifica nazionale<\/strong>, professore di prima fascia, settore concorsulae 13\/C1<\/p>\n<p><strong>Abilitazione scientifica nazionale<\/strong>, professore di seconda fascia, settore concorsuale 13\/C1<\/p>\n<p><strong>Post-Doctoral Research<\/strong>, Centre d&#8217;Etudes Interdisciplinaires Walras-Pareto, University of Lausanne (CH)<\/p>\n<p><strong>PhD in<\/strong> <strong>History of Economic Thought<\/strong>, thesis: &#8220;Economic and Social discourse in J. C. L. Sismondi\u2019s writings&#8221;, University of Florence<\/p>\n<p>\u201c<strong>Laurea specialistica\u201d\u00a0 in Philosophy<\/strong> (110\/110), thesis: \u201cExperiences and Theories of Relational Economics\u201d (Prof. T. Raffaelli), University of Pise<\/p>\n<p><strong>Research activities<\/strong><\/p>\n<p>2020-today: <strong>Associate Professor<\/strong>, History of Economic Thought, Dep. Management and Economics, University of Pisa<\/p>\n<p>2016-2020: <strong>Researcher in History of Economic Thought, <\/strong>University of Pisa<\/p>\n<p>2019-2020: Guest Editor con Daniela Giaconi, <em>Il pensiero economico italiano<\/em>, &#8220;Scienza economica e fascismo. Temi e protagonisti&#8221;, 2019, 2; 2020, 1<\/p>\n<p>Guest Editor, <em>European Journal of History of Economich Thought<\/em>, &#8220;Antonio Genovesi, Economist&#8221;, 2018, 25<\/p>\n<p>2010-2014\u00a0: <strong>Researcher FNS (Fond National de la Recherche Scientifique Suisse)<\/strong>, Centre d\u2019\u00e9tudes interdisciplinaires Walras-Pareto, University of Lausanne<\/p>\n<p>2007-2018 : <strong>Editor<\/strong> of J. C. L. Sismondi, \u0152uvres Economiques Compl\u00e8tes, Economica, Paris<\/p>\n<p>2012-2013: <strong>Coordinator<\/strong> of the <strong>Scientific commitee<\/strong> of the three International Conferences about <em>Antonio Genovesi and the European Enlightenment<\/em>, \u00ab Luigi Sturzo \u00bb Institut, University of Milano-Bicocca and University Lumsa, Roma<\/p>\n<p>2011-2012: <strong>Research Project<\/strong> \u201cAntonio Genovesi e la nascita dell\u2019economia civile\u201d, \u201cLuigi Sturzo\u201d Institut, Rome (with L. Bruni and S. Zamagni)<\/p>\n<p>2007-2009\u00a0: <strong>Post-doctoral research<\/strong>, Centre d&#8217;Etudes Interdisciplinaires Walras-Pareto, University of Lausanne (CH)<\/p>\n<p>2003: <strong>Research grant<\/strong> de l&#8217;Association d&#8217;\u00e9tudes sismondiens (Pescia- Italie)<\/p>\n<p>2001-2002: <strong>Research grant<\/strong> &#8220;Progetto giovani ricercatori&#8221;, University of Florence (Prof. M. Dardi)<\/p>\n<p>1999-2003\u00a0: <strong>PhD in History of Economic Thought<\/strong>, University of Florence<\/p>\n<p>1997-1998\u00a0: <strong>Research Grant in History of Economic Thought<\/strong>, University of Pise (Prof. R. Faucci)<\/p>\n<p>1995-1996: <strong>Erasmus scholar<\/strong> at the University Pi\u00e8rre-Mend\u00e8s France, Grenoble<\/p>\n<p><strong>Teaching<\/strong><\/p>\n<p>2019-today: <strong>Teaching<\/strong> of History of Economic Analysis, Phd in Economics, University of Siena<\/p>\n<p>2016-today : <strong>Teaching<\/strong> of History of Economic Thought, University of Pisa<\/p>\n<p>2014-2015\u00a0: <strong>Teaching<\/strong> of Economics and Ethics, University IU Sophia, Florence<\/p>\n<p>2014-2015\u00a0: <strong>Teaching<\/strong> of Civil Economy, University IU Sophia, Florence<\/p>\n<p>2013-2014: <strong>Teaching<\/strong> of Civil Economy, Sophia University, Florence<\/p>\n<p>2012-2013: <strong>Teaching<\/strong> of History of Economic Thought, IU Sophia University, Loppiano Florence<\/p>\n<p>2010-2011\u00a0: <strong>Teaching<\/strong> of La storia dell\u2019analisi nel pensiero economico in Italia nel Dopoguerra, integrative of the course \u00ab Metodo delle Scienze Economiche \u00bb (P. L. Porta)<\/p>\n<p>2003-2004\u00a0: <strong>Teaching<\/strong> of Economics and History, University of Milan-Bicocca (with L.Bruni and P. Porta) (seminars)<\/p>\n<p><strong>Conference Speeches<\/strong><\/p>\n<p>2019: Eshet Conference, paper: Metaphors and Narratives in Sismondi&#8217;s Economic Discourse, University of Lille<\/p>\n<p>2018: International Conference, Centro Interuniversitario di Documentazione sul Pensiero Economico Italiano (CIPEI), paper (con Fabrizio Simon): Le riviste generaliste tra cultura economica e propaganda di regime<\/p>\n<p>2018: Seminar: The Birth of Economics as a Social Science, Accademia delle Scienze, Classe di Scienze Morali, Bologna<\/p>\n<p>2018: Conference &#8220;Domus Mazziniana&#8221;, Libert\u00e9s dopo la Rivoluzione, paper: Repubblicanesimo e economiampolitica: una chiave di lettura dell&#8217;opera sismondiana<\/p>\n<p>2017: Aispe Conference, paper: Beyond virtues and vices: Antonio Genovesi and Adam Smith Theory of Relationships, University of Roma Tre<\/p>\n<p>2016: Les Oeuvres Economiques Compl\u00e8tes de J. C. L. Sismondi, University of Lausanne<\/p>\n<p>2016: AISPE Conference, paper: <em>Libert\u00e0 dei moderni ed economia politica: la visione repubblicana di Sismondi, <\/em>University of Lecce<\/p>\n<p>2015: International Conference, paper: <em>L&#8217;economia per cerchi concentrici: J. C. L. Sismondi e la scienza fondata sui Principes<\/em>, University of Pisa<\/p>\n<p>2014: International Conference, paper: <em>Economic and Religious Vocabularies in Genovesi\u2019s Lezioni di Economia Civile<\/em>, University of Lumsa, Rome<\/p>\n<p>2014: Seminar: <em>Sismondi Economista<\/em>, Cassa di Risparmio di Pistoia Foundation, Pistoia.<\/p>\n<p>2013: International Conference, paper: <em>A. Genovesi and the first chaire of Economics<\/em>, Istituto Lombardo, Accademia di Scienza e Lettere, Milan<\/p>\n<p>2013: Eshet Conference, paper: <em>Sismondi and the preconditions of slavery in modern societies<\/em>, Kingston Business School, London<\/p>\n<p>2013: Conf\u00e9rence of the Association \u201cSismondian Studies\u201d: Presentation of<em> Oeuvres Economiques Compl\u00e8tes de J. C. L. Sismondi<\/em> (with Pascal Bridel and Nicolas Eyguesier), Palazzo Strozzi, Florence<\/p>\n<p>2011\u00a0: Aispe Conference, paper: <em>Sismondi lettore di Adam Smith<\/em>, University of Pise<\/p>\n<p>2011\u00a0: Eshet Conference, paper\u00a0: <em>The notion of interest in Sismondian system of liberty\u00a0<\/em>, University of Instanbul<\/p>\n<p>2010: International Conference, paper: <em>Opinion and <\/em>Int\u00e9r\u00eats vivants<em> in Sismondi\u2019s Economic Discourse<\/em><\/p>\n<p>2010\u00a0: United World Association Conference, paper: <em>L\u2019altra faccia dell\u2019economia\u00a0: verso una globalizzazione solidale\u00a0<\/em>, La Spezia, Italy<\/p>\n<p>2009\u00a0: Workshop on Sismondi, paper\u00a0: <em>Diversit\u00e9 et int\u00e9r\u00eats vivants dans la pens\u00e9e de Sismondi\u00a0<\/em>, University of Neuchatel<\/p>\n<p>2008\u00a0: Eshet conference, paper\u00a0: <em>Sismondi on Quesnay and Smith\u00a0: Wealth and Development in earlier Sismondi\u2019s writings<\/em>\u00a0, University of Prague<\/p>\n<p>2007\u00a0: Eshet Conference, paper: <em>Political roots of Sismondian economics\u00a0: between rights and capabilities\u00a0<\/em>, University of Strasbourg<\/p>\n<p>2005: Storep Conference, paper: <em>Le decisioni nell&#8217;economia: lo sguardo di un economista critico\u00a0<\/em>, University of Siena<\/p>\n<p>2005: Eshet Conference, paper: <em>The epistemological &#8220;vision&#8221; of the young Sismondi\u00a0<\/em>, University of Stirling<\/p>\n<p>2005: Workshop, Association \u201cSismondian Studies\u201d, paper: &#8221;\u00a0Una storia per cerchi concentrici. L&#8217;edizione critica della Richesse Commerciale\u00a0&#8221; and paper: <em>Sismondi penseur della complessit\u00e0<\/em>, Pescia-Florence<\/p>\n<p>2004: Workshop on &#8220;Sismondi economista sociale\u00a0&#8220;, paper: <em>Ricchezza e felicit\u00e0 nella prospettiva dell&#8217;economista sociale\u00a0<\/em>, University of Pise<\/p>\n<p>2004: Eshet Conference, paper: <em>The prices: between social institutions and markets. <\/em><em>The case <\/em><\/p>\n<p><em>of La Richesse Commerciale<\/em>\u00a0, University of Venise<\/p>\n<p>2003: AISPE Conference, paper: \u00a0<em>Il modello sismondiano del 1824\u00a0<\/em>, University of Brescia<\/p>\n<p>2003: Meeting: &#8220;Politica, economia e collezionismo in un protagonista del Risorgimento\u00a0&#8220;, paper (with P.L. Porta): <em>Moneta e Banca nel pensiero di Enrico Cernuschi<\/em>, University of Milan and Istituto Lombardo di scienze e lettere<\/p>\n<p>2004: Ph. D thesis: <em>Economia e Societ\u00e0 nel pensiero di J. C. L. Simondi<\/em>, University of Florence<\/p>\n<p>2001: Meeting: &#8220;Economics in Dictionaries\u00a0&#8220;, paper: <em>La voce Sismondi in alcuni dizionari dell&#8217;Ottocento<\/em>, University of Florence<\/p>\n<p>2001: AISPE Conference, paper: <em>L&#8217;idea di sviluppo nel pensiero di J. C. Sismondi<\/em>, University of Lecce<\/p>\n<p>1999: AISPE Conference, paper: <em>Le carte Sismondi at Pescia Archives<\/em>, Pratolino (Florence)<\/p>\n<p>1998: Conference SIE (Societ\u00e0 Italiana degli Economisti), paper: <em>Le carte Le Play nell&#8217;archivio U. Peruzzi<\/em>, University of Lecce<\/p>\n<p><strong><em>\u00a0<\/em><\/strong><\/p>\n","protected":false},"excerpt":{"rendered":"<p>Education Abilitazione scientifica nazionale, professore di prima fascia, settore concorsulae 13\/C1 Abilitazione scientifica nazionale, professore di seconda fascia, settore concorsuale 13\/C1 Post-Doctoral Research, Centre d&#8217;Etudes Interdisciplinaires Walras-Pareto, University of Lausanne (CH) PhD in History of Economic Thought, thesis: &#8220;Economic and Social discourse in J. C. L. Sismondi\u2019s writings&#8221;, University of Florence \u201cLaurea specialistica\u201d\u00a0 in Philosophy [&hellip;]<\/p>\n","protected":false},"author":1,"featured_media":0,"parent":0,"menu_order":0,"comment_status":"closed","ping_status":"closed","template":"","meta":{"_acf_changed":false,"footnotes":""},"class_list":["post-6","page","type-page","status-publish","hentry"],"acf":[],"featured_image_src":null,"yoast_head":"<!-- This site is optimized with the Yoast SEO plugin v27.6 - https:\/\/yoast.com\/product\/yoast-seo-wordpress\/ -->\n<title>Curriculum - FRANCESCA DAL DEGAN<\/title>\n<meta name=\"robots\" content=\"index, follow, max-snippet:-1, max-image-preview:large, max-video-preview:-1\" \/>\n<link rel=\"canonical\" href=\"https:\/\/people.unipi.it\/francesca_daldegan\/curriculum\/\" \/>\n<meta property=\"og:locale\" content=\"it_IT\" \/>\n<meta property=\"og:type\" content=\"article\" \/>\n<meta property=\"og:title\" content=\"Curriculum - FRANCESCA DAL DEGAN\" \/>\n<meta property=\"og:description\" content=\"Education Abilitazione scientifica nazionale, professore di prima fascia, settore concorsulae 13\/C1 Abilitazione scientifica nazionale, professore di seconda fascia, settore concorsuale 13\/C1 Post-Doctoral Research, Centre d&#8217;Etudes Interdisciplinaires Walras-Pareto, University of Lausanne (CH) PhD in History of Economic Thought, thesis: &#8220;Economic and Social discourse in J. C. L. Sismondi\u2019s writings&#8221;, University of Florence \u201cLaurea specialistica\u201d\u00a0 in Philosophy [&hellip;]\" \/>\n<meta property=\"og:url\" content=\"https:\/\/people.unipi.it\/francesca_daldegan\/curriculum\/\" \/>\n<meta property=\"og:site_name\" content=\"FRANCESCA DAL DEGAN\" \/>\n<meta property=\"article:modified_time\" content=\"2020-11-13T09:28:47+00:00\" \/>\n<meta name=\"twitter:card\" content=\"summary_large_image\" \/>\n<meta name=\"twitter:label1\" content=\"Tempo di lettura stimato\" \/>\n\t<meta name=\"twitter:data1\" content=\"5 minuti\" \/>\n<script type=\"application\/ld+json\" class=\"yoast-schema-graph\">{\"@context\":\"https:\\\/\\\/schema.org\",\"@graph\":[{\"@type\":\"WebPage\",\"@id\":\"https:\\\/\\\/people.unipi.it\\\/francesca_daldegan\\\/curriculum\\\/\",\"url\":\"https:\\\/\\\/people.unipi.it\\\/francesca_daldegan\\\/curriculum\\\/\",\"name\":\"Curriculum - FRANCESCA DAL DEGAN\",\"isPartOf\":{\"@id\":\"https:\\\/\\\/people.unipi.it\\\/francesca_daldegan\\\/#website\"},\"datePublished\":\"2015-04-08T09:11:35+00:00\",\"dateModified\":\"2020-11-13T09:28:47+00:00\",\"breadcrumb\":{\"@id\":\"https:\\\/\\\/people.unipi.it\\\/francesca_daldegan\\\/curriculum\\\/#breadcrumb\"},\"inLanguage\":\"it-IT\",\"potentialAction\":[{\"@type\":\"ReadAction\",\"target\":[\"https:\\\/\\\/people.unipi.it\\\/francesca_daldegan\\\/curriculum\\\/\"]}]},{\"@type\":\"BreadcrumbList\",\"@id\":\"https:\\\/\\\/people.unipi.it\\\/francesca_daldegan\\\/curriculum\\\/#breadcrumb\",\"itemListElement\":[{\"@type\":\"ListItem\",\"position\":1,\"name\":\"Home\",\"item\":\"https:\\\/\\\/people.unipi.it\\\/francesca_daldegan\\\/\"},{\"@type\":\"ListItem\",\"position\":2,\"name\":\"Curriculum\"}]},{\"@type\":\"WebSite\",\"@id\":\"https:\\\/\\\/people.unipi.it\\\/francesca_daldegan\\\/#website\",\"url\":\"https:\\\/\\\/people.unipi.it\\\/francesca_daldegan\\\/\",\"name\":\"FRANCESCA DAL DEGAN\",\"description\":\"\",\"potentialAction\":[{\"@type\":\"SearchAction\",\"target\":{\"@type\":\"EntryPoint\",\"urlTemplate\":\"https:\\\/\\\/people.unipi.it\\\/francesca_daldegan\\\/?s={search_term_string}\"},\"query-input\":{\"@type\":\"PropertyValueSpecification\",\"valueRequired\":true,\"valueName\":\"search_term_string\"}}],\"inLanguage\":\"it-IT\"}]}<\/script>\n<!-- \/ Yoast SEO plugin. -->","yoast_head_json":{"title":"Curriculum - FRANCESCA DAL DEGAN","robots":{"index":"index","follow":"follow","max-snippet":"max-snippet:-1","max-image-preview":"max-image-preview:large","max-video-preview":"max-video-preview:-1"},"canonical":"https:\/\/people.unipi.it\/francesca_daldegan\/curriculum\/","og_locale":"it_IT","og_type":"article","og_title":"Curriculum - FRANCESCA DAL DEGAN","og_description":"Education Abilitazione scientifica nazionale, professore di prima fascia, settore concorsulae 13\/C1 Abilitazione scientifica nazionale, professore di seconda fascia, settore concorsuale 13\/C1 Post-Doctoral Research, Centre d&#8217;Etudes Interdisciplinaires Walras-Pareto, University of Lausanne (CH) PhD in History of Economic Thought, thesis: &#8220;Economic and Social discourse in J. C. L. Sismondi\u2019s writings&#8221;, University of Florence \u201cLaurea specialistica\u201d\u00a0 in Philosophy [&hellip;]","og_url":"https:\/\/people.unipi.it\/francesca_daldegan\/curriculum\/","og_site_name":"FRANCESCA DAL DEGAN","article_modified_time":"2020-11-13T09:28:47+00:00","twitter_card":"summary_large_image","twitter_misc":{"Tempo di lettura stimato":"5 minuti"},"schema":{"@context":"https:\/\/schema.org","@graph":[{"@type":"WebPage","@id":"https:\/\/people.unipi.it\/francesca_daldegan\/curriculum\/","url":"https:\/\/people.unipi.it\/francesca_daldegan\/curriculum\/","name":"Curriculum - FRANCESCA DAL DEGAN","isPartOf":{"@id":"https:\/\/people.unipi.it\/francesca_daldegan\/#website"},"datePublished":"2015-04-08T09:11:35+00:00","dateModified":"2020-11-13T09:28:47+00:00","breadcrumb":{"@id":"https:\/\/people.unipi.it\/francesca_daldegan\/curriculum\/#breadcrumb"},"inLanguage":"it-IT","potentialAction":[{"@type":"ReadAction","target":["https:\/\/people.unipi.it\/francesca_daldegan\/curriculum\/"]}]},{"@type":"BreadcrumbList","@id":"https:\/\/people.unipi.it\/francesca_daldegan\/curriculum\/#breadcrumb","itemListElement":[{"@type":"ListItem","position":1,"name":"Home","item":"https:\/\/people.unipi.it\/francesca_daldegan\/"},{"@type":"ListItem","position":2,"name":"Curriculum"}]},{"@type":"WebSite","@id":"https:\/\/people.unipi.it\/francesca_daldegan\/#website","url":"https:\/\/people.unipi.it\/francesca_daldegan\/","name":"FRANCESCA DAL DEGAN","description":"","potentialAction":[{"@type":"SearchAction","target":{"@type":"EntryPoint","urlTemplate":"https:\/\/people.unipi.it\/francesca_daldegan\/?s={search_term_string}"},"query-input":{"@type":"PropertyValueSpecification","valueRequired":true,"valueName":"search_term_string"}}],"inLanguage":"it-IT"}]}},"_links":{"self":[{"href":"https:\/\/people.unipi.it\/francesca_daldegan\/wp-json\/wp\/v2\/pages\/6","targetHints":{"allow":["GET"]}}],"collection":[{"href":"https:\/\/people.unipi.it\/francesca_daldegan\/wp-json\/wp\/v2\/pages"}],"about":[{"href":"https:\/\/people.unipi.it\/francesca_daldegan\/wp-json\/wp\/v2\/types\/page"}],"author":[{"embeddable":true,"href":"https:\/\/people.unipi.it\/francesca_daldegan\/wp-json\/wp\/v2\/users\/1"}],"replies":[{"embeddable":true,"href":"https:\/\/people.unipi.it\/francesca_daldegan\/wp-json\/wp\/v2\/comments?post=6"}],"version-history":[{"count":6,"href":"https:\/\/people.unipi.it\/francesca_daldegan\/wp-json\/wp\/v2\/pages\/6\/revisions"}],"predecessor-version":[{"id":61,"href":"https:\/\/people.unipi.it\/francesca_daldegan\/wp-json\/wp\/v2\/pages\/6\/revisions\/61"}],"wp:attachment":[{"href":"https:\/\/people.unipi.it\/francesca_daldegan\/wp-json\/wp\/v2\/media?parent=6"}],"curies":[{"name":"wp","href":"https:\/\/api.w.org\/{rel}","templated":true}]}}