{"id":47,"date":"2021-09-14T18:55:22","date_gmt":"2021-09-14T16:55:22","guid":{"rendered":"http:\/\/people.unipi.it\/federico_bianchi\/?page_id=47"},"modified":"2023-03-08T15:14:00","modified_gmt":"2023-03-08T14:14:00","slug":"aule","status":"publish","type":"page","link":"https:\/\/people.unipi.it\/federico_bianchi\/aule\/","title":{"rendered":"Aule UniPI: proiettori"},"content":{"rendered":"\n<p>I videoproiettori nelle aule dell&#8217;Ateneo hanno sempre almeno uno di questi due <span style=\"text-decoration: underline\">ingressi<\/span> per il video: <strong><em>HDMI<\/em><\/strong> (digitale) e <strong><em>VGA<\/em><\/strong> (analogico); sui monitor \u00e8 possibile trovare <strong><em>DisplayPort<\/em><\/strong> (&#8220;<strong>DP<\/strong>&#8220;, digitale). I connettori sono rispettivamente:<br> <img loading=\"lazy\" decoding=\"async\" width=\"189\" height=\"125\" class=\"wp-image-64\" src=\"https:\/\/people.unipi.it\/federico_bianchi\/wp-content\/uploads\/sites\/88\/2023\/03\/image-4.png\" alt=\"HDMI\"><img loading=\"lazy\" decoding=\"async\" width=\"193\" height=\"107\" class=\"wp-image-63\" src=\"https:\/\/people.unipi.it\/federico_bianchi\/wp-content\/uploads\/sites\/88\/2023\/03\/image-3.png\" alt=\"VGA\" srcset=\"https:\/\/people.unipi.it\/federico_bianchi\/wp-content\/uploads\/sites\/88\/2023\/03\/image-3.png 642w, https:\/\/people.unipi.it\/federico_bianchi\/wp-content\/uploads\/sites\/88\/2023\/03\/image-3-300x166.png 300w\" sizes=\"auto, (max-width: 193px) 100vw, 193px\" \/><img loading=\"lazy\" decoding=\"async\" width=\"189\" height=\"166\" class=\"wp-image-65\" src=\"https:\/\/people.unipi.it\/federico_bianchi\/wp-content\/uploads\/sites\/88\/2023\/03\/image-5.png\" alt=\"Display Port\"><br>Ove presente, HDMI \u00e8 quasi sempre di gran lunga preferibile perch\u00e9 il segnale video \u00e8 meno soggetto a disturbi e a problemi di sincronismo incorretto; inoltre, una connessione HDMI pu\u00f2 portare anche l&#8217;audio. Su gran parte dei proiettori \u00e8 possibile cercare automaticamente la sorgente attiva (di solito c&#8217;\u00e8 un pulsante <em>&#8220;Source Search&#8221; <\/em>\/ <em>&#8220;Ricerca sorgente&#8221;<\/em>) dal telecomando o, quando \u00e8 raggiungibile, dal pannello; altrimenti la si pu\u00f2 selezionare manualmente. Agli ingressi concretamente utilizzabili \u00e8 collegato (o, nel caso dei proiettori mobili, pu\u00f2 esserlo) un cavo: non di rado questo viene schiacciato, deformato o calpestato, con tutti i problemi che ci\u00f2 pu\u00f2 comportare.<br><br>Pure lato computer le <span style=\"text-decoration: underline\">uscite<\/span> generalmente sono DP, HDMI o (sempre pi\u00f9 di rado) VGA, ma i connettori possono essere diversi dai tre tipi visti poc&#8217;anzi: possiamo trovare HDMI nei formati &#8220;mini&#8221; (raro) e &#8220;micro&#8221; (meno infrequente), mentre DisplayPort di solito arriva con i connettori <strong><em>miniDP<\/em><\/strong> o &#8220;<em><strong>USB-C<\/strong><\/em>&#8221; (e in quest&#8217;ultimo caso trasporta pure l&#8217;audio); sugli iPhone e molti modelli di iPad l&#8217;uscita si chiama <em>&#8220;<strong>Lightning<\/strong><\/em>&#8220;. Se l&#8217;ingresso dal cavo non \u00e8 direttamente utilizzabile sul computer serve usare un adattatore: il tipo specifico varia a seconda di cosa abbiamo da entrambi i lati del collegamento.<\/p>\n\n\n\n<figure class=\"wp-block-image size-full is-resized\"><a href=\"https:\/\/people.unipi.it\/federico_bianchi\/wp-content\/uploads\/sites\/88\/2023\/03\/image-6.png\"><img loading=\"lazy\" decoding=\"async\" src=\"https:\/\/people.unipi.it\/federico_bianchi\/wp-content\/uploads\/sites\/88\/2023\/03\/image-6.png\" alt=\"\" class=\"wp-image-72\" width=\"586\" height=\"596\" srcset=\"https:\/\/people.unipi.it\/federico_bianchi\/wp-content\/uploads\/sites\/88\/2023\/03\/image-6.png 946w, https:\/\/people.unipi.it\/federico_bianchi\/wp-content\/uploads\/sites\/88\/2023\/03\/image-6-295x300.png 295w, https:\/\/people.unipi.it\/federico_bianchi\/wp-content\/uploads\/sites\/88\/2023\/03\/image-6-768x782.png 768w, https:\/\/people.unipi.it\/federico_bianchi\/wp-content\/uploads\/sites\/88\/2023\/03\/image-6-60x60.png 60w\" sizes=\"auto, (max-width: 586px) 100vw, 586px\" \/><\/a><figcaption class=\"wp-element-caption\">(HDMI, miniHDMI e microHDMI)<\/figcaption><\/figure>\n\n\n\n<figure class=\"wp-block-image size-large is-resized\"><a href=\"https:\/\/people.unipi.it\/federico_bianchi\/wp-content\/uploads\/sites\/88\/2023\/03\/image-7.png\"><img loading=\"lazy\" decoding=\"async\" src=\"https:\/\/people.unipi.it\/federico_bianchi\/wp-content\/uploads\/sites\/88\/2023\/03\/image-7-1024x1024.png\" alt=\"\" class=\"wp-image-73\" width=\"506\" height=\"506\" srcset=\"https:\/\/people.unipi.it\/federico_bianchi\/wp-content\/uploads\/sites\/88\/2023\/03\/image-7-1024x1024.png 1024w, https:\/\/people.unipi.it\/federico_bianchi\/wp-content\/uploads\/sites\/88\/2023\/03\/image-7-300x300.png 300w, https:\/\/people.unipi.it\/federico_bianchi\/wp-content\/uploads\/sites\/88\/2023\/03\/image-7-150x150.png 150w, https:\/\/people.unipi.it\/federico_bianchi\/wp-content\/uploads\/sites\/88\/2023\/03\/image-7-768x768.png 768w, https:\/\/people.unipi.it\/federico_bianchi\/wp-content\/uploads\/sites\/88\/2023\/03\/image-7-60x60.png 60w, https:\/\/people.unipi.it\/federico_bianchi\/wp-content\/uploads\/sites\/88\/2023\/03\/image-7.png 1500w\" sizes=\"auto, (max-width: 506px) 100vw, 506px\" \/><\/a><figcaption class=\"wp-element-caption\">un cavo miniDisplayPort a &#8220;USB-C&#8221; (per i connettori)<\/figcaption><\/figure>\n\n\n<p>Quando ci sono, gli impianti audio di solito accettano in ingresso o un <em>&#8220;minijack&#8221;<\/em> da 3.5mm o, pi\u00f9 di rado, un RCA; inoltre, se abbiamo a disposizione HDMI conviene sempre provarlo (il protocollo trasporta pure l&#8217;audio &#8211; e con una qualit\u00e0 tendenzialmente migliore -, ma non \u00e8 scontato che tutto ci\u00f2 che si trova in mezzo lo faccia). Di solito sui computer \u00e8 presente un&#8217;uscita <em>minijack<\/em>.<\/p>\n<figure style=\"width: 413px\" class=\"wp-caption alignnone\"><img loading=\"lazy\" decoding=\"async\" src=\"https:\/\/images-na.ssl-images-amazon.com\/images\/I\/71gZGqvL7XL._AC_SL1500_.jpg\" alt=\"minijack (TRS: uscita stereo) e RCA stereo (rosso \/ bianco)\" width=\"413\" height=\"417\"><figcaption class=\"wp-caption-text\"><em>minijack<\/em> da 3.5mm (due &#8220;anelli&#8221;: stereo); RCA stereo<\/figcaption><\/figure>\n<p>Una volta collegati audio e video, serve tenere a mente quanto segue:<\/p>\n<ul>\n<li>il proiettore pu\u00f2 essere visto come un secondo monitor (modalit\u00e0 <strong><em>Schermo esteso<\/em><\/strong>) o come la replica fedele di ci\u00f2 che appare sul monitor principale (quello interno: si parla di <strong><em>Schermo duplicato<\/em><\/strong>). La prima modalit\u00e0 \u00e8 pi\u00f9 flessibile, ma serve tenere a mente che ci\u00f2 che vede il relatore \u00e8 diverso da quello che vedono gli astanti; per passare dall&#8217;una all&#8217;altra in generale bisogna andare nelle impostazioni del computer, anche se spesso vi sono delle scorciatoie<\/li>\n<li>sempre dalle impostazioni del computer \u00e8 possibile configurare la&nbsp;<strong><em>risoluzione<\/em><\/strong> dello schermo e anche il suo&nbsp;<em><strong>sincronismo<\/strong><\/em> (per quest&#8217;ultimo, serve selezionare prima il monitor esterno): specie quando si passa da VGA, ci\u00f2 pu\u00f2 essere necessario. Una volta trovati dei valori funzionanti, usando quello stesso monitor (proiettore), il medesimo computer e (ove presente) il solito adattatore i parametri sono memorizzati e non serve reimpostarli ogni volta<\/li>\n<li>c&#8217;\u00e8 sempre una sola uscita audio attiva, e pu\u00f2 essere necessario selezionarla dal computer; inoltre, alcune applicazioni permettono di impostare per il proprio uso una periferica audio diversa da quella generale (ma ci\u00f2 impedisce la condivisione dell&#8217;audio dai programmi di videoconferenza)<\/li>\n<li>sempre parlando di applicazioni, le versioni recenti di Microsoft PowerPoint durante le presentazioni dispongono di una <em><strong>modalit\u00e0 relatore<\/strong><\/em> che <span style=\"text-decoration: underline\">attiva lo schermo esteso<\/span> e offre funzionalit\u00e0 aggiuntive rispetto a quella standard<\/li>\n<\/ul>\n<h2>Adattori<\/h2>\n<h4>Sistemi Apple:<\/h4>\n<ul>\n<li>per&nbsp;<em>&#8220;Lightning&#8221;<\/em> gli adattatori sono&nbsp;<a href=\"https:\/\/apple.com\/it\/shop\/product\/MD825ZM\/A\" target=\"_blank\" rel=\"noreferrer noopener\">https:\/\/apple.com\/it\/shop\/product\/MD825ZM\/A<\/a>&nbsp;(codice merceologico&nbsp;<strong>MD8252ZM\/A<\/strong>) per la VGA ed&nbsp;<a href=\"https:\/\/apple.com\/it\/shop\/product\/MD826ZM\/A\" target=\"_blank\" rel=\"noreferrer noopener\">https:\/\/apple.com\/it\/shop\/product\/MD826ZM\/A<\/a>&nbsp;(<strong>MD826ZM\/A<\/strong>) per l&#8217;HDMI<\/li>\n<li>sugli iPad Pro, gli ultimi iPad Air e i MacBook degli ultimi 3-4 anni (uscita&nbsp;<em>&#8220;Thunderbolt 3&#8221;<\/em>&nbsp;con connettore USB-C) parliamo di&nbsp;<a href=\"https:\/\/apple.com\/it\/shop\/product\/MJ1L2ZM\/A\" target=\"_blank\" rel=\"noreferrer noopener\">https:\/\/apple.com\/it\/shop\/product\/MJ1L2ZM\/A<\/a>&nbsp;(codice merceologico&nbsp;<strong>MJ1L2LZM\/A<\/strong>) per la VGA e di&nbsp;<a href=\"https:\/\/apple.com\/it\/shop\/product\/MUF82ZM\/A\" target=\"_blank\" rel=\"noreferrer noopener\">https:\/\/apple.com\/it\/shop\/product\/MUF82ZM\/A<\/a>&nbsp;(<strong>MUF822ZM\/A<\/strong>) per l&#8217;HDMI<\/li>\n<li>sui MacBook della generazione precedente (uscita&nbsp;<em>&#8220;mini DisplayPort&#8221;<\/em>&nbsp;<em>\/ &#8220;Thunderbolt 2&#8221;<\/em>, che <span style=\"text-decoration: underline\">non trasporta l&#8217;audio<\/span>) Apple non ha pi\u00f9 niente in catalogo; sul loro store per HDMI propongono&nbsp;<a href=\"https:\/\/apple.com\/it\/shop\/product\/HHLN2ZM\/B\" target=\"_blank\" rel=\"noreferrer noopener\">https:\/\/apple.com\/it\/shop\/product\/HHLN2ZM\/B<\/a>&nbsp;(codice merceologico&nbsp;<strong>HHL2N2ZM\/B<\/strong>, prodotto da Belkin)<\/li>\n<\/ul>","protected":false},"excerpt":{"rendered":"<p>I videoproiettori nelle aule dell&#8217;Ateneo hanno sempre almeno uno di questi due ingressi per il video: HDMI (digitale) e VGA&hellip;<\/p>\n<p><a class=\"btn btn-dark btn-sm unipi-read-more-link\" href=\"https:\/\/people.unipi.it\/federico_bianchi\/aule\/\">Leggi tutto&#8230;<\/a><\/p>\n","protected":false},"author":109,"featured_media":0,"parent":0,"menu_order":0,"comment_status":"closed","ping_status":"closed","template":"","meta":{"_acf_changed":false,"footnotes":""},"class_list":["post-47","page","type-page","status-publish","hentry"],"acf":[],"featured_image_src":null,"yoast_head":"<!-- This site is optimized with the Yoast SEO plugin v27.5 - https:\/\/yoast.com\/product\/yoast-seo-wordpress\/ -->\n<title>Aule UniPI: proiettori - Federico Bianchi<\/title>\n<meta name=\"robots\" content=\"index, follow, max-snippet:-1, max-image-preview:large, max-video-preview:-1\" \/>\n<link rel=\"canonical\" href=\"https:\/\/people.unipi.it\/federico_bianchi\/aule\/\" \/>\n<meta property=\"og:locale\" content=\"it_IT\" \/>\n<meta property=\"og:type\" content=\"article\" \/>\n<meta property=\"og:title\" content=\"Aule UniPI: proiettori - Federico Bianchi\" \/>\n<meta property=\"og:description\" content=\"I videoproiettori nelle aule dell&#8217;Ateneo hanno sempre almeno uno di questi due ingressi per il video: HDMI (digitale) e VGA&hellip;Leggi tutto...\" \/>\n<meta property=\"og:url\" content=\"https:\/\/people.unipi.it\/federico_bianchi\/aule\/\" \/>\n<meta property=\"og:site_name\" content=\"Federico Bianchi\" \/>\n<meta property=\"article:modified_time\" content=\"2023-03-08T14:14:00+00:00\" \/>\n<meta property=\"og:image\" content=\"https:\/\/people.unipi.it\/federico_bianchi\/wp-content\/uploads\/sites\/88\/2023\/03\/image-4.png\" \/>\n\t<meta property=\"og:image:width\" content=\"189\" \/>\n\t<meta property=\"og:image:height\" content=\"125\" \/>\n\t<meta property=\"og:image:type\" content=\"image\/png\" \/>\n<meta name=\"twitter:card\" content=\"summary_large_image\" \/>\n<meta name=\"twitter:label1\" content=\"Tempo di lettura stimato\" \/>\n\t<meta name=\"twitter:data1\" content=\"3 minuti\" \/>\n<script type=\"application\/ld+json\" class=\"yoast-schema-graph\">{\"@context\":\"https:\\\/\\\/schema.org\",\"@graph\":[{\"@type\":\"WebPage\",\"@id\":\"https:\\\/\\\/people.unipi.it\\\/federico_bianchi\\\/aule\\\/\",\"url\":\"https:\\\/\\\/people.unipi.it\\\/federico_bianchi\\\/aule\\\/\",\"name\":\"Aule UniPI: proiettori - Federico Bianchi\",\"isPartOf\":{\"@id\":\"https:\\\/\\\/people.unipi.it\\\/federico_bianchi\\\/#website\"},\"primaryImageOfPage\":{\"@id\":\"https:\\\/\\\/people.unipi.it\\\/federico_bianchi\\\/aule\\\/#primaryimage\"},\"image\":{\"@id\":\"https:\\\/\\\/people.unipi.it\\\/federico_bianchi\\\/aule\\\/#primaryimage\"},\"thumbnailUrl\":\"https:\\\/\\\/people.unipi.it\\\/federico_bianchi\\\/wp-content\\\/uploads\\\/sites\\\/88\\\/2023\\\/03\\\/image-4.png\",\"datePublished\":\"2021-09-14T16:55:22+00:00\",\"dateModified\":\"2023-03-08T14:14:00+00:00\",\"breadcrumb\":{\"@id\":\"https:\\\/\\\/people.unipi.it\\\/federico_bianchi\\\/aule\\\/#breadcrumb\"},\"inLanguage\":\"it-IT\",\"potentialAction\":[{\"@type\":\"ReadAction\",\"target\":[\"https:\\\/\\\/people.unipi.it\\\/federico_bianchi\\\/aule\\\/\"]}]},{\"@type\":\"ImageObject\",\"inLanguage\":\"it-IT\",\"@id\":\"https:\\\/\\\/people.unipi.it\\\/federico_bianchi\\\/aule\\\/#primaryimage\",\"url\":\"https:\\\/\\\/people.unipi.it\\\/federico_bianchi\\\/wp-content\\\/uploads\\\/sites\\\/88\\\/2023\\\/03\\\/image-4.png\",\"contentUrl\":\"https:\\\/\\\/people.unipi.it\\\/federico_bianchi\\\/wp-content\\\/uploads\\\/sites\\\/88\\\/2023\\\/03\\\/image-4.png\",\"width\":189,\"height\":125},{\"@type\":\"BreadcrumbList\",\"@id\":\"https:\\\/\\\/people.unipi.it\\\/federico_bianchi\\\/aule\\\/#breadcrumb\",\"itemListElement\":[{\"@type\":\"ListItem\",\"position\":1,\"name\":\"Home\",\"item\":\"https:\\\/\\\/people.unipi.it\\\/federico_bianchi\\\/\"},{\"@type\":\"ListItem\",\"position\":2,\"name\":\"Aule UniPI: proiettori\"}]},{\"@type\":\"WebSite\",\"@id\":\"https:\\\/\\\/people.unipi.it\\\/federico_bianchi\\\/#website\",\"url\":\"https:\\\/\\\/people.unipi.it\\\/federico_bianchi\\\/\",\"name\":\"Federico Bianchi\",\"description\":\"\",\"potentialAction\":[{\"@type\":\"SearchAction\",\"target\":{\"@type\":\"EntryPoint\",\"urlTemplate\":\"https:\\\/\\\/people.unipi.it\\\/federico_bianchi\\\/?s={search_term_string}\"},\"query-input\":{\"@type\":\"PropertyValueSpecification\",\"valueRequired\":true,\"valueName\":\"search_term_string\"}}],\"inLanguage\":\"it-IT\"}]}<\/script>\n<!-- \/ Yoast SEO plugin. -->","yoast_head_json":{"title":"Aule UniPI: proiettori - Federico Bianchi","robots":{"index":"index","follow":"follow","max-snippet":"max-snippet:-1","max-image-preview":"max-image-preview:large","max-video-preview":"max-video-preview:-1"},"canonical":"https:\/\/people.unipi.it\/federico_bianchi\/aule\/","og_locale":"it_IT","og_type":"article","og_title":"Aule UniPI: proiettori - Federico Bianchi","og_description":"I videoproiettori nelle aule dell&#8217;Ateneo hanno sempre almeno uno di questi due ingressi per il video: HDMI (digitale) e VGA&hellip;Leggi tutto...","og_url":"https:\/\/people.unipi.it\/federico_bianchi\/aule\/","og_site_name":"Federico Bianchi","article_modified_time":"2023-03-08T14:14:00+00:00","og_image":[{"width":189,"height":125,"url":"https:\/\/people.unipi.it\/federico_bianchi\/wp-content\/uploads\/sites\/88\/2023\/03\/image-4.png","type":"image\/png"}],"twitter_card":"summary_large_image","twitter_misc":{"Tempo di lettura stimato":"3 minuti"},"schema":{"@context":"https:\/\/schema.org","@graph":[{"@type":"WebPage","@id":"https:\/\/people.unipi.it\/federico_bianchi\/aule\/","url":"https:\/\/people.unipi.it\/federico_bianchi\/aule\/","name":"Aule UniPI: proiettori - Federico Bianchi","isPartOf":{"@id":"https:\/\/people.unipi.it\/federico_bianchi\/#website"},"primaryImageOfPage":{"@id":"https:\/\/people.unipi.it\/federico_bianchi\/aule\/#primaryimage"},"image":{"@id":"https:\/\/people.unipi.it\/federico_bianchi\/aule\/#primaryimage"},"thumbnailUrl":"https:\/\/people.unipi.it\/federico_bianchi\/wp-content\/uploads\/sites\/88\/2023\/03\/image-4.png","datePublished":"2021-09-14T16:55:22+00:00","dateModified":"2023-03-08T14:14:00+00:00","breadcrumb":{"@id":"https:\/\/people.unipi.it\/federico_bianchi\/aule\/#breadcrumb"},"inLanguage":"it-IT","potentialAction":[{"@type":"ReadAction","target":["https:\/\/people.unipi.it\/federico_bianchi\/aule\/"]}]},{"@type":"ImageObject","inLanguage":"it-IT","@id":"https:\/\/people.unipi.it\/federico_bianchi\/aule\/#primaryimage","url":"https:\/\/people.unipi.it\/federico_bianchi\/wp-content\/uploads\/sites\/88\/2023\/03\/image-4.png","contentUrl":"https:\/\/people.unipi.it\/federico_bianchi\/wp-content\/uploads\/sites\/88\/2023\/03\/image-4.png","width":189,"height":125},{"@type":"BreadcrumbList","@id":"https:\/\/people.unipi.it\/federico_bianchi\/aule\/#breadcrumb","itemListElement":[{"@type":"ListItem","position":1,"name":"Home","item":"https:\/\/people.unipi.it\/federico_bianchi\/"},{"@type":"ListItem","position":2,"name":"Aule UniPI: proiettori"}]},{"@type":"WebSite","@id":"https:\/\/people.unipi.it\/federico_bianchi\/#website","url":"https:\/\/people.unipi.it\/federico_bianchi\/","name":"Federico Bianchi","description":"","potentialAction":[{"@type":"SearchAction","target":{"@type":"EntryPoint","urlTemplate":"https:\/\/people.unipi.it\/federico_bianchi\/?s={search_term_string}"},"query-input":{"@type":"PropertyValueSpecification","valueRequired":true,"valueName":"search_term_string"}}],"inLanguage":"it-IT"}]}},"_links":{"self":[{"href":"https:\/\/people.unipi.it\/federico_bianchi\/wp-json\/wp\/v2\/pages\/47","targetHints":{"allow":["GET"]}}],"collection":[{"href":"https:\/\/people.unipi.it\/federico_bianchi\/wp-json\/wp\/v2\/pages"}],"about":[{"href":"https:\/\/people.unipi.it\/federico_bianchi\/wp-json\/wp\/v2\/types\/page"}],"author":[{"embeddable":true,"href":"https:\/\/people.unipi.it\/federico_bianchi\/wp-json\/wp\/v2\/users\/109"}],"replies":[{"embeddable":true,"href":"https:\/\/people.unipi.it\/federico_bianchi\/wp-json\/wp\/v2\/comments?post=47"}],"version-history":[{"count":40,"href":"https:\/\/people.unipi.it\/federico_bianchi\/wp-json\/wp\/v2\/pages\/47\/revisions"}],"predecessor-version":[{"id":124,"href":"https:\/\/people.unipi.it\/federico_bianchi\/wp-json\/wp\/v2\/pages\/47\/revisions\/124"}],"wp:attachment":[{"href":"https:\/\/people.unipi.it\/federico_bianchi\/wp-json\/wp\/v2\/media?parent=47"}],"curies":[{"name":"wp","href":"https:\/\/api.w.org\/{rel}","templated":true}]}}