{"id":153,"date":"2016-11-10T15:42:32","date_gmt":"2016-11-10T14:42:32","guid":{"rendered":"http:\/\/people.unipi.it\/fabio_marchetti1974\/?page_id=153"},"modified":"2025-05-07T21:27:42","modified_gmt":"2025-05-07T19:27:42","slug":"biography","status":"publish","type":"page","link":"https:\/\/people.unipi.it\/fabio_marchetti\/biography\/","title":{"rendered":"Biography"},"content":{"rendered":"<p style=\"text-align: justify\"><span style=\"color: #000000\">Fabio Marchetti received his Degree in Industrial Chemistry from the University of Bologna in 1999 (<em>summa cum laude<\/em>), and his PhD in Chemistry from the same University in 2003, under the supervision of Prof. Luigi Busetto and Prof. Valerio Zanotti. He spent a post-doctoral research (2003-2006) at the University of Bologna, working on the synthesis and functionalization of organometallic diiron complexes. He also spent training periods at <span style=\"color: #808080\"><a style=\"color: #808080;text-decoration: underline\" href=\"http:\/\/www.gruppohera.it\/\" target=\"_blank\" rel=\"noopener noreferrer\">Seabo-Hera<\/a><\/span> in Bologna (1999) and at the <span style=\"color: #808080\"><span style=\"color: #333333\"><span style=\"color: #000000\">Universities<\/span> of<\/span> <span style=\"text-decoration: underline\"><a style=\"color: #808080;text-decoration: underline\" href=\"http:\/\/www.bris.ac.uk\/chemistry\/\" target=\"_blank\" rel=\"noopener noreferrer\">Bristol<\/a><\/span><\/span> (1999) and <span style=\"color: #808080\"><span style=\"text-decoration: underline\"><a style=\"color: #808080;text-decoration: underline\" href=\"https:\/\/ciencias.unizar.es\/\" target=\"_blank\" rel=\"noopener noreferrer\">Zaragoza<\/a><\/span><\/span><a href=\"https:\/\/ciencias.unizar.es\/\"><span style=\"color: #808080\">\u00a0<\/span><\/a>(Marie Curie grant, 2001-2002).<\/span><\/p>\n<p style=\"text-align: justify\"><span style=\"color: #000000\">In 2006 he obtained a permanent researcher position at the University of Pisa, joining Prof. Fausto Calderazzo&#8217;s group and starting to collaborate with Prof. Guido Pampaloni.\u00a0<\/span><span style=\"color: #000000\">Since October 2018, he has been Full Professor at the same University. He spent periods as visiting scientist at the <span style=\"color: #808080\"><a style=\"color: #808080;text-decoration: underline\" href=\"http:\/\/www.helsinki.fi\/kemia\/english\/\" target=\"_blank\" rel=\"noopener noreferrer\">University of Helsinki<\/a><\/span><\/span> <span style=\"color: #000000\">(2006) and the <span style=\"color: #808080\"><a style=\"color: #808080;text-decoration: underline\" href=\"http:\/\/lcom.epfl.ch\/dyson\" target=\"_blank\" rel=\"noopener noreferrer\">\u00c9cole Polytechnique F\u00e9d\u00e9rale<\/a><\/span>\u00a0in Lausanne (2012).<\/span><\/p>\n<p style=\"text-align: justify\"><span style=\"color: #000000\">Fabio Marchetti has co-authored over <a href=\"https:\/\/people.unipi.it\/fabio_marchetti1974\/publications\/\"><span style=\"text-decoration: underline;color: #808080\">250 scientific publications<\/span><\/a> (articles, communications, and reviews) on peer-reviewed international journals, two book chapters and two international patents. His research interests regard the synthesis, the characterization and the properties of transition metal complexes, as well as the exploration of new reactivity patterns of small molecules.\u00a0 <\/span><span style=\"color: #000000\">Since 2025, he has been a member of the Editorial Board of the <em>European Journal of Inorganic Chemistry<\/em>.<\/span><\/p>\n<p style=\"text-align: justify\"><span style=\"color: #000000\">He was invited to hold seminars in Italian and European Universities and he has co-authored more than 100 contributions at national and international scientific conferences. <\/span><\/p>\n<p style=\"text-align: justify\"><span style=\"color: #000000\">In 2014, he was awarded the <span style=\"text-decoration: underline;color: #808080\"><a style=\"color: #808080;text-decoration: underline\" href=\"http:\/\/www.inorg.it\/awards.html\" target=\"_blank\" rel=\"noopener noreferrer\">&#8220;Raffaello Nasini&#8221; Prize<\/a><\/span> from the Inorganic Chemistry Division of the Italian Chemical Society, for his contribution to the progress in the chemistry of groups 5-6 metal compounds and in unusual metal directed C-C bond forming reactions. <\/span><\/p>\n<p style=\"text-align: justify\"><span style=\"color: #000000\">Fabio Marchetti is presently lecturer at the University of Pisa of the following courses: Inorganic Chemistry I, Organometallic Chemistry, Bioinorganic Chemistry. He has supervised over 40 BSc, 37 MSc and 12 PhD theses in Chemistry or Industrial Chemistry. He has been reviewer of PhD theses in Chemistry from both Italian universities and abroad. <\/span><span style=\"color: #000000\">He was vice-director of the Department of <a style=\"color: #000000\" href=\"https:\/\/www.dcci.unipi.it\/dipartimento.html\">Chemistry and Industrial Chemistry<\/a> (2018-2022) and is member of the Council for the <span style=\"color: #808080\"><a style=\"color: #808080;text-decoration: underline\" href=\"https:\/\/www.dcci.unipi.it\/consiglio-dottorato-chimica-materiali.html\" target=\"_blank\" rel=\"noopener noreferrer\">PhD in Chemistry and Material Science<\/a><\/span>.\u00a0<\/span><\/p>\n\n\n<p><\/p>\n","protected":false},"excerpt":{"rendered":"<p>Fabio Marchetti received his Degree in Industrial Chemistry from the University of Bologna in 1999 (summa cum laude), and his&hellip;<\/p>\n<p><a class=\"btn btn-dark btn-sm unipi-read-more-link\" href=\"https:\/\/people.unipi.it\/fabio_marchetti\/biography\/\">Leggi tutto&#8230;<\/a><\/p>\n","protected":false},"author":251,"featured_media":0,"parent":0,"menu_order":0,"comment_status":"closed","ping_status":"closed","template":"","meta":{"_acf_changed":false,"footnotes":""},"class_list":["post-153","page","type-page","status-publish","hentry"],"acf":[],"featured_image_src":null,"yoast_head":"<!-- This site is optimized with the Yoast SEO plugin v27.5 - https:\/\/yoast.com\/product\/yoast-seo-wordpress\/ -->\n<title>Biography - Fabio Marchetti<\/title>\n<meta name=\"robots\" content=\"index, follow, max-snippet:-1, max-image-preview:large, max-video-preview:-1\" \/>\n<link rel=\"canonical\" href=\"https:\/\/people.unipi.it\/fabio_marchetti\/biography\/\" \/>\n<meta property=\"og:locale\" content=\"it_IT\" \/>\n<meta property=\"og:type\" content=\"article\" \/>\n<meta property=\"og:title\" content=\"Biography - Fabio Marchetti\" \/>\n<meta property=\"og:description\" content=\"Fabio Marchetti received his Degree in Industrial Chemistry from the University of Bologna in 1999 (summa cum laude), and his&hellip;Leggi tutto...\" \/>\n<meta property=\"og:url\" content=\"https:\/\/people.unipi.it\/fabio_marchetti\/biography\/\" \/>\n<meta property=\"og:site_name\" content=\"Fabio Marchetti\" \/>\n<meta property=\"article:modified_time\" content=\"2025-05-07T19:27:42+00:00\" \/>\n<meta name=\"twitter:card\" content=\"summary_large_image\" \/>\n<meta name=\"twitter:label1\" content=\"Tempo di lettura stimato\" \/>\n\t<meta name=\"twitter:data1\" content=\"2 minuti\" \/>\n<script type=\"application\/ld+json\" class=\"yoast-schema-graph\">{\"@context\":\"https:\\\/\\\/schema.org\",\"@graph\":[{\"@type\":\"WebPage\",\"@id\":\"https:\\\/\\\/people.unipi.it\\\/fabio_marchetti\\\/biography\\\/\",\"url\":\"https:\\\/\\\/people.unipi.it\\\/fabio_marchetti\\\/biography\\\/\",\"name\":\"Biography - Fabio Marchetti\",\"isPartOf\":{\"@id\":\"https:\\\/\\\/people.unipi.it\\\/fabio_marchetti\\\/#website\"},\"datePublished\":\"2016-11-10T14:42:32+00:00\",\"dateModified\":\"2025-05-07T19:27:42+00:00\",\"breadcrumb\":{\"@id\":\"https:\\\/\\\/people.unipi.it\\\/fabio_marchetti\\\/biography\\\/#breadcrumb\"},\"inLanguage\":\"it-IT\",\"potentialAction\":[{\"@type\":\"ReadAction\",\"target\":[\"https:\\\/\\\/people.unipi.it\\\/fabio_marchetti\\\/biography\\\/\"]}]},{\"@type\":\"BreadcrumbList\",\"@id\":\"https:\\\/\\\/people.unipi.it\\\/fabio_marchetti\\\/biography\\\/#breadcrumb\",\"itemListElement\":[{\"@type\":\"ListItem\",\"position\":1,\"name\":\"Home\",\"item\":\"https:\\\/\\\/people.unipi.it\\\/fabio_marchetti\\\/\"},{\"@type\":\"ListItem\",\"position\":2,\"name\":\"Biography\"}]},{\"@type\":\"WebSite\",\"@id\":\"https:\\\/\\\/people.unipi.it\\\/fabio_marchetti\\\/#website\",\"url\":\"https:\\\/\\\/people.unipi.it\\\/fabio_marchetti\\\/\",\"name\":\"Fabio Marchetti\",\"description\":\"Universit\u00e0 di Pisa\",\"potentialAction\":[{\"@type\":\"SearchAction\",\"target\":{\"@type\":\"EntryPoint\",\"urlTemplate\":\"https:\\\/\\\/people.unipi.it\\\/fabio_marchetti\\\/?s={search_term_string}\"},\"query-input\":{\"@type\":\"PropertyValueSpecification\",\"valueRequired\":true,\"valueName\":\"search_term_string\"}}],\"inLanguage\":\"it-IT\"}]}<\/script>\n<!-- \/ Yoast SEO plugin. -->","yoast_head_json":{"title":"Biography - Fabio Marchetti","robots":{"index":"index","follow":"follow","max-snippet":"max-snippet:-1","max-image-preview":"max-image-preview:large","max-video-preview":"max-video-preview:-1"},"canonical":"https:\/\/people.unipi.it\/fabio_marchetti\/biography\/","og_locale":"it_IT","og_type":"article","og_title":"Biography - Fabio Marchetti","og_description":"Fabio Marchetti received his Degree in Industrial Chemistry from the University of Bologna in 1999 (summa cum laude), and his&hellip;Leggi tutto...","og_url":"https:\/\/people.unipi.it\/fabio_marchetti\/biography\/","og_site_name":"Fabio Marchetti","article_modified_time":"2025-05-07T19:27:42+00:00","twitter_card":"summary_large_image","twitter_misc":{"Tempo di lettura stimato":"2 minuti"},"schema":{"@context":"https:\/\/schema.org","@graph":[{"@type":"WebPage","@id":"https:\/\/people.unipi.it\/fabio_marchetti\/biography\/","url":"https:\/\/people.unipi.it\/fabio_marchetti\/biography\/","name":"Biography - Fabio Marchetti","isPartOf":{"@id":"https:\/\/people.unipi.it\/fabio_marchetti\/#website"},"datePublished":"2016-11-10T14:42:32+00:00","dateModified":"2025-05-07T19:27:42+00:00","breadcrumb":{"@id":"https:\/\/people.unipi.it\/fabio_marchetti\/biography\/#breadcrumb"},"inLanguage":"it-IT","potentialAction":[{"@type":"ReadAction","target":["https:\/\/people.unipi.it\/fabio_marchetti\/biography\/"]}]},{"@type":"BreadcrumbList","@id":"https:\/\/people.unipi.it\/fabio_marchetti\/biography\/#breadcrumb","itemListElement":[{"@type":"ListItem","position":1,"name":"Home","item":"https:\/\/people.unipi.it\/fabio_marchetti\/"},{"@type":"ListItem","position":2,"name":"Biography"}]},{"@type":"WebSite","@id":"https:\/\/people.unipi.it\/fabio_marchetti\/#website","url":"https:\/\/people.unipi.it\/fabio_marchetti\/","name":"Fabio Marchetti","description":"Universit\u00e0 di Pisa","potentialAction":[{"@type":"SearchAction","target":{"@type":"EntryPoint","urlTemplate":"https:\/\/people.unipi.it\/fabio_marchetti\/?s={search_term_string}"},"query-input":{"@type":"PropertyValueSpecification","valueRequired":true,"valueName":"search_term_string"}}],"inLanguage":"it-IT"}]}},"_links":{"self":[{"href":"https:\/\/people.unipi.it\/fabio_marchetti\/wp-json\/wp\/v2\/pages\/153","targetHints":{"allow":["GET"]}}],"collection":[{"href":"https:\/\/people.unipi.it\/fabio_marchetti\/wp-json\/wp\/v2\/pages"}],"about":[{"href":"https:\/\/people.unipi.it\/fabio_marchetti\/wp-json\/wp\/v2\/types\/page"}],"author":[{"embeddable":true,"href":"https:\/\/people.unipi.it\/fabio_marchetti\/wp-json\/wp\/v2\/users\/251"}],"replies":[{"embeddable":true,"href":"https:\/\/people.unipi.it\/fabio_marchetti\/wp-json\/wp\/v2\/comments?post=153"}],"version-history":[{"count":60,"href":"https:\/\/people.unipi.it\/fabio_marchetti\/wp-json\/wp\/v2\/pages\/153\/revisions"}],"predecessor-version":[{"id":979,"href":"https:\/\/people.unipi.it\/fabio_marchetti\/wp-json\/wp\/v2\/pages\/153\/revisions\/979"}],"wp:attachment":[{"href":"https:\/\/people.unipi.it\/fabio_marchetti\/wp-json\/wp\/v2\/media?parent=153"}],"curies":[{"name":"wp","href":"https:\/\/api.w.org\/{rel}","templated":true}]}}