{"id":73,"date":"2021-08-04T11:00:04","date_gmt":"2021-08-04T09:00:04","guid":{"rendered":"https:\/\/people.unipi.it\/alessandro_buono\/?page_id=73"},"modified":"2021-08-04T11:18:37","modified_gmt":"2021-08-04T09:18:37","slug":"procit","status":"publish","type":"page","link":"https:\/\/people.unipi.it\/alessandro_buono\/ricerca\/procit\/","title":{"rendered":"PROCIT"},"content":{"rendered":"\n<p>Visita il sito del progetto: <a href=\"https:\/\/procit.hypotheses.org\">https:\/\/procit.hypotheses.org<\/a><\/p>\n\n\n\n<h2 class=\"wp-block-heading\"><strong>Propri\u00e9t\u00e9 et citoyennet\u00e9<\/strong> <strong>au nord et au sud de la M\u00e9diterran\u00e9e&nbsp;(XVIe-XIXe si\u00e8cles)<\/strong><\/h2>\n\n\n\n<p>Le programme PROCIT se propose d\u2019explorer&nbsp;<strong>le th\u00e8me de la citoyennet\u00e9 du point de vue de la propri\u00e9t\u00e9 et des droits qui y sont attach\u00e9s<\/strong>, dans les soci\u00e9t\u00e9s de l\u2019\u00e9poque moderne. Ce projet entend contribuer \u00e0 une recherche sur les processus d\u2019int\u00e9gration sociale ainsi que sur la nature des in\u00e9galit\u00e9s socio-\u00e9conomiques et juridiques qui en d\u00e9terminent la direction, et qui, en m\u00eame temps, en sont les produits. Deux choix en particulier caract\u00e9risent PROCIT : celui d\u2019affronter les dimensions connexes de la citoyennet\u00e9, de l\u2019int\u00e9gration et des in\u00e9galit\u00e9s \u00e0 partir de&nbsp;<strong>la longue dur\u00e9e du pass\u00e9 des soci\u00e9t\u00e9s m\u00e9diterran\u00e9ennes (XVIe-XIXe si\u00e8cles)<\/strong>&nbsp;; celui d\u2019inscrire ces th\u00e8mes dans une perspective r\u00e9solument comparative \u00e0 partir de recherches men\u00e9es dans les terrains europ\u00e9en, maghr\u00e9bin, palestinien, \u00e9gyptien et ottoman.<\/p>\n\n\n\n<h4 class=\"wp-block-heading\">Citoyennet\u00e9<\/h4>\n\n\n\n<p>La notion de&nbsp;<strong>citoyennet\u00e9<\/strong>&nbsp;consid\u00e9r\u00e9e dans ce projet ne r\u00e9f\u00e8re pas aux pr\u00e9rogatives politiques formelles dont se pr\u00e9valent les ressortissants des \u00c9tats-nations mais \u00e0&nbsp;<strong>l\u2019ensemble des droits auxquels donne acc\u00e8s une appartenance reconnue \u00e0 une localit\u00e9<\/strong>. Ces droits \u00ab d\u2019appartenance \u00bb, dans les soci\u00e9t\u00e9s que nous nous proposons d\u2019analyser, sont \u00e0 l\u2019origine d\u2019un acc\u00e8s diff\u00e9rentiel aux ressources (que sont le march\u00e9, la propri\u00e9t\u00e9, le cr\u00e9dit, le travail, la charit\u00e9, etc.) qui structure largement l\u2019\u00e9chelle sociale. Le terme \u00ab citoyennet\u00e9 \u00bb renvoie ainsi \u00e0&nbsp;<strong>un statut dans lequel se rencontrent les droits d\u2019acc\u00e8s aux ressources, la reconnaissance sociale de ces droits ainsi que la capacit\u00e9 de les revendiquer<\/strong>. Notre projet de recherche porte donc sur les processus qui, dans les diff\u00e9rentes soci\u00e9t\u00e9s au nord et au sud de la M\u00e9diterran\u00e9e, ont pu produire ce statut.<\/p>\n\n\n\n<h4 class=\"wp-block-heading\">Propri\u00e9t\u00e9<\/h4>\n\n\n\n<p>Dans ce projet, la&nbsp;<strong>propri\u00e9t\u00e9<\/strong>&nbsp;s\u2019est r\u00e9v\u00e9l\u00e9e \u00eatre une variable fondamentale et commune aux diff\u00e9rentes soci\u00e9t\u00e9s. Dans les soci\u00e9t\u00e9s modernes, la notion de propri\u00e9t\u00e9 renvoie \u00e0 un champ s\u00e9mantique vaste, ne se r\u00e9duisant pas \u00e0 celui de la richesse mat\u00e9rielle : l\u2019acc\u00e8s diff\u00e9rentiel aux droits de propri\u00e9t\u00e9 ne dessine pas seulement des hi\u00e9rarchies \u00e9conomiques ou des primaut\u00e9s symboliques, mais cr\u00e9e des pr\u00e9rogatives qui investissent plus largement les individus. Dans un large \u00e9ventail de cas, la condition de \u201ccitoyen\u201d ou de sujet d\u2019un pouvoir central est \u00e9troitement li\u00e9e \u00e0 la reconnaissance de la capacit\u00e9 \u00e0 acc\u00e9der \u00e0 la propri\u00e9t\u00e9 ou \u00e0 la transmettre. Dans les soci\u00e9t\u00e9s modernes au nord et au sud de la M\u00e9diterran\u00e9e,&nbsp;<strong>le rapport aux choses cr\u00e9e donc des statuts sociaux, des relations, des liens et donne acc\u00e8s \u00e0 des droits d\u2019appartenance. Ainsi, les capacit\u00e9s d\u2019exercice des droits de propri\u00e9t\u00e9 dessinent les contours de communaut\u00e9s locales et, en cons\u00e9quence, celles de communaut\u00e9s territoriales plus vastes<\/strong>. L\u2019acc\u00e8s \u00e0 la propri\u00e9t\u00e9, en ce sens, est une \u00e9tape essentielle de tout processus d\u2019int\u00e9gration sociale.<\/p>\n\n\n\n<p><strong>***<\/strong><\/p>\n\n\n\n<h2 class=\"wp-block-heading\"><strong>The PROCIT Project<\/strong><\/h2>\n\n\n\n<p>The PROCIT program aims to explore the topic of citizenship from the point of view of property and the rights attached to it in societies of the modern era. This project&nbsp;aims to contribute to research on social integration processes as well as on the nature of the socio-economic and legal inequalities that determine its direction, and&nbsp;which at the same time are its products. Two choices in particular characterize PROCIT: that of confronting the related dimensions of citizenship, integration and&nbsp;inequalities from the long-term past of Mediterranean societies (16th-19th centuries); that of inscribing these themes in a resolutely comparative perspective from&nbsp;research conducted in the European, Maghreb, Palestinian, Egyptian and Ottoman territories.<\/p>\n\n\n\n<h4 class=\"wp-block-heading\">Citizenship<\/h4>\n\n\n\n<p>The concept of citizenship considered in this project does not refer to the formal political prerogatives of nationals of nation states, but to all the rights granted to a&nbsp;recognized membership of a locality. These rights of \u00ab&nbsp;belonging&nbsp;\u00bb, in the societies that we propose to analyze, are at the origin of a differential access to the resources&nbsp;(that are the market, the property, the credit, the work, the charity, etc. .) which largely structures the social ladder. The term \u00ab&nbsp;citizenship&nbsp;\u00bb thus refers to a status in which&nbsp;the rights of access to resources, the social recognition of these rights and the capacity to claim them meet. Our research project therefore focuses on the processes&nbsp;that, in the various societies in the north and south of the Mediterranean, have been able to produce this status.<\/p>\n\n\n\n<h4 class=\"wp-block-heading\">Property<\/h4>\n\n\n\n<p>In this project, ownership has proved to be a fundamental variable common to different societies. In modern societies, the notion of property refers to a vast semantic&nbsp;field, not reduced to that of material wealth: differential access to property rights not only draws economic hierarchies or symbolic primacy, but creates prerogatives that&nbsp;invest more widely in individuals. In a wide range of cases, the condition of \u00ab&nbsp;citizen&nbsp;\u00bb or subject of a central power is closely related to the recognition of the ability to&nbsp;access or convey ownership. In modern societies in the north and south of the Mediterranean, the relation to things creates social statuses, relationships, links and&nbsp;gives access to rights of belonging. Thus, the capacity to exercise property rights shapes the contours of local communities and, consequently, those of larger territorial&nbsp;communities. Access to property, in this sense, is an essential step in any process of social integration.<\/p>\n","protected":false},"excerpt":{"rendered":"<p>Visita il sito del progetto: https:\/\/procit.hypotheses.org Propri\u00e9t\u00e9 et citoyennet\u00e9 au nord et au sud de la M\u00e9diterran\u00e9e&nbsp;(XVIe-XIXe si\u00e8cles) Le programme&hellip;<\/p>\n<p><a class=\"btn btn-dark btn-sm unipi-read-more-link\" href=\"https:\/\/people.unipi.it\/alessandro_buono\/ricerca\/procit\/\">Leggi tutto&#8230;<\/a><\/p>\n","protected":false},"author":626,"featured_media":0,"parent":10,"menu_order":0,"comment_status":"closed","ping_status":"closed","template":"","meta":{"_acf_changed":false,"footnotes":""},"class_list":["post-73","page","type-page","status-publish","hentry"],"acf":[],"featured_image_src":null,"yoast_head":"<!-- This site is optimized with the Yoast SEO plugin v27.5 - https:\/\/yoast.com\/product\/yoast-seo-wordpress\/ -->\n<title>PROCIT - Alessandro Buono<\/title>\n<meta name=\"robots\" content=\"index, follow, max-snippet:-1, max-image-preview:large, max-video-preview:-1\" \/>\n<link rel=\"canonical\" href=\"https:\/\/people.unipi.it\/alessandro_buono\/ricerca\/procit\/\" \/>\n<meta property=\"og:locale\" content=\"it_IT\" \/>\n<meta property=\"og:type\" content=\"article\" \/>\n<meta property=\"og:title\" content=\"PROCIT - Alessandro Buono\" \/>\n<meta property=\"og:description\" content=\"Visita il sito del progetto: https:\/\/procit.hypotheses.org Propri\u00e9t\u00e9 et citoyennet\u00e9 au nord et au sud de la M\u00e9diterran\u00e9e&nbsp;(XVIe-XIXe si\u00e8cles) Le programme&hellip;Leggi tutto...\" \/>\n<meta property=\"og:url\" content=\"https:\/\/people.unipi.it\/alessandro_buono\/ricerca\/procit\/\" \/>\n<meta property=\"og:site_name\" content=\"Alessandro Buono\" \/>\n<meta property=\"article:modified_time\" content=\"2021-08-04T09:18:37+00:00\" \/>\n<meta name=\"twitter:card\" content=\"summary_large_image\" \/>\n<meta name=\"twitter:label1\" content=\"Tempo di lettura stimato\" \/>\n\t<meta name=\"twitter:data1\" content=\"5 minuti\" \/>\n<script type=\"application\/ld+json\" class=\"yoast-schema-graph\">{\"@context\":\"https:\\\/\\\/schema.org\",\"@graph\":[{\"@type\":\"WebPage\",\"@id\":\"https:\\\/\\\/people.unipi.it\\\/alessandro_buono\\\/ricerca\\\/procit\\\/\",\"url\":\"https:\\\/\\\/people.unipi.it\\\/alessandro_buono\\\/ricerca\\\/procit\\\/\",\"name\":\"PROCIT - Alessandro Buono\",\"isPartOf\":{\"@id\":\"https:\\\/\\\/people.unipi.it\\\/alessandro_buono\\\/#website\"},\"datePublished\":\"2021-08-04T09:00:04+00:00\",\"dateModified\":\"2021-08-04T09:18:37+00:00\",\"breadcrumb\":{\"@id\":\"https:\\\/\\\/people.unipi.it\\\/alessandro_buono\\\/ricerca\\\/procit\\\/#breadcrumb\"},\"inLanguage\":\"it-IT\",\"potentialAction\":[{\"@type\":\"ReadAction\",\"target\":[\"https:\\\/\\\/people.unipi.it\\\/alessandro_buono\\\/ricerca\\\/procit\\\/\"]}]},{\"@type\":\"BreadcrumbList\",\"@id\":\"https:\\\/\\\/people.unipi.it\\\/alessandro_buono\\\/ricerca\\\/procit\\\/#breadcrumb\",\"itemListElement\":[{\"@type\":\"ListItem\",\"position\":1,\"name\":\"Home\",\"item\":\"https:\\\/\\\/people.unipi.it\\\/alessandro_buono\\\/\"},{\"@type\":\"ListItem\",\"position\":2,\"name\":\"Progetti di Ricerca\",\"item\":\"https:\\\/\\\/people.unipi.it\\\/alessandro_buono\\\/ricerca\\\/\"},{\"@type\":\"ListItem\",\"position\":3,\"name\":\"PROCIT\"}]},{\"@type\":\"WebSite\",\"@id\":\"https:\\\/\\\/people.unipi.it\\\/alessandro_buono\\\/#website\",\"url\":\"https:\\\/\\\/people.unipi.it\\\/alessandro_buono\\\/\",\"name\":\"Alessandro Buono\",\"description\":\"\",\"potentialAction\":[{\"@type\":\"SearchAction\",\"target\":{\"@type\":\"EntryPoint\",\"urlTemplate\":\"https:\\\/\\\/people.unipi.it\\\/alessandro_buono\\\/?s={search_term_string}\"},\"query-input\":{\"@type\":\"PropertyValueSpecification\",\"valueRequired\":true,\"valueName\":\"search_term_string\"}}],\"inLanguage\":\"it-IT\"}]}<\/script>\n<!-- \/ Yoast SEO plugin. -->","yoast_head_json":{"title":"PROCIT - Alessandro Buono","robots":{"index":"index","follow":"follow","max-snippet":"max-snippet:-1","max-image-preview":"max-image-preview:large","max-video-preview":"max-video-preview:-1"},"canonical":"https:\/\/people.unipi.it\/alessandro_buono\/ricerca\/procit\/","og_locale":"it_IT","og_type":"article","og_title":"PROCIT - Alessandro Buono","og_description":"Visita il sito del progetto: https:\/\/procit.hypotheses.org Propri\u00e9t\u00e9 et citoyennet\u00e9 au nord et au sud de la M\u00e9diterran\u00e9e&nbsp;(XVIe-XIXe si\u00e8cles) Le programme&hellip;Leggi tutto...","og_url":"https:\/\/people.unipi.it\/alessandro_buono\/ricerca\/procit\/","og_site_name":"Alessandro Buono","article_modified_time":"2021-08-04T09:18:37+00:00","twitter_card":"summary_large_image","twitter_misc":{"Tempo di lettura stimato":"5 minuti"},"schema":{"@context":"https:\/\/schema.org","@graph":[{"@type":"WebPage","@id":"https:\/\/people.unipi.it\/alessandro_buono\/ricerca\/procit\/","url":"https:\/\/people.unipi.it\/alessandro_buono\/ricerca\/procit\/","name":"PROCIT - Alessandro Buono","isPartOf":{"@id":"https:\/\/people.unipi.it\/alessandro_buono\/#website"},"datePublished":"2021-08-04T09:00:04+00:00","dateModified":"2021-08-04T09:18:37+00:00","breadcrumb":{"@id":"https:\/\/people.unipi.it\/alessandro_buono\/ricerca\/procit\/#breadcrumb"},"inLanguage":"it-IT","potentialAction":[{"@type":"ReadAction","target":["https:\/\/people.unipi.it\/alessandro_buono\/ricerca\/procit\/"]}]},{"@type":"BreadcrumbList","@id":"https:\/\/people.unipi.it\/alessandro_buono\/ricerca\/procit\/#breadcrumb","itemListElement":[{"@type":"ListItem","position":1,"name":"Home","item":"https:\/\/people.unipi.it\/alessandro_buono\/"},{"@type":"ListItem","position":2,"name":"Progetti di Ricerca","item":"https:\/\/people.unipi.it\/alessandro_buono\/ricerca\/"},{"@type":"ListItem","position":3,"name":"PROCIT"}]},{"@type":"WebSite","@id":"https:\/\/people.unipi.it\/alessandro_buono\/#website","url":"https:\/\/people.unipi.it\/alessandro_buono\/","name":"Alessandro Buono","description":"","potentialAction":[{"@type":"SearchAction","target":{"@type":"EntryPoint","urlTemplate":"https:\/\/people.unipi.it\/alessandro_buono\/?s={search_term_string}"},"query-input":{"@type":"PropertyValueSpecification","valueRequired":true,"valueName":"search_term_string"}}],"inLanguage":"it-IT"}]}},"_links":{"self":[{"href":"https:\/\/people.unipi.it\/alessandro_buono\/wp-json\/wp\/v2\/pages\/73","targetHints":{"allow":["GET"]}}],"collection":[{"href":"https:\/\/people.unipi.it\/alessandro_buono\/wp-json\/wp\/v2\/pages"}],"about":[{"href":"https:\/\/people.unipi.it\/alessandro_buono\/wp-json\/wp\/v2\/types\/page"}],"author":[{"embeddable":true,"href":"https:\/\/people.unipi.it\/alessandro_buono\/wp-json\/wp\/v2\/users\/626"}],"replies":[{"embeddable":true,"href":"https:\/\/people.unipi.it\/alessandro_buono\/wp-json\/wp\/v2\/comments?post=73"}],"version-history":[{"count":5,"href":"https:\/\/people.unipi.it\/alessandro_buono\/wp-json\/wp\/v2\/pages\/73\/revisions"}],"predecessor-version":[{"id":93,"href":"https:\/\/people.unipi.it\/alessandro_buono\/wp-json\/wp\/v2\/pages\/73\/revisions\/93"}],"up":[{"embeddable":true,"href":"https:\/\/people.unipi.it\/alessandro_buono\/wp-json\/wp\/v2\/pages\/10"}],"wp:attachment":[{"href":"https:\/\/people.unipi.it\/alessandro_buono\/wp-json\/wp\/v2\/media?parent=73"}],"curies":[{"name":"wp","href":"https:\/\/api.w.org\/{rel}","templated":true}]}}