{"id":65,"date":"2021-08-04T10:54:09","date_gmt":"2021-08-04T08:54:09","guid":{"rendered":"https:\/\/people.unipi.it\/alessandro_buono\/?page_id=65"},"modified":"2021-08-04T11:17:53","modified_gmt":"2021-08-04T09:17:53","slug":"materialites-citoyennes","status":"publish","type":"page","link":"https:\/\/people.unipi.it\/alessandro_buono\/ricerca\/materialites-citoyennes\/","title":{"rendered":"Mat\u00e9rialit\u00e9s citoyennes"},"content":{"rendered":"\n<p>Visita il sito del progetto: <a href=\"https:\/\/palomed.hypotheses.org\">https:\/\/palomed.hypotheses.org<\/a><\/p>\n\n\n\n<h3 class=\"wp-block-heading\">Mat\u00e9rialit\u00e9s citoyennes.&nbsp;<strong>Un ab\u00e9c\u00e9daire augment\u00e9 (M\u00e9diterran\u00e9e, XVIe-XXIe s.)<\/strong><\/h3>\n\n\n\n<p>Ce projet \u00e9ditorial, fruit d\u2019une longue exp\u00e9rience de recherche interdisciplinaire, vise \u00e0 explorer la fa\u00e7on dont se fa\u00e7onnent les droits qui fondent les appartenances aux communaut\u00e9s politiques en&nbsp;M\u00e9diterran\u00e9e. En de\u00e7\u00e0 de la pr\u00e9rogative, plus ou moins affirm\u00e9e, selon les temps et les lieux,&nbsp;des pouvoirs centraux \u00e0 d\u00e9finir les droits de citoyennet\u00e9 et d\u2019appartenance, notre hypoth\u00e8se est&nbsp;que ces droits se formalisent autour de ressources localis\u00e9es dans la capacit\u00e9 des individus de faire valoir des inscriptions&nbsp; dans des tissus sociaux (famille, travail, voisinage\u2026). Cela nous am\u00e8ne \u00e0 op\u00e9rer une&nbsp;mise \u00e0 distance quant au primat de l\u2019identit\u00e9, au profit d\u2019une conception contractuelle des&nbsp;modes d\u2019adh\u00e9sion \u00e0 la communaut\u00e9 ; et \u00e0 prendre en compte les conditions dans lesquelles se&nbsp;structure une pluralit\u00e9 de stratifications sociales qui r\u00e9sultent des droits d\u201facc\u00e8s in\u00e9gaux aux&nbsp;ressources locales.<\/p>\n\n\n\n<p>Cette perspective impose, dans l\u2019analyse, une attention particuli\u00e8re aux revendications de&nbsp;droits. Nous souhaitons en explorer les modalit\u00e9s en des moments historiques et en des lieux&nbsp;vari\u00e9s du pourtour m\u00e9diterran\u00e9en, de confronter ainsi les \u00e9poques mais aussi les perspectives&nbsp;disciplinaires, en somme les points aveugles qui encadrent trop souvent contextes&nbsp;chronologiques et traditions disciplinaires. De cette fa\u00e7on, l\u2019objectif est de mettre en regard des&nbsp;approches historiques, sociologiques, g\u00e9ographiques, politologiques et anthropologiques sur&nbsp;des soci\u00e9t\u00e9s d\u201f\u00e9poque moderne ou contemporaines, du nord (Espagne, France, Italie) et du sud&nbsp;(Alg\u00e9rie, Egypte, Isra\u00ebl, Liban, Palestine, Tunisie, Turquie) de la M\u00e9diterran\u00e9e. La comparaison&nbsp;constitue le fil rouge d\u2019un projet soucieux de ne pas s\u2019en tenir \u00e0 une simple exposition de cas&nbsp;divers mais, par l\u2019attention port\u00e9e aux ressemblances aussi bien qu\u2019aux diff\u00e9rences, d\u2019\u00e9valuer&nbsp;les d\u00e9placements, en termes de connaissance, qu\u2019une telle approche permet. Cela passe par&nbsp;une r\u00e9flexion renouvel\u00e9e quant aux conditions, aux moyens et aux b\u00e9n\u00e9fices d\u201fune telle&nbsp;op\u00e9ration.<\/p>\n\n\n\n<p>Le travail collectif se concentre sur la mise en forme d\u2019un <em><a href=\"https:\/\/palomed.hypotheses.org\/les-mots-de-lappartenance\">Ab\u00e9c\u00e9daire augment\u00e9<\/a> des mat\u00e9rialit\u00e9s citoyennes<\/em> rendant compte du r\u00f4le des objets, statuts, lieux et institutions saisis dans des situations sp\u00e9cifiques, dans les processus de formalisation et de revendication de droits citoyens, selon une perspective pluridisciplinaire et comparative. La construction d\u2019un tel objet nous para\u00eet \u00eatre le moyen le plus pertinent de&nbsp;prendre part \u00e0 un d\u00e9bat tr\u00e8s actuel en des termes qui combattent les visions culturalistes et&nbsp;\u00e9volutionnistes et entendent leur apporter des alternatives fond\u00e9es.<\/p>\n\n\n\n<p><strong>The project<\/strong><\/p>\n\n\n\n<p>In this research programme we propose to explore how social ties engender rights which, in&nbsp;turn, create different forms of belonging to political communities in the Mediterranean world.&nbsp;Beyond well-known prerogatives provided by a political power in specific times and spaces (as&nbsp;in the definition of the rights of citizenship), our hypothesis is that these rights are formalized&nbsp;and ripen in the ability to enforce registration in the local social fabric (family, labor relations,&nbsp;neighborhood \u2026). Such an approach makes it possible to separate the question of identity from&nbsp;a rather contractual conception of modes of access to the community. Put simply, it takes into&nbsp;account the conditions under which plural forms of social stratification are structuralized as a&nbsp;result of the unequal rights of access to local resources.<\/p>\n\n\n\n<p>This perspective, in our analysis,&nbsp;requires particular attention to different forms of claim to rights. In doing so, we wish to explore&nbsp;different ways of claim-making across time and space in the Mediterranean world. In this way&nbsp;we will confront analytical blind spots that are engendered by geographical or chronological&nbsp;divisions or by traditional disciplinary boundaries. Our aim is to take into account, through&nbsp;historical, sociological, geographical, anthropological and political approaches, the early modern&nbsp;and contemporary societies both in the north (such as Spain, France, Italy) and in the south&nbsp;(Algeria, Egypt, Israel, Lebanon, Palestine, Tunisia, Turkey) of the Mediterranean. Comparative&nbsp;perspective is the common thread of the project, in order to avoid a single exposure of various&nbsp;cases. The project pays attention to similarities as well as differences, assessing the flows in&nbsp;terms of knowledge that such a perspective permits. This requires a renewed reflection on the&nbsp;conditions, means and benefits of such an operation.<\/p>\n\n\n\n<p>The collective work focuses on the shaping of an <em>Augmented&nbsp;<\/em><em>Abecedary of Civical Materialities<\/em>&nbsp;made for enlightening the role of the objects, statutes, places and institutions seized in specific situations, in the processes of formalization and claiming of citizen rights, according to a perspective multidisciplinary and comparative. Finally, the construction of such an object of research and &nbsp;seems to be the&nbsp;most appropriate way to take part in a current debate that challenges culturalist and&nbsp;evolutionary visions and aims to propose more grounded analytical alternatives.<\/p>\n","protected":false},"excerpt":{"rendered":"<p>Visita il sito del progetto: https:\/\/palomed.hypotheses.org Mat\u00e9rialit\u00e9s citoyennes.&nbsp;Un ab\u00e9c\u00e9daire augment\u00e9 (M\u00e9diterran\u00e9e, XVIe-XXIe s.) Ce projet \u00e9ditorial, fruit d\u2019une longue exp\u00e9rience&hellip;<\/p>\n<p><a class=\"btn btn-dark btn-sm unipi-read-more-link\" href=\"https:\/\/people.unipi.it\/alessandro_buono\/ricerca\/materialites-citoyennes\/\">Leggi tutto&#8230;<\/a><\/p>\n","protected":false},"author":626,"featured_media":0,"parent":10,"menu_order":0,"comment_status":"closed","ping_status":"closed","template":"","meta":{"_acf_changed":false,"footnotes":""},"class_list":["post-65","page","type-page","status-publish","hentry"],"acf":[],"featured_image_src":null,"yoast_head":"<!-- This site is optimized with the Yoast SEO plugin v27.6 - https:\/\/yoast.com\/product\/yoast-seo-wordpress\/ -->\n<title>Mat\u00e9rialit\u00e9s citoyennes - Alessandro Buono<\/title>\n<meta name=\"robots\" content=\"index, follow, max-snippet:-1, max-image-preview:large, max-video-preview:-1\" \/>\n<link rel=\"canonical\" href=\"https:\/\/people.unipi.it\/alessandro_buono\/ricerca\/materialites-citoyennes\/\" \/>\n<meta property=\"og:locale\" content=\"it_IT\" \/>\n<meta property=\"og:type\" content=\"article\" \/>\n<meta property=\"og:title\" content=\"Mat\u00e9rialit\u00e9s citoyennes - Alessandro Buono\" \/>\n<meta property=\"og:description\" content=\"Visita il sito del progetto: https:\/\/palomed.hypotheses.org Mat\u00e9rialit\u00e9s citoyennes.&nbsp;Un ab\u00e9c\u00e9daire augment\u00e9 (M\u00e9diterran\u00e9e, XVIe-XXIe s.) Ce projet \u00e9ditorial, fruit d\u2019une longue exp\u00e9rience&hellip;Leggi tutto...\" \/>\n<meta property=\"og:url\" content=\"https:\/\/people.unipi.it\/alessandro_buono\/ricerca\/materialites-citoyennes\/\" \/>\n<meta property=\"og:site_name\" content=\"Alessandro Buono\" \/>\n<meta property=\"article:modified_time\" content=\"2021-08-04T09:17:53+00:00\" \/>\n<meta name=\"twitter:card\" content=\"summary_large_image\" \/>\n<meta name=\"twitter:label1\" content=\"Tempo di lettura stimato\" \/>\n\t<meta name=\"twitter:data1\" content=\"4 minuti\" \/>\n<script type=\"application\/ld+json\" class=\"yoast-schema-graph\">{\"@context\":\"https:\\\/\\\/schema.org\",\"@graph\":[{\"@type\":\"WebPage\",\"@id\":\"https:\\\/\\\/people.unipi.it\\\/alessandro_buono\\\/ricerca\\\/materialites-citoyennes\\\/\",\"url\":\"https:\\\/\\\/people.unipi.it\\\/alessandro_buono\\\/ricerca\\\/materialites-citoyennes\\\/\",\"name\":\"Mat\u00e9rialit\u00e9s citoyennes - Alessandro Buono\",\"isPartOf\":{\"@id\":\"https:\\\/\\\/people.unipi.it\\\/alessandro_buono\\\/#website\"},\"datePublished\":\"2021-08-04T08:54:09+00:00\",\"dateModified\":\"2021-08-04T09:17:53+00:00\",\"breadcrumb\":{\"@id\":\"https:\\\/\\\/people.unipi.it\\\/alessandro_buono\\\/ricerca\\\/materialites-citoyennes\\\/#breadcrumb\"},\"inLanguage\":\"it-IT\",\"potentialAction\":[{\"@type\":\"ReadAction\",\"target\":[\"https:\\\/\\\/people.unipi.it\\\/alessandro_buono\\\/ricerca\\\/materialites-citoyennes\\\/\"]}]},{\"@type\":\"BreadcrumbList\",\"@id\":\"https:\\\/\\\/people.unipi.it\\\/alessandro_buono\\\/ricerca\\\/materialites-citoyennes\\\/#breadcrumb\",\"itemListElement\":[{\"@type\":\"ListItem\",\"position\":1,\"name\":\"Home\",\"item\":\"https:\\\/\\\/people.unipi.it\\\/alessandro_buono\\\/\"},{\"@type\":\"ListItem\",\"position\":2,\"name\":\"Progetti di Ricerca\",\"item\":\"https:\\\/\\\/people.unipi.it\\\/alessandro_buono\\\/ricerca\\\/\"},{\"@type\":\"ListItem\",\"position\":3,\"name\":\"Mat\u00e9rialit\u00e9s citoyennes\"}]},{\"@type\":\"WebSite\",\"@id\":\"https:\\\/\\\/people.unipi.it\\\/alessandro_buono\\\/#website\",\"url\":\"https:\\\/\\\/people.unipi.it\\\/alessandro_buono\\\/\",\"name\":\"Alessandro Buono\",\"description\":\"\",\"potentialAction\":[{\"@type\":\"SearchAction\",\"target\":{\"@type\":\"EntryPoint\",\"urlTemplate\":\"https:\\\/\\\/people.unipi.it\\\/alessandro_buono\\\/?s={search_term_string}\"},\"query-input\":{\"@type\":\"PropertyValueSpecification\",\"valueRequired\":true,\"valueName\":\"search_term_string\"}}],\"inLanguage\":\"it-IT\"}]}<\/script>\n<!-- \/ Yoast SEO plugin. -->","yoast_head_json":{"title":"Mat\u00e9rialit\u00e9s citoyennes - Alessandro Buono","robots":{"index":"index","follow":"follow","max-snippet":"max-snippet:-1","max-image-preview":"max-image-preview:large","max-video-preview":"max-video-preview:-1"},"canonical":"https:\/\/people.unipi.it\/alessandro_buono\/ricerca\/materialites-citoyennes\/","og_locale":"it_IT","og_type":"article","og_title":"Mat\u00e9rialit\u00e9s citoyennes - Alessandro Buono","og_description":"Visita il sito del progetto: https:\/\/palomed.hypotheses.org Mat\u00e9rialit\u00e9s citoyennes.&nbsp;Un ab\u00e9c\u00e9daire augment\u00e9 (M\u00e9diterran\u00e9e, XVIe-XXIe s.) Ce projet \u00e9ditorial, fruit d\u2019une longue exp\u00e9rience&hellip;Leggi tutto...","og_url":"https:\/\/people.unipi.it\/alessandro_buono\/ricerca\/materialites-citoyennes\/","og_site_name":"Alessandro Buono","article_modified_time":"2021-08-04T09:17:53+00:00","twitter_card":"summary_large_image","twitter_misc":{"Tempo di lettura stimato":"4 minuti"},"schema":{"@context":"https:\/\/schema.org","@graph":[{"@type":"WebPage","@id":"https:\/\/people.unipi.it\/alessandro_buono\/ricerca\/materialites-citoyennes\/","url":"https:\/\/people.unipi.it\/alessandro_buono\/ricerca\/materialites-citoyennes\/","name":"Mat\u00e9rialit\u00e9s citoyennes - Alessandro Buono","isPartOf":{"@id":"https:\/\/people.unipi.it\/alessandro_buono\/#website"},"datePublished":"2021-08-04T08:54:09+00:00","dateModified":"2021-08-04T09:17:53+00:00","breadcrumb":{"@id":"https:\/\/people.unipi.it\/alessandro_buono\/ricerca\/materialites-citoyennes\/#breadcrumb"},"inLanguage":"it-IT","potentialAction":[{"@type":"ReadAction","target":["https:\/\/people.unipi.it\/alessandro_buono\/ricerca\/materialites-citoyennes\/"]}]},{"@type":"BreadcrumbList","@id":"https:\/\/people.unipi.it\/alessandro_buono\/ricerca\/materialites-citoyennes\/#breadcrumb","itemListElement":[{"@type":"ListItem","position":1,"name":"Home","item":"https:\/\/people.unipi.it\/alessandro_buono\/"},{"@type":"ListItem","position":2,"name":"Progetti di Ricerca","item":"https:\/\/people.unipi.it\/alessandro_buono\/ricerca\/"},{"@type":"ListItem","position":3,"name":"Mat\u00e9rialit\u00e9s citoyennes"}]},{"@type":"WebSite","@id":"https:\/\/people.unipi.it\/alessandro_buono\/#website","url":"https:\/\/people.unipi.it\/alessandro_buono\/","name":"Alessandro Buono","description":"","potentialAction":[{"@type":"SearchAction","target":{"@type":"EntryPoint","urlTemplate":"https:\/\/people.unipi.it\/alessandro_buono\/?s={search_term_string}"},"query-input":{"@type":"PropertyValueSpecification","valueRequired":true,"valueName":"search_term_string"}}],"inLanguage":"it-IT"}]}},"_links":{"self":[{"href":"https:\/\/people.unipi.it\/alessandro_buono\/wp-json\/wp\/v2\/pages\/65","targetHints":{"allow":["GET"]}}],"collection":[{"href":"https:\/\/people.unipi.it\/alessandro_buono\/wp-json\/wp\/v2\/pages"}],"about":[{"href":"https:\/\/people.unipi.it\/alessandro_buono\/wp-json\/wp\/v2\/types\/page"}],"author":[{"embeddable":true,"href":"https:\/\/people.unipi.it\/alessandro_buono\/wp-json\/wp\/v2\/users\/626"}],"replies":[{"embeddable":true,"href":"https:\/\/people.unipi.it\/alessandro_buono\/wp-json\/wp\/v2\/comments?post=65"}],"version-history":[{"count":5,"href":"https:\/\/people.unipi.it\/alessandro_buono\/wp-json\/wp\/v2\/pages\/65\/revisions"}],"predecessor-version":[{"id":92,"href":"https:\/\/people.unipi.it\/alessandro_buono\/wp-json\/wp\/v2\/pages\/65\/revisions\/92"}],"up":[{"embeddable":true,"href":"https:\/\/people.unipi.it\/alessandro_buono\/wp-json\/wp\/v2\/pages\/10"}],"wp:attachment":[{"href":"https:\/\/people.unipi.it\/alessandro_buono\/wp-json\/wp\/v2\/media?parent=65"}],"curies":[{"name":"wp","href":"https:\/\/api.w.org\/{rel}","templated":true}]}}